{"id":22986,"date":"2025-11-13T11:49:51","date_gmt":"2025-11-13T11:49:51","guid":{"rendered":"https:\/\/www.electroluxprofessional.com\/tr\/?page_id=22986"},"modified":"2025-11-13T11:51:48","modified_gmt":"2025-11-13T11:51:48","slug":"moduler-pisirme-yeni-bir-cag","status":"publish","type":"page","link":"https:\/\/www.electroluxprofessional.com\/tr\/moduler-pisirme-yeni-bir-cag\/","title":{"rendered":"Mod\u00fcler Pi\u015firme &#8211; Yeni bir \u00c7a\u011f"},"content":{"rendered":"<p>[vc_row][vc_column][elx_heading font_size=&#8221;h3&#8243; text_color=&#8221;inherit&#8221; text_align=&#8221;text-center&#8221;]\u00d6n sipari\u015f i\u00e7in erken eri\u015fim sa\u011flamak \u00fczere kaydolun<\/p>\n<p>\u00dcr\u00fcnlerimizdeki yenilikleri ilk ke\u015ffeden siz olun[\/elx_heading][elx_o2000_contact_us s=&#8221;Request access to modular cooking e-XP &#8211; pre-order phase&#8221; campaign=&#8221;701SX00000Tgl0EYAR&#8221; flag_campaign=&#8221;true&#8221; flag_hide_request_type=&#8221;true&#8221; b=&#8221;food&#8221; container=&#8221;elxcontactus1466429401&#8243; r=&#8221;I want to get early access to modular cooking e-XP &#8211; pre-order phase&#8221;][\/vc_column][\/vc_row]<\/p>\n","protected":false},"excerpt":{"rendered":"<p>[vc_row][vc_column][elx_heading font_size=&#8221;h3&#8243; text_color=&#8221;inherit&#8221; text_align=&#8221;text-center&#8221;]\u00d6n sipari\u015f i\u00e7in erken eri\u015fim sa\u011flamak \u00fczere kaydolun \u00dcr\u00fcnlerimizdeki yenilikleri ilk ke\u015ffeden siz olun[\/elx_heading][elx_o2000_contact_us s=&#8221;Request access to modular cooking e-XP &#8211; pre-order phase&#8221; campaign=&#8221;701SX00000Tgl0EYAR&#8221; flag_campaign=&#8221;true&#8221; flag_hide_request_type=&#8221;true&#8221; b=&#8221;food&#8221; container=&#8221;elxcontactus1466429401&#8243; r=&#8221;I want to get early access to modular cooking e-XP &#8211; pre-order phase&#8221;][\/vc_column][\/vc_row]<\/p>\n","protected":false},"author":64,"featured_media":0,"parent":0,"menu_order":0,"comment_status":"closed","ping_status":"closed","template":"template-retargeting.php","meta":{"footnotes":""},"class_list":["post-22986","page","type-page","status-publish","hentry"],"acf":[],"yoast_head":"<!-- This site is optimized with the Yoast SEO plugin v23.3 - https:\/\/yoast.com\/wordpress\/plugins\/seo\/ -->\n<title>Mod\u00fcler Pi\u015firme - Yeni bir \u00c7a\u011f - Electrolux Professional T\u00fcrkiye<\/title>\n<meta name=\"robots\" content=\"index, follow, max-snippet:-1, max-image-preview:large, max-video-preview:-1\" \/>\n<link rel=\"canonical\" href=\"https:\/\/www.electroluxprofessional.com\/tr\/moduler-pisirme-yeni-bir-cag\/\" \/>\n<meta property=\"og:locale\" content=\"tr_TR\" \/>\n<meta property=\"og:type\" content=\"article\" \/>\n<meta property=\"og:title\" content=\"Mod\u00fcler Pi\u015firme - Yeni bir \u00c7a\u011f - Electrolux Professional T\u00fcrkiye\" \/>\n<meta property=\"og:description\" content=\"[vc_row][vc_column][elx_heading font_size=&#8221;h3&#8243; text_color=&#8221;inherit&#8221; text_align=&#8221;text-center&#8221;]\u00d6n sipari\u015f i\u00e7in erken eri\u015fim sa\u011flamak \u00fczere kaydolun \u00dcr\u00fcnlerimizdeki yenilikleri ilk ke\u015ffeden siz olun[\/elx_heading][elx_o2000_contact_us s=&#8221;Request access to modular cooking e-XP &#8211; pre-order phase&#8221; campaign=&#8221;701SX00000Tgl0EYAR&#8221; flag_campaign=&#8221;true&#8221; flag_hide_request_type=&#8221;true&#8221; b=&#8221;food&#8221; container=&#8221;elxcontactus1466429401&#8243; r=&#8221;I want to get early access to modular cooking e-XP &#8211; pre-order phase&#8221;][\/vc_column][\/vc_row]\" \/>\n<meta property=\"og:url\" content=\"https:\/\/www.electroluxprofessional.com\/tr\/moduler-pisirme-yeni-bir-cag\/\" \/>\n<meta property=\"og:site_name\" content=\"Electrolux Professional T\u00fcrkiye\" \/>\n<meta property=\"article:modified_time\" content=\"2025-11-13T11:51:48+00:00\" \/>\n<meta name=\"twitter:card\" content=\"summary_large_image\" \/>\n<meta name=\"twitter:label1\" content=\"Tahmini okuma s\u00fcresi\" \/>\n\t<meta name=\"twitter:data1\" content=\"1 dakika\" \/>\n<script type=\"application\/ld+json\" class=\"yoast-schema-graph\">{\"@context\":\"https:\/\/schema.org\",\"@graph\":[{\"@type\":\"WebPage\",\"@id\":\"https:\/\/www.electroluxprofessional.com\/tr\/moduler-pisirme-yeni-bir-cag\/\",\"url\":\"https:\/\/www.electroluxprofessional.com\/tr\/moduler-pisirme-yeni-bir-cag\/\",\"name\":\"Mod\u00fcler Pi\u015firme - Yeni bir \u00c7a\u011f - Electrolux Professional T\u00fcrkiye\",\"isPartOf\":{\"@id\":\"https:\/\/www.electroluxprofessional.com\/tr\/#website\"},\"datePublished\":\"2025-11-13T11:49:51+00:00\",\"dateModified\":\"2025-11-13T11:51:48+00:00\",\"breadcrumb\":{\"@id\":\"https:\/\/www.electroluxprofessional.com\/tr\/moduler-pisirme-yeni-bir-cag\/#breadcrumb\"},\"inLanguage\":\"tr\",\"potentialAction\":[{\"@type\":\"ReadAction\",\"target\":[\"https:\/\/www.electroluxprofessional.com\/tr\/moduler-pisirme-yeni-bir-cag\/\"]}]},{\"@type\":\"BreadcrumbList\",\"@id\":\"https:\/\/www.electroluxprofessional.com\/tr\/moduler-pisirme-yeni-bir-cag\/#breadcrumb\",\"itemListElement\":[{\"@type\":\"ListItem\",\"position\":1,\"name\":\"Home\",\"item\":\"https:\/\/www.electroluxprofessional.com\/tr\/\"},{\"@type\":\"ListItem\",\"position\":2,\"name\":\"Mod\u00fcler Pi\u015firme &#8211; Yeni bir \u00c7a\u011f\"}]},{\"@type\":\"WebSite\",\"@id\":\"https:\/\/www.electroluxprofessional.com\/tr\/#website\",\"url\":\"https:\/\/www.electroluxprofessional.com\/tr\/\",\"name\":\"Electrolux Professional T\u00fcrkiye\",\"description\":\"\",\"potentialAction\":[{\"@type\":\"SearchAction\",\"target\":{\"@type\":\"EntryPoint\",\"urlTemplate\":\"https:\/\/www.electroluxprofessional.com\/tr\/?src={search_term_string}\"},\"query-input\":\"required name=search_term_string\"}],\"inLanguage\":\"tr\"}]}<\/script>\n<!-- \/ Yoast SEO plugin. -->","yoast_head_json":{"title":"Mod\u00fcler Pi\u015firme - Yeni bir \u00c7a\u011f - Electrolux Professional T\u00fcrkiye","robots":{"index":"index","follow":"follow","max-snippet":"max-snippet:-1","max-image-preview":"max-image-preview:large","max-video-preview":"max-video-preview:-1"},"canonical":"https:\/\/www.electroluxprofessional.com\/tr\/moduler-pisirme-yeni-bir-cag\/","og_locale":"tr_TR","og_type":"article","og_title":"Mod\u00fcler Pi\u015firme - Yeni bir \u00c7a\u011f - Electrolux Professional T\u00fcrkiye","og_description":"[vc_row][vc_column][elx_heading font_size=&#8221;h3&#8243; text_color=&#8221;inherit&#8221; text_align=&#8221;text-center&#8221;]\u00d6n sipari\u015f i\u00e7in erken eri\u015fim sa\u011flamak \u00fczere kaydolun \u00dcr\u00fcnlerimizdeki yenilikleri ilk ke\u015ffeden siz olun[\/elx_heading][elx_o2000_contact_us s=&#8221;Request access to modular cooking e-XP &#8211; pre-order phase&#8221; campaign=&#8221;701SX00000Tgl0EYAR&#8221; flag_campaign=&#8221;true&#8221; flag_hide_request_type=&#8221;true&#8221; b=&#8221;food&#8221; container=&#8221;elxcontactus1466429401&#8243; r=&#8221;I want to get early access to modular cooking e-XP &#8211; pre-order phase&#8221;][\/vc_column][\/vc_row]","og_url":"https:\/\/www.electroluxprofessional.com\/tr\/moduler-pisirme-yeni-bir-cag\/","og_site_name":"Electrolux Professional T\u00fcrkiye","article_modified_time":"2025-11-13T11:51:48+00:00","twitter_card":"summary_large_image","twitter_misc":{"Tahmini okuma s\u00fcresi":"1 dakika"},"schema":{"@context":"https:\/\/schema.org","@graph":[{"@type":"WebPage","@id":"https:\/\/www.electroluxprofessional.com\/tr\/moduler-pisirme-yeni-bir-cag\/","url":"https:\/\/www.electroluxprofessional.com\/tr\/moduler-pisirme-yeni-bir-cag\/","name":"Mod\u00fcler Pi\u015firme - Yeni bir \u00c7a\u011f - Electrolux Professional T\u00fcrkiye","isPartOf":{"@id":"https:\/\/www.electroluxprofessional.com\/tr\/#website"},"datePublished":"2025-11-13T11:49:51+00:00","dateModified":"2025-11-13T11:51:48+00:00","breadcrumb":{"@id":"https:\/\/www.electroluxprofessional.com\/tr\/moduler-pisirme-yeni-bir-cag\/#breadcrumb"},"inLanguage":"tr","potentialAction":[{"@type":"ReadAction","target":["https:\/\/www.electroluxprofessional.com\/tr\/moduler-pisirme-yeni-bir-cag\/"]}]},{"@type":"BreadcrumbList","@id":"https:\/\/www.electroluxprofessional.com\/tr\/moduler-pisirme-yeni-bir-cag\/#breadcrumb","itemListElement":[{"@type":"ListItem","position":1,"name":"Home","item":"https:\/\/www.electroluxprofessional.com\/tr\/"},{"@type":"ListItem","position":2,"name":"Mod\u00fcler Pi\u015firme &#8211; Yeni bir \u00c7a\u011f"}]},{"@type":"WebSite","@id":"https:\/\/www.electroluxprofessional.com\/tr\/#website","url":"https:\/\/www.electroluxprofessional.com\/tr\/","name":"Electrolux Professional T\u00fcrkiye","description":"","potentialAction":[{"@type":"SearchAction","target":{"@type":"EntryPoint","urlTemplate":"https:\/\/www.electroluxprofessional.com\/tr\/?src={search_term_string}"},"query-input":"required name=search_term_string"}],"inLanguage":"tr"}]}},"_links":{"self":[{"href":"https:\/\/www.electroluxprofessional.com\/tr\/wp-json\/wp\/v2\/pages\/22986"}],"collection":[{"href":"https:\/\/www.electroluxprofessional.com\/tr\/wp-json\/wp\/v2\/pages"}],"about":[{"href":"https:\/\/www.electroluxprofessional.com\/tr\/wp-json\/wp\/v2\/types\/page"}],"author":[{"embeddable":true,"href":"https:\/\/www.electroluxprofessional.com\/tr\/wp-json\/wp\/v2\/users\/64"}],"replies":[{"embeddable":true,"href":"https:\/\/www.electroluxprofessional.com\/tr\/wp-json\/wp\/v2\/comments?post=22986"}],"version-history":[{"count":1,"href":"https:\/\/www.electroluxprofessional.com\/tr\/wp-json\/wp\/v2\/pages\/22986\/revisions"}],"predecessor-version":[{"id":22987,"href":"https:\/\/www.electroluxprofessional.com\/tr\/wp-json\/wp\/v2\/pages\/22986\/revisions\/22987"}],"wp:attachment":[{"href":"https:\/\/www.electroluxprofessional.com\/tr\/wp-json\/wp\/v2\/media?parent=22986"}],"curies":[{"name":"wp","href":"https:\/\/api.w.org\/{rel}","templated":true}]}}

Modüler Pişirme &#8211; Yeni bir Çağ

<p>[vc_row][vc_column][elx_heading font_size=&#8221;h3&#8243; text_color=&#8221;inherit&#8221; text_align=&#8221;text-center&#8221;]Ön sipariş için erken erişim sağlamak üzere kaydolun</p>
<p>Ürünlerimizdeki yenilikleri ilk keşfeden siz olun[/elx_heading][elx_o2000_contact_us s=&#8221;Request access to modular cooking e-XP &#8211; pre-order phase&#8221; campaign=&#8221;701SX00000Tgl0EYAR&#8221; flag_campaign=&#8221;true&#8221; flag_hide_request_type=&#8221;true&#8221; b=&#8221;food&#8221; container=&#8221;elxcontactus1466429401&#8243; r=&#8221;I want to get early access to modular cooking e-XP &#8211; pre-order phase&#8221;][/vc_column][/vc_row]</p>

<p>[vc_row][vc_column][elx_heading font_size=&#8221;h3&#8243; text_color=&#8221;inherit&#8221; text_align=&#8221;text-center&#8221;]Ön sipariş için erken erişim sağlamak üzere kaydolun Ürünlerimizdeki yenilikleri ilk keşfeden siz olun[/elx_heading][elx_o2000_contact_us s=&#8221;Request access to modular cooking e-XP &#8211; pre-order phase&#8221; campaign=&#8221;701SX00000Tgl0EYAR&#8221; flag_campaign=&#8221;true&#8221; flag_hide_request_type=&#8221;true&#8221; b=&#8221;food&#8221; container=&#8221;elxcontactus1466429401&#8243; r=&#8221;I want to get early access to modular cooking e-XP &#8211; pre-order phase&#8221;][/vc_column][/vc_row]</p>

<!-- This site is optimized with the Yoast SEO plugin v23.3 - https://yoast.com/wordpress/plugins/seo/ -->
<title>Modüler Pişirme - Yeni bir Çağ - Electrolux Professional Türkiye</title>
<meta name="robots" content="index, follow, max-snippet:-1, max-image-preview:large, max-video-preview:-1" />
<link rel="canonical" href="https://www.electroluxprofessional.com/tr/moduler-pisirme-yeni-bir-cag/" />
<meta property="og:locale" content="tr_TR" />
<meta property="og:type" content="article" />
<meta property="og:title" content="Modüler Pişirme - Yeni bir Çağ - Electrolux Professional Türkiye" />
<meta property="og:description" content="[vc_row][vc_column][elx_heading font_size=&#8221;h3&#8243; text_color=&#8221;inherit&#8221; text_align=&#8221;text-center&#8221;]Ön sipariş için erken erişim sağlamak üzere kaydolun Ürünlerimizdeki yenilikleri ilk keşfeden siz olun[/elx_heading][elx_o2000_contact_us s=&#8221;Request access to modular cooking e-XP &#8211; pre-order phase&#8221; campaign=&#8221;701SX00000Tgl0EYAR&#8221; flag_campaign=&#8221;true&#8221; flag_hide_request_type=&#8221;true&#8221; b=&#8221;food&#8221; container=&#8221;elxcontactus1466429401&#8243; r=&#8221;I want to get early access to modular cooking e-XP &#8211; pre-order phase&#8221;][/vc_column][/vc_row]" />
<meta property="og:url" content="https://www.electroluxprofessional.com/tr/moduler-pisirme-yeni-bir-cag/" />
<meta property="og:site_name" content="Electrolux Professional Türkiye" />
<meta property="article:modified_time" content="2025-11-13T11:51:48+00:00" />
<meta name="twitter:card" content="summary_large_image" />
<meta name="twitter:label1" content="Tahmini okuma süresi" />
	<meta name="twitter:data1" content="1 dakika" />
<script type="application/ld+json" class="yoast-schema-graph">{"@context":"https://schema.org","@graph":[{"@type":"WebPage","@id":"https://www.electroluxprofessional.com/tr/moduler-pisirme-yeni-bir-cag/","url":"https://www.electroluxprofessional.com/tr/moduler-pisirme-yeni-bir-cag/","name":"Modüler Pişirme - Yeni bir Çağ - Electrolux Professional Türkiye","isPartOf":{"@id":"https://www.electroluxprofessional.com/tr/#website"},"datePublished":"2025-11-13T11:49:51+00:00","dateModified":"2025-11-13T11:51:48+00:00","breadcrumb":{"@id":"https://www.electroluxprofessional.com/tr/moduler-pisirme-yeni-bir-cag/#breadcrumb"},"inLanguage":"tr","potentialAction":[{"@type":"ReadAction","target":["https://www.electroluxprofessional.com/tr/moduler-pisirme-yeni-bir-cag/"]}]},{"@type":"BreadcrumbList","@id":"https://www.electroluxprofessional.com/tr/moduler-pisirme-yeni-bir-cag/#breadcrumb","itemListElement":[{"@type":"ListItem","position":1,"name":"Home","item":"https://www.electroluxprofessional.com/tr/"},{"@type":"ListItem","position":2,"name":"Modüler Pişirme &#8211; Yeni bir Çağ"}]},{"@type":"WebSite","@id":"https://www.electroluxprofessional.com/tr/#website","url":"https://www.electroluxprofessional.com/tr/","name":"Electrolux Professional Türkiye","description":"","potentialAction":[{"@type":"SearchAction","target":{"@type":"EntryPoint","urlTemplate":"https://www.electroluxprofessional.com/tr/?src={search_term_string}"},"query-input":"required name=search_term_string"}],"inLanguage":"tr"}]}</script>
<!-- / Yoast SEO plugin. -->

Modüler Pişirme - Yeni bir Çağ - Electrolux Professional Türkiye

[vc_row][vc_column][elx_heading font_size=&#8221;h3&#8243; text_color=&#8221;inherit&#8221; text_align=&#8221;text-center&#8221;]Ön sipariş için erken erişim sağlamak üzere kaydolun Ürünlerimizdeki yenilikleri ilk keşfeden siz olun[/elx_heading][elx_o2000_contact_us s=&#8221;Request access to modular cooking e-XP &#8211; pre-order phase&#8221; campaign=&#8221;701SX00000Tgl0EYAR&#8221; flag_campaign=&#8221;true&#8221; flag_hide_request_type=&#8221;true&#8221; b=&#8221;food&#8221; container=&#8221;elxcontactus1466429401&#8243; r=&#8221;I want to get early access to modular cooking e-XP &#8211; pre-order phase&#8221;][/vc_column][/vc_row]

Electrolux Professional Türkiye
