{"id":4416,"date":"2017-09-12T10:48:39","date_gmt":"2017-09-12T09:48:39","guid":{"rendered":"https:\/\/www.electroluxprofessional.com\/?page_id=13208"},"modified":"2025-05-13T14:07:07","modified_gmt":"2025-05-13T13:07:07","slug":"host-2017","status":"publish","type":"page","link":"https:\/\/www.electroluxprofessional.com\/se\/host-2017\/","title":{"rendered":"Host 2017"},"content":{"rendered":"<p>[vc_row full_width=&#8221;electroluxpro-full-width-no-padding&#8221;][vc_column][elx_hero_slider label_text_color=&#8221;inherit&#8221; images=&#8221;4415&#8243;][elx_heading font_size=&#8221;h3&#8243; text_color=&#8221;inherit&#8221;]Host 2017[\/elx_heading][elx_heading font_size=&#8221;h4&#8243; text_color=&#8221;inherit&#8221;]Paviljong 2,<br \/>\nMonter L32 M23[\/elx_heading][elx_heading font_size=&#8221;h5&#8243; text_color=&#8221;inherit&#8221;]Oktober 20-24<br \/>\nfieramilano &#8211; Milano, Italien<br \/>\n[\/elx_heading][\/elx_hero_slider][\/vc_column][\/vc_row][vc_row][vc_column][vc_empty_space][\/vc_column][\/vc_row][vc_row][vc_column width=&#8221;2\/3&#8243;][elx_heading font_size=&#8221;h3&#8243; text_color=&#8221;orange&#8221;]G\u00f6r oss s\u00e4llskap p\u00e5 HOST 2017[\/elx_heading][vc_column_text]En trio av digitala kiosker ger chansen att uppleva en snabb, exakt och professionell upplevelse i v\u00e5r monter. Kom och tr\u00e4ffa passionerade anv\u00e4ndare av Electrolux Professional utrustning och upplev en k\u00f6ks- eller tv\u00e4ttl\u00f6sning som uppn\u00e5r o\u00f6vertr\u00e4ffade resultat med minimalt avfall.[\/vc_column_text][elx_heading font_container=&#8221;h1&#8243; font_size=&#8221;h4&#8243; text_color=&#8221;duck-egg&#8221;]Electrolux Professional bem\u00e4strar det nya k\u00f6ket och det nya tv\u00e4ttrummet <b>p\u00e5 Host 2017<\/b>[\/elx_heading][vc_column_text]<strong>F\u00f6r smidigare, friskare och i slut\u00e4ndan mer l\u00f6nsam verksamhet<\/strong>[\/vc_column_text][vc_column_text]Ett socialt experiment av Electrolux Professional fann att stora f\u00f6rb\u00e4ttringar kan skapas genom en mer h\u00e5llbar balans mellan arbete och fritid. Med bakgrund av detta kommer \u00e5rets utst\u00e4llning g\u00f6ra det m\u00f6jligt f\u00f6r bes\u00f6kare att ta reda p\u00e5 hur de med l\u00e4tthet kan uppn\u00e5 sina \u00f6nskade resultat.<\/p>\n<p>Genom exklusiva demonstrationer av v\u00e5ra mest innovativa l\u00f6sningar och <strong>digitala upplevelser<\/strong>, kommer bes\u00f6kare till Electrolux monter kunna uppleva hur skapandet av mer h\u00e5llbara och effektiva k\u00f6ks- och tv\u00e4ttl\u00f6sningar \u00e4r nyckeln till att f\u00f6rb\u00e4ttra arbetslivsbalansen f\u00f6r kockar och personal, samtidigt som <strong>verksamheten blir smidigare och mer l\u00f6nsam.<\/strong>[\/vc_column_text][\/vc_column][vc_column width=&#8221;1\/3&#8243;][vc_empty_space][vc_single_image image=&#8221;4414&#8243; img_size=&#8221;full&#8221;][\/vc_column][\/vc_row][vc_row][vc_column][vc_empty_space][elx_heading font_size=&#8221;h3&#8243; text_color=&#8221;inherit&#8221;]St\u00e4ll in din personliga p\u00e5minnelse f\u00f6r HOST 2017 [\/elx_heading][elx_heading font_container=&#8221;h4&#8243; font_size=&#8221;h4&#8243; text_color=&#8221;inherit&#8221;]SMS och e-postmeddelanden, gratis[\/elx_heading][vc_empty_space][vc_raw_js]JTNDbGluayUyMHJlbCUzRCUyMnN0eWxlc2hlZXQlMjIlMjB0eXBlJTNEJTIydGV4dCUyRmNzcyUyMiUyMGhyZWYlM0QlMjJodHRwcyUzQSUyRiUyRnd3dy5lcHItYXBwcy5jb20lMkZ3aWRnZXRzJTJGY29udGFjdHMtYW5kLWxvY2F0b3JzJTJGZm9ybXMlMkZtb2JpbGUlMkZpbmMlMkZjc3MlMkZtYWluLm1pbi5jc3MlMjIlM0UlMEElM0NzY3JpcHQlMjBzcmMlM0QlMjJodHRwcyUzQSUyRiUyRnd3dy5lcHItYXBwcy5jb20lMkZ3aWRnZXRzJTJGY29udGFjdHMtYW5kLWxvY2F0b3JzJTJGZm9ybXMlMkZtb2JpbGUlMkZleGhpYml0aW9ucyUyRm1haW4ubWluLmpzJTIyJTIwdHlwZSUzRCUyMnRleHQlMkZqYXZhc2NyaXB0JTIyJTNFJTNDJTJGc2NyaXB0JTNFJTBBJTBBJTBBJTNDc2NyaXB0JTIwdHlwZSUzRCUyMnRleHQlMkZqYXZhc2NyaXB0JTIyJTNFJTJGJTJGJTIwJTNDJTIxJTVCQ0RBVEElNUIlMEF2YXIlMjBvbWVnYTIwMDBfc2V0dGluZ3MxJTIwJTNEJTIwJTdCJTBBJTIwJTIwJTIwJTIwZW1haWwlM0ElMjAlMjdkYXZpZGUucGFzcXVhbGF0byU0MGVsZWN0cm9sdXguY29tJTI3JTJDJTBBJTIwJTIwJTIwJTIwbGFuZ3VhZ2UlM0ElMjAlMjdzZSUyNyUyQyUwQSUyMCUyMCUyMCUyMGNvbnRhaW5lciUzQSUyMCUyN2VsZWN0cm9sdXhfZm9ybV9ob3N0JTI3JTBBJTdEJTBBJTBBJTBBd2luZG93Lm9ubG9hZCUyMCUzRCUyMG9uTG9hZGJvb3RzdHJhcEV4aGliaXRpb24lMjhvbWVnYTIwMDBfc2V0dGluZ3MxJTI5JTNCJTBBJTJGJTJGJTIwJTVEJTVEJTNFJTNDJTJGc2NyaXB0JTNFJTBBJTNDZGl2JTIwaWQlM0QlMjJlbGVjdHJvbHV4X2Zvcm1faG9zdCUyMiUzRSUzQyUyRmRpdiUzRSUwQQ==[\/vc_raw_js][\/vc_column][\/vc_row][vc_row][vc_column width=&#8221;1\/3&#8243;][\/vc_column][vc_column width=&#8221;1\/3&#8243;][\/vc_column][\/vc_row]<\/p>\n","protected":false},"excerpt":{"rendered":"<p>[vc_row full_width=&#8221;electroluxpro-full-width-no-padding&#8221;][vc_column][elx_hero_slider label_text_color=&#8221;inherit&#8221; images=&#8221;4415&#8243;][elx_heading font_size=&#8221;h3&#8243; text_color=&#8221;inherit&#8221;]Host 2017[\/elx_heading][elx_heading font_size=&#8221;h4&#8243; text_color=&#8221;inherit&#8221;]Paviljong 2, Monter L32 M23[\/elx_heading][elx_heading font_size=&#8221;h5&#8243; text_color=&#8221;inherit&#8221;]Oktober 20-24 fieramilano &#8211; Milano, Italien [\/elx_heading][\/elx_hero_slider][\/vc_column][\/vc_row][vc_row][vc_column][vc_empty_space][\/vc_column][\/vc_row][vc_row][vc_column width=&#8221;2\/3&#8243;][elx_heading font_size=&#8221;h3&#8243; text_color=&#8221;orange&#8221;]G\u00f6r oss s\u00e4llskap p\u00e5 HOST 2017[\/elx_heading][vc_column_text]En trio av digitala kiosker ger chansen att uppleva en snabb, exakt och professionell upplevelse i v\u00e5r monter. Kom och tr\u00e4ffa passionerade anv\u00e4ndare av Electrolux Professional utrustning [&hellip;]<\/p>\n","protected":false},"author":4,"featured_media":0,"parent":0,"menu_order":0,"comment_status":"closed","ping_status":"closed","template":"","meta":{"footnotes":""},"class_list":["post-4416","page","type-page","status-publish","hentry"],"acf":[],"yoast_head":"<!-- This site is optimized with the Yoast SEO plugin v23.3 - https:\/\/yoast.com\/wordpress\/plugins\/seo\/ -->\n<title>Host 2017 - Electrolux Professional Sverige<\/title>\n<meta name=\"description\" content=\"Electrolux Professional presenterar innovativa l\u00f6sningar f\u00f6r h\u00e5llbara och effektiva k\u00f6k- och tv\u00e4ttprocesser p\u00e5 HOST 2017.\" \/>\n<meta name=\"robots\" content=\"index, follow, max-snippet:-1, max-image-preview:large, max-video-preview:-1\" \/>\n<link rel=\"canonical\" href=\"https:\/\/www.electroluxprofessional.com\/se\/host-2017\/\" \/>\n<meta property=\"og:locale\" content=\"sv_SE\" \/>\n<meta property=\"og:type\" content=\"article\" \/>\n<meta property=\"og:title\" content=\"Host 2017 - Electrolux Professional Sverige\" \/>\n<meta property=\"og:description\" content=\"Electrolux Professional presenterar innovativa l\u00f6sningar f\u00f6r h\u00e5llbara och effektiva k\u00f6k- och tv\u00e4ttprocesser p\u00e5 HOST 2017.\" \/>\n<meta property=\"og:url\" content=\"https:\/\/www.electroluxprofessional.com\/se\/host-2017\/\" \/>\n<meta property=\"og:site_name\" content=\"Electrolux Professional Sverige\" \/>\n<meta property=\"article:modified_time\" content=\"2025-05-13T13:07:07+00:00\" \/>\n<meta name=\"twitter:card\" content=\"summary_large_image\" \/>\n<meta name=\"twitter:label1\" content=\"Ber\u00e4knad l\u00e4stid\" \/>\n\t<meta name=\"twitter:data1\" content=\"2 minuter\" \/>\n<script type=\"application\/ld+json\" class=\"yoast-schema-graph\">{\"@context\":\"https:\/\/schema.org\",\"@graph\":[{\"@type\":\"WebPage\",\"@id\":\"https:\/\/www.electroluxprofessional.com\/se\/host-2017\/\",\"url\":\"https:\/\/www.electroluxprofessional.com\/se\/host-2017\/\",\"name\":\"Host 2017 - Electrolux Professional Sverige\",\"isPartOf\":{\"@id\":\"https:\/\/www.electroluxprofessional.com\/se\/#website\"},\"datePublished\":\"2017-09-12T09:48:39+00:00\",\"dateModified\":\"2025-05-13T13:07:07+00:00\",\"description\":\"Electrolux Professional presenterar innovativa l\u00f6sningar f\u00f6r h\u00e5llbara och effektiva k\u00f6k- och tv\u00e4ttprocesser p\u00e5 HOST 2017.\",\"breadcrumb\":{\"@id\":\"https:\/\/www.electroluxprofessional.com\/se\/host-2017\/#breadcrumb\"},\"inLanguage\":\"sv-SE\",\"potentialAction\":[{\"@type\":\"ReadAction\",\"target\":[\"https:\/\/www.electroluxprofessional.com\/se\/host-2017\/\"]}]},{\"@type\":\"BreadcrumbList\",\"@id\":\"https:\/\/www.electroluxprofessional.com\/se\/host-2017\/#breadcrumb\",\"itemListElement\":[{\"@type\":\"ListItem\",\"position\":1,\"name\":\"Home\",\"item\":\"https:\/\/www.electroluxprofessional.com\/se\/\"},{\"@type\":\"ListItem\",\"position\":2,\"name\":\"Host 2017\"}]},{\"@type\":\"WebSite\",\"@id\":\"https:\/\/www.electroluxprofessional.com\/se\/#website\",\"url\":\"https:\/\/www.electroluxprofessional.com\/se\/\",\"name\":\"Electrolux Professional Sverige\",\"description\":\"\",\"potentialAction\":[{\"@type\":\"SearchAction\",\"target\":{\"@type\":\"EntryPoint\",\"urlTemplate\":\"https:\/\/www.electroluxprofessional.com\/se\/?src={search_term_string}\"},\"query-input\":\"required name=search_term_string\"}],\"inLanguage\":\"sv-SE\"}]}<\/script>\n<!-- \/ Yoast SEO plugin. -->","yoast_head_json":{"title":"Host 2017 - Electrolux Professional Sverige","description":"Electrolux Professional presenterar innovativa l\u00f6sningar f\u00f6r h\u00e5llbara och effektiva k\u00f6k- och tv\u00e4ttprocesser p\u00e5 HOST 2017.","robots":{"index":"index","follow":"follow","max-snippet":"max-snippet:-1","max-image-preview":"max-image-preview:large","max-video-preview":"max-video-preview:-1"},"canonical":"https:\/\/www.electroluxprofessional.com\/se\/host-2017\/","og_locale":"sv_SE","og_type":"article","og_title":"Host 2017 - Electrolux Professional Sverige","og_description":"Electrolux Professional presenterar innovativa l\u00f6sningar f\u00f6r h\u00e5llbara och effektiva k\u00f6k- och tv\u00e4ttprocesser p\u00e5 HOST 2017.","og_url":"https:\/\/www.electroluxprofessional.com\/se\/host-2017\/","og_site_name":"Electrolux Professional Sverige","article_modified_time":"2025-05-13T13:07:07+00:00","twitter_card":"summary_large_image","twitter_misc":{"Ber\u00e4knad l\u00e4stid":"2 minuter"},"schema":{"@context":"https:\/\/schema.org","@graph":[{"@type":"WebPage","@id":"https:\/\/www.electroluxprofessional.com\/se\/host-2017\/","url":"https:\/\/www.electroluxprofessional.com\/se\/host-2017\/","name":"Host 2017 - Electrolux Professional Sverige","isPartOf":{"@id":"https:\/\/www.electroluxprofessional.com\/se\/#website"},"datePublished":"2017-09-12T09:48:39+00:00","dateModified":"2025-05-13T13:07:07+00:00","description":"Electrolux Professional presenterar innovativa l\u00f6sningar f\u00f6r h\u00e5llbara och effektiva k\u00f6k- och tv\u00e4ttprocesser p\u00e5 HOST 2017.","breadcrumb":{"@id":"https:\/\/www.electroluxprofessional.com\/se\/host-2017\/#breadcrumb"},"inLanguage":"sv-SE","potentialAction":[{"@type":"ReadAction","target":["https:\/\/www.electroluxprofessional.com\/se\/host-2017\/"]}]},{"@type":"BreadcrumbList","@id":"https:\/\/www.electroluxprofessional.com\/se\/host-2017\/#breadcrumb","itemListElement":[{"@type":"ListItem","position":1,"name":"Home","item":"https:\/\/www.electroluxprofessional.com\/se\/"},{"@type":"ListItem","position":2,"name":"Host 2017"}]},{"@type":"WebSite","@id":"https:\/\/www.electroluxprofessional.com\/se\/#website","url":"https:\/\/www.electroluxprofessional.com\/se\/","name":"Electrolux Professional Sverige","description":"","potentialAction":[{"@type":"SearchAction","target":{"@type":"EntryPoint","urlTemplate":"https:\/\/www.electroluxprofessional.com\/se\/?src={search_term_string}"},"query-input":"required name=search_term_string"}],"inLanguage":"sv-SE"}]}},"_links":{"self":[{"href":"https:\/\/www.electroluxprofessional.com\/se\/wp-json\/wp\/v2\/pages\/4416"}],"collection":[{"href":"https:\/\/www.electroluxprofessional.com\/se\/wp-json\/wp\/v2\/pages"}],"about":[{"href":"https:\/\/www.electroluxprofessional.com\/se\/wp-json\/wp\/v2\/types\/page"}],"author":[{"embeddable":true,"href":"https:\/\/www.electroluxprofessional.com\/se\/wp-json\/wp\/v2\/users\/4"}],"replies":[{"embeddable":true,"href":"https:\/\/www.electroluxprofessional.com\/se\/wp-json\/wp\/v2\/comments?post=4416"}],"version-history":[{"count":3,"href":"https:\/\/www.electroluxprofessional.com\/se\/wp-json\/wp\/v2\/pages\/4416\/revisions"}],"predecessor-version":[{"id":4463,"href":"https:\/\/www.electroluxprofessional.com\/se\/wp-json\/wp\/v2\/pages\/4416\/revisions\/4463"}],"wp:attachment":[{"href":"https:\/\/www.electroluxprofessional.com\/se\/wp-json\/wp\/v2\/media?parent=4416"}],"curies":[{"name":"wp","href":"https:\/\/api.w.org\/{rel}","templated":true}]}}

<p>[vc_row full_width=&#8221;electroluxpro-full-width-no-padding&#8221;][vc_column][elx_hero_slider label_text_color=&#8221;inherit&#8221; images=&#8221;4415&#8243;][elx_heading font_size=&#8221;h3&#8243; text_color=&#8221;inherit&#8221;]Host 2017[/elx_heading][elx_heading font_size=&#8221;h4&#8243; text_color=&#8221;inherit&#8221;]Paviljong 2,<br />
Monter L32 M23[/elx_heading][elx_heading font_size=&#8221;h5&#8243; text_color=&#8221;inherit&#8221;]Oktober 20-24<br />
fieramilano &#8211; Milano, Italien<br />
[/elx_heading][/elx_hero_slider][/vc_column][/vc_row][vc_row][vc_column][vc_empty_space][/vc_column][/vc_row][vc_row][vc_column width=&#8221;2/3&#8243;][elx_heading font_size=&#8221;h3&#8243; text_color=&#8221;orange&#8221;]Gör oss sällskap på HOST 2017[/elx_heading][vc_column_text]En trio av digitala kiosker ger chansen att uppleva en snabb, exakt och professionell upplevelse i vår monter. Kom och träffa passionerade användare av Electrolux Professional utrustning och upplev en köks- eller tvättlösning som uppnår oöverträffade resultat med minimalt avfall.[/vc_column_text][elx_heading font_container=&#8221;h1&#8243; font_size=&#8221;h4&#8243; text_color=&#8221;duck-egg&#8221;]Electrolux Professional bemästrar det nya köket och det nya tvättrummet <b>på Host 2017</b>[/elx_heading][vc_column_text]<strong>För smidigare, friskare och i slutändan mer lönsam verksamhet</strong>[/vc_column_text][vc_column_text]Ett socialt experiment av Electrolux Professional fann att stora förbättringar kan skapas genom en mer hållbar balans mellan arbete och fritid. Med bakgrund av detta kommer årets utställning göra det möjligt för besökare att ta reda på hur de med lätthet kan uppnå sina önskade resultat.</p>
<p>Genom exklusiva demonstrationer av våra mest innovativa lösningar och <strong>digitala upplevelser</strong>, kommer besökare till Electrolux monter kunna uppleva hur skapandet av mer hållbara och effektiva köks- och tvättlösningar är nyckeln till att förbättra arbetslivsbalansen för kockar och personal, samtidigt som <strong>verksamheten blir smidigare och mer lönsam.</strong>[/vc_column_text][/vc_column][vc_column width=&#8221;1/3&#8243;][vc_empty_space][vc_single_image image=&#8221;4414&#8243; img_size=&#8221;full&#8221;][/vc_column][/vc_row][vc_row][vc_column][vc_empty_space][elx_heading font_size=&#8221;h3&#8243; text_color=&#8221;inherit&#8221;]Ställ in din personliga påminnelse för HOST 2017 [/elx_heading][elx_heading font_container=&#8221;h4&#8243; font_size=&#8221;h4&#8243; text_color=&#8221;inherit&#8221;]SMS och e-postmeddelanden, gratis[/elx_heading][vc_empty_space][vc_raw_js]JTNDbGluayUyMHJlbCUzRCUyMnN0eWxlc2hlZXQlMjIlMjB0eXBlJTNEJTIydGV4dCUyRmNzcyUyMiUyMGhyZWYlM0QlMjJodHRwcyUzQSUyRiUyRnd3dy5lcHItYXBwcy5jb20lMkZ3aWRnZXRzJTJGY29udGFjdHMtYW5kLWxvY2F0b3JzJTJGZm9ybXMlMkZtb2JpbGUlMkZpbmMlMkZjc3MlMkZtYWluLm1pbi5jc3MlMjIlM0UlMEElM0NzY3JpcHQlMjBzcmMlM0QlMjJodHRwcyUzQSUyRiUyRnd3dy5lcHItYXBwcy5jb20lMkZ3aWRnZXRzJTJGY29udGFjdHMtYW5kLWxvY2F0b3JzJTJGZm9ybXMlMkZtb2JpbGUlMkZleGhpYml0aW9ucyUyRm1haW4ubWluLmpzJTIyJTIwdHlwZSUzRCUyMnRleHQlMkZqYXZhc2NyaXB0JTIyJTNFJTNDJTJGc2NyaXB0JTNFJTBBJTBBJTBBJTNDc2NyaXB0JTIwdHlwZSUzRCUyMnRleHQlMkZqYXZhc2NyaXB0JTIyJTNFJTJGJTJGJTIwJTNDJTIxJTVCQ0RBVEElNUIlMEF2YXIlMjBvbWVnYTIwMDBfc2V0dGluZ3MxJTIwJTNEJTIwJTdCJTBBJTIwJTIwJTIwJTIwZW1haWwlM0ElMjAlMjdkYXZpZGUucGFzcXVhbGF0byU0MGVsZWN0cm9sdXguY29tJTI3JTJDJTBBJTIwJTIwJTIwJTIwbGFuZ3VhZ2UlM0ElMjAlMjdzZSUyNyUyQyUwQSUyMCUyMCUyMCUyMGNvbnRhaW5lciUzQSUyMCUyN2VsZWN0cm9sdXhfZm9ybV9ob3N0JTI3JTBBJTdEJTBBJTBBJTBBd2luZG93Lm9ubG9hZCUyMCUzRCUyMG9uTG9hZGJvb3RzdHJhcEV4aGliaXRpb24lMjhvbWVnYTIwMDBfc2V0dGluZ3MxJTI5JTNCJTBBJTJGJTJGJTIwJTVEJTVEJTNFJTNDJTJGc2NyaXB0JTNFJTBBJTNDZGl2JTIwaWQlM0QlMjJlbGVjdHJvbHV4X2Zvcm1faG9zdCUyMiUzRSUzQyUyRmRpdiUzRSUwQQ==[/vc_raw_js][/vc_column][/vc_row][vc_row][vc_column width=&#8221;1/3&#8243;][/vc_column][vc_column width=&#8221;1/3&#8243;][/vc_column][/vc_row]</p>

<p>[vc_row full_width=&#8221;electroluxpro-full-width-no-padding&#8221;][vc_column][elx_hero_slider label_text_color=&#8221;inherit&#8221; images=&#8221;4415&#8243;][elx_heading font_size=&#8221;h3&#8243; text_color=&#8221;inherit&#8221;]Host 2017[/elx_heading][elx_heading font_size=&#8221;h4&#8243; text_color=&#8221;inherit&#8221;]Paviljong 2, Monter L32 M23[/elx_heading][elx_heading font_size=&#8221;h5&#8243; text_color=&#8221;inherit&#8221;]Oktober 20-24 fieramilano &#8211; Milano, Italien [/elx_heading][/elx_hero_slider][/vc_column][/vc_row][vc_row][vc_column][vc_empty_space][/vc_column][/vc_row][vc_row][vc_column width=&#8221;2/3&#8243;][elx_heading font_size=&#8221;h3&#8243; text_color=&#8221;orange&#8221;]Gör oss sällskap på HOST 2017[/elx_heading][vc_column_text]En trio av digitala kiosker ger chansen att uppleva en snabb, exakt och professionell upplevelse i vår monter. Kom och träffa passionerade användare av Electrolux Professional utrustning [&hellip;]</p>

<!-- This site is optimized with the Yoast SEO plugin v23.3 - https://yoast.com/wordpress/plugins/seo/ -->
<title>Host 2017 - Electrolux Professional Sverige</title>
<meta name="description" content="Electrolux Professional presenterar innovativa lösningar för hållbara och effektiva kök- och tvättprocesser på HOST 2017." />
<meta name="robots" content="index, follow, max-snippet:-1, max-image-preview:large, max-video-preview:-1" />
<link rel="canonical" href="https://www.electroluxprofessional.com/se/host-2017/" />
<meta property="og:locale" content="sv_SE" />
<meta property="og:type" content="article" />
<meta property="og:title" content="Host 2017 - Electrolux Professional Sverige" />
<meta property="og:description" content="Electrolux Professional presenterar innovativa lösningar för hållbara och effektiva kök- och tvättprocesser på HOST 2017." />
<meta property="og:url" content="https://www.electroluxprofessional.com/se/host-2017/" />
<meta property="og:site_name" content="Electrolux Professional Sverige" />
<meta property="article:modified_time" content="2025-05-13T13:07:07+00:00" />
<meta name="twitter:card" content="summary_large_image" />
<meta name="twitter:label1" content="Beräknad lästid" />
	<meta name="twitter:data1" content="2 minuter" />
<script type="application/ld+json" class="yoast-schema-graph">{"@context":"https://schema.org","@graph":[{"@type":"WebPage","@id":"https://www.electroluxprofessional.com/se/host-2017/","url":"https://www.electroluxprofessional.com/se/host-2017/","name":"Host 2017 - Electrolux Professional Sverige","isPartOf":{"@id":"https://www.electroluxprofessional.com/se/#website"},"datePublished":"2017-09-12T09:48:39+00:00","dateModified":"2025-05-13T13:07:07+00:00","description":"Electrolux Professional presenterar innovativa lösningar för hållbara och effektiva kök- och tvättprocesser på HOST 2017.","breadcrumb":{"@id":"https://www.electroluxprofessional.com/se/host-2017/#breadcrumb"},"inLanguage":"sv-SE","potentialAction":[{"@type":"ReadAction","target":["https://www.electroluxprofessional.com/se/host-2017/"]}]},{"@type":"BreadcrumbList","@id":"https://www.electroluxprofessional.com/se/host-2017/#breadcrumb","itemListElement":[{"@type":"ListItem","position":1,"name":"Home","item":"https://www.electroluxprofessional.com/se/"},{"@type":"ListItem","position":2,"name":"Host 2017"}]},{"@type":"WebSite","@id":"https://www.electroluxprofessional.com/se/#website","url":"https://www.electroluxprofessional.com/se/","name":"Electrolux Professional Sverige","description":"","potentialAction":[{"@type":"SearchAction","target":{"@type":"EntryPoint","urlTemplate":"https://www.electroluxprofessional.com/se/?src={search_term_string}"},"query-input":"required name=search_term_string"}],"inLanguage":"sv-SE"}]}</script>
<!-- / Yoast SEO plugin. -->

Electrolux Professional presenterar innovativa lösningar för hållbara och effektiva kök- och tvättprocesser på HOST 2017.
