{"id":2935,"date":"2017-03-24T08:57:36","date_gmt":"2017-03-24T08:57:36","guid":{"rendered":"https:\/\/www.electroluxprofessional.com\/se\/?page_id=2935"},"modified":"2025-05-26T15:18:39","modified_gmt":"2025-05-26T14:18:39","slug":"nyheter","status":"publish","type":"page","link":"https:\/\/www.electroluxprofessional.com\/se\/nyheter\/","title":{"rendered":"Nyheter"},"content":{"rendered":"<p>[vc_row full_width=&#8221;electroluxpro-full-width-no-padding&#8221;][vc_column][elx_hero_slider label_text_color=&#8221;inherit&#8221; images=&#8221;1788&#8243;][elx_heading font_container=&#8221;h1&#8243; font_size=&#8221;h2&#8243; text_color=&#8221;inherit&#8221;]Nyheter[\/elx_heading][\/elx_hero_slider][\/vc_column][\/vc_row]<\/p>\n","protected":false},"excerpt":{"rendered":"<p>[vc_row full_width=&#8221;electroluxpro-full-width-no-padding&#8221;][vc_column][elx_hero_slider label_text_color=&#8221;inherit&#8221; images=&#8221;1788&#8243;][elx_heading font_container=&#8221;h1&#8243; font_size=&#8221;h2&#8243; text_color=&#8221;inherit&#8221;]Nyheter[\/elx_heading][\/elx_hero_slider][\/vc_column][\/vc_row]<\/p>\n","protected":false},"author":1,"featured_media":0,"parent":0,"menu_order":0,"comment_status":"closed","ping_status":"closed","template":"template-news.php","meta":{"footnotes":""},"class_list":["post-2935","page","type-page","status-publish","hentry"],"acf":[],"yoast_head":"<!-- This site is optimized with the Yoast SEO plugin v23.3 - https:\/\/yoast.com\/wordpress\/plugins\/seo\/ -->\n<title>Nyheter - Electrolux Professional Sverige<\/title>\n<meta name=\"description\" content=\"L\u00e4s om nyheter, produktutveckling och event inom professionella tv\u00e4ttl\u00f6sningar och professionell utrustning f\u00f6r stork\u00f6k och restaurang.\" \/>\n<meta name=\"robots\" content=\"index, follow, max-snippet:-1, max-image-preview:large, max-video-preview:-1\" \/>\n<link rel=\"canonical\" href=\"https:\/\/www.electroluxprofessional.com\/se\/nyheter\/\" \/>\n<meta property=\"og:locale\" content=\"sv_SE\" \/>\n<meta property=\"og:type\" content=\"article\" \/>\n<meta property=\"og:title\" content=\"Nyheter - Electrolux Professional Sverige\" \/>\n<meta property=\"og:description\" content=\"L\u00e4s om nyheter, produktutveckling och event inom professionella tv\u00e4ttl\u00f6sningar och professionell utrustning f\u00f6r stork\u00f6k och restaurang.\" \/>\n<meta property=\"og:url\" content=\"https:\/\/www.electroluxprofessional.com\/se\/nyheter\/\" \/>\n<meta property=\"og:site_name\" content=\"Electrolux Professional Sverige\" \/>\n<meta property=\"article:modified_time\" content=\"2025-05-26T14:18:39+00:00\" \/>\n<meta name=\"twitter:card\" content=\"summary_large_image\" \/>\n<meta name=\"twitter:label1\" content=\"Ber\u00e4knad l\u00e4stid\" \/>\n\t<meta name=\"twitter:data1\" content=\"1 minut\" \/>\n<script type=\"application\/ld+json\" class=\"yoast-schema-graph\">{\"@context\":\"https:\/\/schema.org\",\"@graph\":[{\"@type\":\"WebPage\",\"@id\":\"https:\/\/www.electroluxprofessional.com\/se\/nyheter\/\",\"url\":\"https:\/\/www.electroluxprofessional.com\/se\/nyheter\/\",\"name\":\"Nyheter - Electrolux Professional Sverige\",\"isPartOf\":{\"@id\":\"https:\/\/www.electroluxprofessional.com\/se\/#website\"},\"datePublished\":\"2017-03-24T08:57:36+00:00\",\"dateModified\":\"2025-05-26T14:18:39+00:00\",\"description\":\"L\u00e4s om nyheter, produktutveckling och event inom professionella tv\u00e4ttl\u00f6sningar och professionell utrustning f\u00f6r stork\u00f6k och restaurang.\",\"breadcrumb\":{\"@id\":\"https:\/\/www.electroluxprofessional.com\/se\/nyheter\/#breadcrumb\"},\"inLanguage\":\"sv-SE\",\"potentialAction\":[{\"@type\":\"ReadAction\",\"target\":[\"https:\/\/www.electroluxprofessional.com\/se\/nyheter\/\"]}]},{\"@type\":\"BreadcrumbList\",\"@id\":\"https:\/\/www.electroluxprofessional.com\/se\/nyheter\/#breadcrumb\",\"itemListElement\":[{\"@type\":\"ListItem\",\"position\":1,\"name\":\"Home\",\"item\":\"https:\/\/www.electroluxprofessional.com\/se\/\"},{\"@type\":\"ListItem\",\"position\":2,\"name\":\"Nyheter\"}]},{\"@type\":\"WebSite\",\"@id\":\"https:\/\/www.electroluxprofessional.com\/se\/#website\",\"url\":\"https:\/\/www.electroluxprofessional.com\/se\/\",\"name\":\"Electrolux Professional Sverige\",\"description\":\"\",\"potentialAction\":[{\"@type\":\"SearchAction\",\"target\":{\"@type\":\"EntryPoint\",\"urlTemplate\":\"https:\/\/www.electroluxprofessional.com\/se\/?src={search_term_string}\"},\"query-input\":\"required name=search_term_string\"}],\"inLanguage\":\"sv-SE\"}]}<\/script>\n<!-- \/ Yoast SEO plugin. -->","yoast_head_json":{"title":"Nyheter - Electrolux Professional Sverige","description":"L\u00e4s om nyheter, produktutveckling och event inom professionella tv\u00e4ttl\u00f6sningar och professionell utrustning f\u00f6r stork\u00f6k och restaurang.","robots":{"index":"index","follow":"follow","max-snippet":"max-snippet:-1","max-image-preview":"max-image-preview:large","max-video-preview":"max-video-preview:-1"},"canonical":"https:\/\/www.electroluxprofessional.com\/se\/nyheter\/","og_locale":"sv_SE","og_type":"article","og_title":"Nyheter - Electrolux Professional Sverige","og_description":"L\u00e4s om nyheter, produktutveckling och event inom professionella tv\u00e4ttl\u00f6sningar och professionell utrustning f\u00f6r stork\u00f6k och restaurang.","og_url":"https:\/\/www.electroluxprofessional.com\/se\/nyheter\/","og_site_name":"Electrolux Professional Sverige","article_modified_time":"2025-05-26T14:18:39+00:00","twitter_card":"summary_large_image","twitter_misc":{"Ber\u00e4knad l\u00e4stid":"1 minut"},"schema":{"@context":"https:\/\/schema.org","@graph":[{"@type":"WebPage","@id":"https:\/\/www.electroluxprofessional.com\/se\/nyheter\/","url":"https:\/\/www.electroluxprofessional.com\/se\/nyheter\/","name":"Nyheter - Electrolux Professional Sverige","isPartOf":{"@id":"https:\/\/www.electroluxprofessional.com\/se\/#website"},"datePublished":"2017-03-24T08:57:36+00:00","dateModified":"2025-05-26T14:18:39+00:00","description":"L\u00e4s om nyheter, produktutveckling och event inom professionella tv\u00e4ttl\u00f6sningar och professionell utrustning f\u00f6r stork\u00f6k och restaurang.","breadcrumb":{"@id":"https:\/\/www.electroluxprofessional.com\/se\/nyheter\/#breadcrumb"},"inLanguage":"sv-SE","potentialAction":[{"@type":"ReadAction","target":["https:\/\/www.electroluxprofessional.com\/se\/nyheter\/"]}]},{"@type":"BreadcrumbList","@id":"https:\/\/www.electroluxprofessional.com\/se\/nyheter\/#breadcrumb","itemListElement":[{"@type":"ListItem","position":1,"name":"Home","item":"https:\/\/www.electroluxprofessional.com\/se\/"},{"@type":"ListItem","position":2,"name":"Nyheter"}]},{"@type":"WebSite","@id":"https:\/\/www.electroluxprofessional.com\/se\/#website","url":"https:\/\/www.electroluxprofessional.com\/se\/","name":"Electrolux Professional Sverige","description":"","potentialAction":[{"@type":"SearchAction","target":{"@type":"EntryPoint","urlTemplate":"https:\/\/www.electroluxprofessional.com\/se\/?src={search_term_string}"},"query-input":"required name=search_term_string"}],"inLanguage":"sv-SE"}]}},"_links":{"self":[{"href":"https:\/\/www.electroluxprofessional.com\/se\/wp-json\/wp\/v2\/pages\/2935"}],"collection":[{"href":"https:\/\/www.electroluxprofessional.com\/se\/wp-json\/wp\/v2\/pages"}],"about":[{"href":"https:\/\/www.electroluxprofessional.com\/se\/wp-json\/wp\/v2\/types\/page"}],"author":[{"embeddable":true,"href":"https:\/\/www.electroluxprofessional.com\/se\/wp-json\/wp\/v2\/users\/1"}],"replies":[{"embeddable":true,"href":"https:\/\/www.electroluxprofessional.com\/se\/wp-json\/wp\/v2\/comments?post=2935"}],"version-history":[{"count":6,"href":"https:\/\/www.electroluxprofessional.com\/se\/wp-json\/wp\/v2\/pages\/2935\/revisions"}],"predecessor-version":[{"id":53847,"href":"https:\/\/www.electroluxprofessional.com\/se\/wp-json\/wp\/v2\/pages\/2935\/revisions\/53847"}],"wp:attachment":[{"href":"https:\/\/www.electroluxprofessional.com\/se\/wp-json\/wp\/v2\/media?parent=2935"}],"curies":[{"name":"wp","href":"https:\/\/api.w.org\/{rel}","templated":true}]}}

<!-- This site is optimized with the Yoast SEO plugin v23.3 - https://yoast.com/wordpress/plugins/seo/ -->
<title>Nyheter - Electrolux Professional Sverige</title>
<meta name="description" content="Läs om nyheter, produktutveckling och event inom professionella tvättlösningar och professionell utrustning för storkök och restaurang." />
<meta name="robots" content="index, follow, max-snippet:-1, max-image-preview:large, max-video-preview:-1" />
<link rel="canonical" href="https://www.electroluxprofessional.com/se/nyheter/" />
<meta property="og:locale" content="sv_SE" />
<meta property="og:type" content="article" />
<meta property="og:title" content="Nyheter - Electrolux Professional Sverige" />
<meta property="og:description" content="Läs om nyheter, produktutveckling och event inom professionella tvättlösningar och professionell utrustning för storkök och restaurang." />
<meta property="og:url" content="https://www.electroluxprofessional.com/se/nyheter/" />
<meta property="og:site_name" content="Electrolux Professional Sverige" />
<meta property="article:modified_time" content="2025-05-26T14:18:39+00:00" />
<meta name="twitter:card" content="summary_large_image" />
<meta name="twitter:label1" content="Beräknad lästid" />
	<meta name="twitter:data1" content="1 minut" />
<script type="application/ld+json" class="yoast-schema-graph">{"@context":"https://schema.org","@graph":[{"@type":"WebPage","@id":"https://www.electroluxprofessional.com/se/nyheter/","url":"https://www.electroluxprofessional.com/se/nyheter/","name":"Nyheter - Electrolux Professional Sverige","isPartOf":{"@id":"https://www.electroluxprofessional.com/se/#website"},"datePublished":"2017-03-24T08:57:36+00:00","dateModified":"2025-05-26T14:18:39+00:00","description":"Läs om nyheter, produktutveckling och event inom professionella tvättlösningar och professionell utrustning för storkök och restaurang.","breadcrumb":{"@id":"https://www.electroluxprofessional.com/se/nyheter/#breadcrumb"},"inLanguage":"sv-SE","potentialAction":[{"@type":"ReadAction","target":["https://www.electroluxprofessional.com/se/nyheter/"]}]},{"@type":"BreadcrumbList","@id":"https://www.electroluxprofessional.com/se/nyheter/#breadcrumb","itemListElement":[{"@type":"ListItem","position":1,"name":"Home","item":"https://www.electroluxprofessional.com/se/"},{"@type":"ListItem","position":2,"name":"Nyheter"}]},{"@type":"WebSite","@id":"https://www.electroluxprofessional.com/se/#website","url":"https://www.electroluxprofessional.com/se/","name":"Electrolux Professional Sverige","description":"","potentialAction":[{"@type":"SearchAction","target":{"@type":"EntryPoint","urlTemplate":"https://www.electroluxprofessional.com/se/?src={search_term_string}"},"query-input":"required name=search_term_string"}],"inLanguage":"sv-SE"}]}</script>
<!-- / Yoast SEO plugin. -->

Läs om nyheter, produktutveckling och event inom professionella tvättlösningar och professionell utrustning för storkök och restaurang.
