{"id":2396,"date":"2017-03-03T12:52:23","date_gmt":"2017-03-03T12:52:23","guid":{"rendered":"https:\/\/www.electroluxprofessional.com\/se\/?page_id=2396"},"modified":"2025-03-05T09:56:55","modified_gmt":"2025-03-05T08:56:55","slug":"laundry","status":"publish","type":"page","link":"https:\/\/www.electroluxprofessional.com\/se\/laundry\/","title":{"rendered":"Laundry"},"content":{"rendered":"<p>[vc_row full_width=&#8221;electroluxpro-full-width-no-padding&#8221;][vc_column][elx_hero_slider label_text_color=&#8221;inherit&#8221; images=&#8221;1843&#8243;][elx_heading font_container=&#8221;h1&#8243; font_size=&#8221;h4&#8243; text_color=&#8221;inherit&#8221; text_align=&#8221;text-left&#8221;]Professionell tv\u00e4tt med marknadens mest effektiva tv\u00e4ttl\u00f6sningar. L\u00e4gsta livscykelkostnad och ett rikst\u00e4ckande servicen\u00e4t. Electrolux Professional Laundry &#8211; i v\u00e5tt och torrt.<br \/>\n[\/elx_heading][\/elx_hero_slider][\/vc_column][\/vc_row][vc_row full_width=&#8221;electroluxpro-full-width-no-padding&#8221;][vc_column][vc_empty_space height=&#8221;80px&#8221;][\/vc_column][\/vc_row][vc_row][vc_column width=&#8221;1\/4&#8243;][elx_navigation_branch image=&#8221;53348&#8243; menu_list=&#8221;51414&#8243;][\/vc_column][vc_column width=&#8221;1\/4&#8243;][elx_navigation_branch menu_list=&#8221;51420&#8243; image=&#8221;53342&#8243;][\/vc_column][vc_column width=&#8221;1\/4&#8243;][elx_navigation_branch image=&#8221;53344&#8243; menu_list=&#8221;51423&#8243;][\/vc_column][vc_column width=&#8221;1\/4&#8243;][elx_navigation_branch title_link=&#8221;title-linkable&#8221; image=&#8221;53339&#8243; menu_list=&#8221;51427&#8243;][\/vc_column][\/vc_row][vc_row full_width=&#8221;electroluxpro-full-width-no-padding&#8221;][vc_column][vc_empty_space height=&#8221;80px&#8221;][\/vc_column][\/vc_row][vc_row][vc_column width=&#8221;1\/4&#8243;][elx_navigation_branch image=&#8221;53346&#8243; menu_list=&#8221;51431&#8243;][\/vc_column][vc_column width=&#8221;1\/4&#8243;][elx_navigation_branch title_link=&#8221;title-linkable&#8221; image=&#8221;53340&#8243; menu_list=&#8221;51434&#8243;][\/vc_column][vc_column width=&#8221;1\/4&#8243;][elx_navigation_branch image=&#8221;53347&#8243; menu_list=&#8221;52562&#8243;][\/vc_column][vc_column width=&#8221;1\/4&#8243;][elx_navigation_branch image=&#8221;736&#8243; menu_list=&#8221;51977&#8243;][\/vc_column][\/vc_row][vc_row full_width=&#8221;electroluxpro-full-width-no-padding&#8221;][vc_column][vc_empty_space height=&#8221;80px&#8221;][\/vc_column][\/vc_row][vc_row][vc_column width=&#8221;1\/4&#8243;][elx_navigation_branch title_link=&#8221;title-linkable&#8221; image=&#8221;15469&#8243; menu_list=&#8221;51440&#8243;][\/vc_column][vc_column width=&#8221;1\/4&#8243;][elx_navigation_branch title_link=&#8221;title-linkable&#8221; menu_list=&#8221;51441&#8243; image=&#8221;10106&#8243;][\/vc_column][vc_column width=&#8221;1\/4&#8243;][\/vc_column][\/vc_row][vc_row][vc_column][vc_empty_space height=&#8221;70px&#8221;][elx_heading font_size=&#8221;h3&#8243; text_color=&#8221;inherit&#8221;]Uppt\u00e4ck mer om kommersiella tv\u00e4ttl\u00f6sningar[\/elx_heading][elx_o2000_contact_us s=&#8221;Beg\u00e4ran om information om kommersiella tv\u00e4ttl\u00f6sningar&#8221; r=&#8221;Jag skulle vilja veta mer om dina kommersiella tv\u00e4ttl\u00f6sningar. V\u00e4nligen kontakta mig. Tack.&#8221;][\/vc_column][\/vc_row][vc_row][vc_column][vc_empty_space height=&#8221;80px&#8221;][\/vc_column][\/vc_row][vc_row][vc_column][elx_heading font_size=&#8221;h3&#8243; text_color=&#8221;inherit&#8221; text_align=&#8221;text-center&#8221;]Du kanske ocks\u00e5 \u00e4r intresserad av dessa produkter:[\/elx_heading][\/vc_column][\/vc_row][vc_row][vc_column][vc_empty_space][\/vc_column][\/vc_row][vc_row][vc_column width=&#8221;1\/3&#8243;][elx_maylike_box id_box=&#8221;2834&#8243;][\/vc_column][vc_column width=&#8221;1\/3&#8243;][elx_maylike_box id_box=&#8221;2855&#8243;][\/vc_column][vc_column width=&#8221;1\/3&#8243;][elx_maylike_box id_box=&#8221;2788&#8243;][\/vc_column][\/vc_row][vc_row][vc_column][vc_empty_space][\/vc_column][\/vc_row][vc_row][vc_column][vc_column_text]<strong>Avtalsinformation<br \/>\n<\/strong>Electrolux Professional \u00e4r rankad som nummer ett p\u00e5 flera avtal runt om i landet, vilket inneb\u00e4r att ni som ing\u00e5r i dessa har m\u00f6jlighet att v\u00e4lja tv\u00e4ttutrustning med l\u00e4gsta m\u00f6jliga driftskostnader och milj\u00f6p\u00e5verkan.<br \/>\nL\u00e4s mer om avtalen och produkterna som ing\u00e5r h\u00e4r:<br \/>\n<a href=\"https:\/\/www.electroluxprofessional.com\/se\/wp-content\/uploads\/2018\/08\/Avtalsinformation-Kommentus-FINAL-lowres.pdf\" target=\"_blank\" rel=\"noopener noreferrer\">Avtalsinformation Kommentus<\/a><br \/>\n<a href=\"https:\/\/www.electroluxprofessional.com\/se\/wp-content\/uploads\/2018\/08\/Avtalsinformation-HBV-NY.pdf\" target=\"_blank\" rel=\"noopener noreferrer\">Avtalsinformation HBV<\/a>[\/vc_column_text][\/vc_column][\/vc_row]<\/p>\n","protected":false},"excerpt":{"rendered":"<p>[vc_row full_width=&#8221;electroluxpro-full-width-no-padding&#8221;][vc_column][elx_hero_slider label_text_color=&#8221;inherit&#8221; images=&#8221;1843&#8243;][elx_heading font_container=&#8221;h1&#8243; font_size=&#8221;h4&#8243; text_color=&#8221;inherit&#8221; text_align=&#8221;text-left&#8221;]Professionell tv\u00e4tt med marknadens mest effektiva tv\u00e4ttl\u00f6sningar. L\u00e4gsta livscykelkostnad och ett rikst\u00e4ckande servicen\u00e4t. Electrolux Professional Laundry &#8211; i v\u00e5tt och torrt. [\/elx_heading][\/elx_hero_slider][\/vc_column][\/vc_row][vc_row full_width=&#8221;electroluxpro-full-width-no-padding&#8221;][vc_column][vc_empty_space height=&#8221;80px&#8221;][\/vc_column][\/vc_row][vc_row][vc_column width=&#8221;1\/4&#8243;][elx_navigation_branch image=&#8221;53348&#8243; menu_list=&#8221;51414&#8243;][\/vc_column][vc_column width=&#8221;1\/4&#8243;][elx_navigation_branch menu_list=&#8221;51420&#8243; image=&#8221;53342&#8243;][\/vc_column][vc_column width=&#8221;1\/4&#8243;][elx_navigation_branch image=&#8221;53344&#8243; menu_list=&#8221;51423&#8243;][\/vc_column][vc_column width=&#8221;1\/4&#8243;][elx_navigation_branch title_link=&#8221;title-linkable&#8221; image=&#8221;53339&#8243; menu_list=&#8221;51427&#8243;][\/vc_column][\/vc_row][vc_row full_width=&#8221;electroluxpro-full-width-no-padding&#8221;][vc_column][vc_empty_space height=&#8221;80px&#8221;][\/vc_column][\/vc_row][vc_row][vc_column width=&#8221;1\/4&#8243;][elx_navigation_branch image=&#8221;53346&#8243; menu_list=&#8221;51431&#8243;][\/vc_column][vc_column width=&#8221;1\/4&#8243;][elx_navigation_branch title_link=&#8221;title-linkable&#8221; image=&#8221;53340&#8243; menu_list=&#8221;51434&#8243;][\/vc_column][vc_column width=&#8221;1\/4&#8243;][elx_navigation_branch image=&#8221;53347&#8243; [&hellip;]<\/p>\n","protected":false},"author":3,"featured_media":0,"parent":0,"menu_order":0,"comment_status":"closed","ping_status":"closed","template":"","meta":{"footnotes":""},"class_list":["post-2396","page","type-page","status-publish","hentry"],"acf":[],"yoast_head":"<!-- This site is optimized with the Yoast SEO plugin v23.3 - https:\/\/yoast.com\/wordpress\/plugins\/seo\/ -->\n<title>Electrolux Professional Laundry - professionella tv\u00e4ttl\u00f6sningar<\/title>\n<meta name=\"description\" content=\"Electrolux Professional erbjuder professionella tv\u00e4ttl\u00f6sningar med l\u00e4gsta livscykelkostnader\" \/>\n<meta name=\"robots\" content=\"index, follow, max-snippet:-1, max-image-preview:large, max-video-preview:-1\" \/>\n<link rel=\"canonical\" href=\"https:\/\/www.electroluxprofessional.com\/se\/laundry\/\" \/>\n<meta property=\"og:locale\" content=\"sv_SE\" \/>\n<meta property=\"og:type\" content=\"article\" \/>\n<meta property=\"og:title\" content=\"Electrolux Professional Laundry - professionella tv\u00e4ttl\u00f6sningar\" \/>\n<meta property=\"og:description\" content=\"Electrolux Professional erbjuder professionella tv\u00e4ttl\u00f6sningar med l\u00e4gsta livscykelkostnader\" \/>\n<meta property=\"og:url\" content=\"https:\/\/www.electroluxprofessional.com\/se\/laundry\/\" \/>\n<meta property=\"og:site_name\" content=\"Electrolux Professional Sverige\" \/>\n<meta property=\"article:modified_time\" content=\"2025-03-05T08:56:55+00:00\" \/>\n<meta name=\"twitter:card\" content=\"summary_large_image\" \/>\n<meta name=\"twitter:label1\" content=\"Ber\u00e4knad l\u00e4stid\" \/>\n\t<meta name=\"twitter:data1\" content=\"1 minut\" \/>\n<script type=\"application\/ld+json\" class=\"yoast-schema-graph\">{\"@context\":\"https:\/\/schema.org\",\"@graph\":[{\"@type\":\"WebPage\",\"@id\":\"https:\/\/www.electroluxprofessional.com\/se\/laundry\/\",\"url\":\"https:\/\/www.electroluxprofessional.com\/se\/laundry\/\",\"name\":\"Electrolux Professional Laundry - professionella tv\u00e4ttl\u00f6sningar\",\"isPartOf\":{\"@id\":\"https:\/\/www.electroluxprofessional.com\/se\/#website\"},\"datePublished\":\"2017-03-03T12:52:23+00:00\",\"dateModified\":\"2025-03-05T08:56:55+00:00\",\"description\":\"Electrolux Professional erbjuder professionella tv\u00e4ttl\u00f6sningar med l\u00e4gsta livscykelkostnader\",\"breadcrumb\":{\"@id\":\"https:\/\/www.electroluxprofessional.com\/se\/laundry\/#breadcrumb\"},\"inLanguage\":\"sv-SE\",\"potentialAction\":[{\"@type\":\"ReadAction\",\"target\":[\"https:\/\/www.electroluxprofessional.com\/se\/laundry\/\"]}]},{\"@type\":\"BreadcrumbList\",\"@id\":\"https:\/\/www.electroluxprofessional.com\/se\/laundry\/#breadcrumb\",\"itemListElement\":[{\"@type\":\"ListItem\",\"position\":1,\"name\":\"Home\",\"item\":\"https:\/\/www.electroluxprofessional.com\/se\/\"},{\"@type\":\"ListItem\",\"position\":2,\"name\":\"Laundry\"}]},{\"@type\":\"WebSite\",\"@id\":\"https:\/\/www.electroluxprofessional.com\/se\/#website\",\"url\":\"https:\/\/www.electroluxprofessional.com\/se\/\",\"name\":\"Electrolux Professional Sverige\",\"description\":\"\",\"potentialAction\":[{\"@type\":\"SearchAction\",\"target\":{\"@type\":\"EntryPoint\",\"urlTemplate\":\"https:\/\/www.electroluxprofessional.com\/se\/?src={search_term_string}\"},\"query-input\":\"required name=search_term_string\"}],\"inLanguage\":\"sv-SE\"}]}<\/script>\n<!-- \/ Yoast SEO plugin. -->","yoast_head_json":{"title":"Electrolux Professional Laundry - professionella tv\u00e4ttl\u00f6sningar","description":"Electrolux Professional erbjuder professionella tv\u00e4ttl\u00f6sningar med l\u00e4gsta livscykelkostnader","robots":{"index":"index","follow":"follow","max-snippet":"max-snippet:-1","max-image-preview":"max-image-preview:large","max-video-preview":"max-video-preview:-1"},"canonical":"https:\/\/www.electroluxprofessional.com\/se\/laundry\/","og_locale":"sv_SE","og_type":"article","og_title":"Electrolux Professional Laundry - professionella tv\u00e4ttl\u00f6sningar","og_description":"Electrolux Professional erbjuder professionella tv\u00e4ttl\u00f6sningar med l\u00e4gsta livscykelkostnader","og_url":"https:\/\/www.electroluxprofessional.com\/se\/laundry\/","og_site_name":"Electrolux Professional Sverige","article_modified_time":"2025-03-05T08:56:55+00:00","twitter_card":"summary_large_image","twitter_misc":{"Ber\u00e4knad l\u00e4stid":"1 minut"},"schema":{"@context":"https:\/\/schema.org","@graph":[{"@type":"WebPage","@id":"https:\/\/www.electroluxprofessional.com\/se\/laundry\/","url":"https:\/\/www.electroluxprofessional.com\/se\/laundry\/","name":"Electrolux Professional Laundry - professionella tv\u00e4ttl\u00f6sningar","isPartOf":{"@id":"https:\/\/www.electroluxprofessional.com\/se\/#website"},"datePublished":"2017-03-03T12:52:23+00:00","dateModified":"2025-03-05T08:56:55+00:00","description":"Electrolux Professional erbjuder professionella tv\u00e4ttl\u00f6sningar med l\u00e4gsta livscykelkostnader","breadcrumb":{"@id":"https:\/\/www.electroluxprofessional.com\/se\/laundry\/#breadcrumb"},"inLanguage":"sv-SE","potentialAction":[{"@type":"ReadAction","target":["https:\/\/www.electroluxprofessional.com\/se\/laundry\/"]}]},{"@type":"BreadcrumbList","@id":"https:\/\/www.electroluxprofessional.com\/se\/laundry\/#breadcrumb","itemListElement":[{"@type":"ListItem","position":1,"name":"Home","item":"https:\/\/www.electroluxprofessional.com\/se\/"},{"@type":"ListItem","position":2,"name":"Laundry"}]},{"@type":"WebSite","@id":"https:\/\/www.electroluxprofessional.com\/se\/#website","url":"https:\/\/www.electroluxprofessional.com\/se\/","name":"Electrolux Professional Sverige","description":"","potentialAction":[{"@type":"SearchAction","target":{"@type":"EntryPoint","urlTemplate":"https:\/\/www.electroluxprofessional.com\/se\/?src={search_term_string}"},"query-input":"required name=search_term_string"}],"inLanguage":"sv-SE"}]}},"_links":{"self":[{"href":"https:\/\/www.electroluxprofessional.com\/se\/wp-json\/wp\/v2\/pages\/2396"}],"collection":[{"href":"https:\/\/www.electroluxprofessional.com\/se\/wp-json\/wp\/v2\/pages"}],"about":[{"href":"https:\/\/www.electroluxprofessional.com\/se\/wp-json\/wp\/v2\/types\/page"}],"author":[{"embeddable":true,"href":"https:\/\/www.electroluxprofessional.com\/se\/wp-json\/wp\/v2\/users\/3"}],"replies":[{"embeddable":true,"href":"https:\/\/www.electroluxprofessional.com\/se\/wp-json\/wp\/v2\/comments?post=2396"}],"version-history":[{"count":69,"href":"https:\/\/www.electroluxprofessional.com\/se\/wp-json\/wp\/v2\/pages\/2396\/revisions"}],"predecessor-version":[{"id":49292,"href":"https:\/\/www.electroluxprofessional.com\/se\/wp-json\/wp\/v2\/pages\/2396\/revisions\/49292"}],"wp:attachment":[{"href":"https:\/\/www.electroluxprofessional.com\/se\/wp-json\/wp\/v2\/media?parent=2396"}],"curies":[{"name":"wp","href":"https:\/\/api.w.org\/{rel}","templated":true}]}}

<p>[vc_row full_width=&#8221;electroluxpro-full-width-no-padding&#8221;][vc_column][elx_hero_slider label_text_color=&#8221;inherit&#8221; images=&#8221;1843&#8243;][elx_heading font_container=&#8221;h1&#8243; font_size=&#8221;h4&#8243; text_color=&#8221;inherit&#8221; text_align=&#8221;text-left&#8221;]Professionell tvätt med marknadens mest effektiva tvättlösningar. Lägsta livscykelkostnad och ett rikstäckande servicenät. Electrolux Professional Laundry &#8211; i vått och torrt.<br />
[/elx_heading][/elx_hero_slider][/vc_column][/vc_row][vc_row full_width=&#8221;electroluxpro-full-width-no-padding&#8221;][vc_column][vc_empty_space height=&#8221;80px&#8221;][/vc_column][/vc_row][vc_row][vc_column width=&#8221;1/4&#8243;][elx_navigation_branch image=&#8221;53348&#8243; menu_list=&#8221;51414&#8243;][/vc_column][vc_column width=&#8221;1/4&#8243;][elx_navigation_branch menu_list=&#8221;51420&#8243; image=&#8221;53342&#8243;][/vc_column][vc_column width=&#8221;1/4&#8243;][elx_navigation_branch image=&#8221;53344&#8243; menu_list=&#8221;51423&#8243;][/vc_column][vc_column width=&#8221;1/4&#8243;][elx_navigation_branch title_link=&#8221;title-linkable&#8221; image=&#8221;53339&#8243; menu_list=&#8221;51427&#8243;][/vc_column][/vc_row][vc_row full_width=&#8221;electroluxpro-full-width-no-padding&#8221;][vc_column][vc_empty_space height=&#8221;80px&#8221;][/vc_column][/vc_row][vc_row][vc_column width=&#8221;1/4&#8243;][elx_navigation_branch image=&#8221;53346&#8243; menu_list=&#8221;51431&#8243;][/vc_column][vc_column width=&#8221;1/4&#8243;][elx_navigation_branch title_link=&#8221;title-linkable&#8221; image=&#8221;53340&#8243; menu_list=&#8221;51434&#8243;][/vc_column][vc_column width=&#8221;1/4&#8243;][elx_navigation_branch image=&#8221;53347&#8243; menu_list=&#8221;52562&#8243;][/vc_column][vc_column width=&#8221;1/4&#8243;][elx_navigation_branch image=&#8221;736&#8243; menu_list=&#8221;51977&#8243;][/vc_column][/vc_row][vc_row full_width=&#8221;electroluxpro-full-width-no-padding&#8221;][vc_column][vc_empty_space height=&#8221;80px&#8221;][/vc_column][/vc_row][vc_row][vc_column width=&#8221;1/4&#8243;][elx_navigation_branch title_link=&#8221;title-linkable&#8221; image=&#8221;15469&#8243; menu_list=&#8221;51440&#8243;][/vc_column][vc_column width=&#8221;1/4&#8243;][elx_navigation_branch title_link=&#8221;title-linkable&#8221; menu_list=&#8221;51441&#8243; image=&#8221;10106&#8243;][/vc_column][vc_column width=&#8221;1/4&#8243;][/vc_column][/vc_row][vc_row][vc_column][vc_empty_space height=&#8221;70px&#8221;][elx_heading font_size=&#8221;h3&#8243; text_color=&#8221;inherit&#8221;]Upptäck mer om kommersiella tvättlösningar[/elx_heading][elx_o2000_contact_us s=&#8221;Begäran om information om kommersiella tvättlösningar&#8221; r=&#8221;Jag skulle vilja veta mer om dina kommersiella tvättlösningar. Vänligen kontakta mig. Tack.&#8221;][/vc_column][/vc_row][vc_row][vc_column][vc_empty_space height=&#8221;80px&#8221;][/vc_column][/vc_row][vc_row][vc_column][elx_heading font_size=&#8221;h3&#8243; text_color=&#8221;inherit&#8221; text_align=&#8221;text-center&#8221;]Du kanske också är intresserad av dessa produkter:[/elx_heading][/vc_column][/vc_row][vc_row][vc_column][vc_empty_space][/vc_column][/vc_row][vc_row][vc_column width=&#8221;1/3&#8243;][elx_maylike_box id_box=&#8221;2834&#8243;][/vc_column][vc_column width=&#8221;1/3&#8243;][elx_maylike_box id_box=&#8221;2855&#8243;][/vc_column][vc_column width=&#8221;1/3&#8243;][elx_maylike_box id_box=&#8221;2788&#8243;][/vc_column][/vc_row][vc_row][vc_column][vc_empty_space][/vc_column][/vc_row][vc_row][vc_column][vc_column_text]<strong>Avtalsinformation<br />
</strong>Electrolux Professional är rankad som nummer ett på flera avtal runt om i landet, vilket innebär att ni som ingår i dessa har möjlighet att välja tvättutrustning med lägsta möjliga driftskostnader och miljöpåverkan.<br />
Läs mer om avtalen och produkterna som ingår här:<br />
<a href="https://www.electroluxprofessional.com/se/wp-content/uploads/2018/08/Avtalsinformation-Kommentus-FINAL-lowres.pdf" target="_blank" rel="noopener noreferrer">Avtalsinformation Kommentus</a><br />
<a href="https://www.electroluxprofessional.com/se/wp-content/uploads/2018/08/Avtalsinformation-HBV-NY.pdf" target="_blank" rel="noopener noreferrer">Avtalsinformation HBV</a>[/vc_column_text][/vc_column][/vc_row]</p>

<p>[vc_row full_width=&#8221;electroluxpro-full-width-no-padding&#8221;][vc_column][elx_hero_slider label_text_color=&#8221;inherit&#8221; images=&#8221;1843&#8243;][elx_heading font_container=&#8221;h1&#8243; font_size=&#8221;h4&#8243; text_color=&#8221;inherit&#8221; text_align=&#8221;text-left&#8221;]Professionell tvätt med marknadens mest effektiva tvättlösningar. Lägsta livscykelkostnad och ett rikstäckande servicenät. Electrolux Professional Laundry &#8211; i vått och torrt. [/elx_heading][/elx_hero_slider][/vc_column][/vc_row][vc_row full_width=&#8221;electroluxpro-full-width-no-padding&#8221;][vc_column][vc_empty_space height=&#8221;80px&#8221;][/vc_column][/vc_row][vc_row][vc_column width=&#8221;1/4&#8243;][elx_navigation_branch image=&#8221;53348&#8243; menu_list=&#8221;51414&#8243;][/vc_column][vc_column width=&#8221;1/4&#8243;][elx_navigation_branch menu_list=&#8221;51420&#8243; image=&#8221;53342&#8243;][/vc_column][vc_column width=&#8221;1/4&#8243;][elx_navigation_branch image=&#8221;53344&#8243; menu_list=&#8221;51423&#8243;][/vc_column][vc_column width=&#8221;1/4&#8243;][elx_navigation_branch title_link=&#8221;title-linkable&#8221; image=&#8221;53339&#8243; menu_list=&#8221;51427&#8243;][/vc_column][/vc_row][vc_row full_width=&#8221;electroluxpro-full-width-no-padding&#8221;][vc_column][vc_empty_space height=&#8221;80px&#8221;][/vc_column][/vc_row][vc_row][vc_column width=&#8221;1/4&#8243;][elx_navigation_branch image=&#8221;53346&#8243; menu_list=&#8221;51431&#8243;][/vc_column][vc_column width=&#8221;1/4&#8243;][elx_navigation_branch title_link=&#8221;title-linkable&#8221; image=&#8221;53340&#8243; menu_list=&#8221;51434&#8243;][/vc_column][vc_column width=&#8221;1/4&#8243;][elx_navigation_branch image=&#8221;53347&#8243; [&hellip;]</p>

<!-- This site is optimized with the Yoast SEO plugin v23.3 - https://yoast.com/wordpress/plugins/seo/ -->
<title>Electrolux Professional Laundry - professionella tvättlösningar</title>
<meta name="description" content="Electrolux Professional erbjuder professionella tvättlösningar med lägsta livscykelkostnader" />
<meta name="robots" content="index, follow, max-snippet:-1, max-image-preview:large, max-video-preview:-1" />
<link rel="canonical" href="https://www.electroluxprofessional.com/se/laundry/" />
<meta property="og:locale" content="sv_SE" />
<meta property="og:type" content="article" />
<meta property="og:title" content="Electrolux Professional Laundry - professionella tvättlösningar" />
<meta property="og:description" content="Electrolux Professional erbjuder professionella tvättlösningar med lägsta livscykelkostnader" />
<meta property="og:url" content="https://www.electroluxprofessional.com/se/laundry/" />
<meta property="og:site_name" content="Electrolux Professional Sverige" />
<meta property="article:modified_time" content="2025-03-05T08:56:55+00:00" />
<meta name="twitter:card" content="summary_large_image" />
<meta name="twitter:label1" content="Beräknad lästid" />
	<meta name="twitter:data1" content="1 minut" />
<script type="application/ld+json" class="yoast-schema-graph">{"@context":"https://schema.org","@graph":[{"@type":"WebPage","@id":"https://www.electroluxprofessional.com/se/laundry/","url":"https://www.electroluxprofessional.com/se/laundry/","name":"Electrolux Professional Laundry - professionella tvättlösningar","isPartOf":{"@id":"https://www.electroluxprofessional.com/se/#website"},"datePublished":"2017-03-03T12:52:23+00:00","dateModified":"2025-03-05T08:56:55+00:00","description":"Electrolux Professional erbjuder professionella tvättlösningar med lägsta livscykelkostnader","breadcrumb":{"@id":"https://www.electroluxprofessional.com/se/laundry/#breadcrumb"},"inLanguage":"sv-SE","potentialAction":[{"@type":"ReadAction","target":["https://www.electroluxprofessional.com/se/laundry/"]}]},{"@type":"BreadcrumbList","@id":"https://www.electroluxprofessional.com/se/laundry/#breadcrumb","itemListElement":[{"@type":"ListItem","position":1,"name":"Home","item":"https://www.electroluxprofessional.com/se/"},{"@type":"ListItem","position":2,"name":"Laundry"}]},{"@type":"WebSite","@id":"https://www.electroluxprofessional.com/se/#website","url":"https://www.electroluxprofessional.com/se/","name":"Electrolux Professional Sverige","description":"","potentialAction":[{"@type":"SearchAction","target":{"@type":"EntryPoint","urlTemplate":"https://www.electroluxprofessional.com/se/?src={search_term_string}"},"query-input":"required name=search_term_string"}],"inLanguage":"sv-SE"}]}</script>
<!-- / Yoast SEO plugin. -->

Electrolux Professional Laundry - professionella tvättlösningar

Electrolux Professional erbjuder professionella tvättlösningar med lägsta livscykelkostnader
