{"version":"1.0","provider_name":"Electrolux Professional Norge","provider_url":"https:\/\/www.electroluxprofessional.com\/no","title":"Oppgradert fellesvaskeri p\u00e5 Ammerud - Electrolux Professional Norge","type":"rich","width":600,"height":338,"html":"<blockquote class=\"wp-embedded-content\" data-secret=\"VhPfFXPVxY\"><a href=\"https:\/\/www.electroluxprofessional.com\/no\/oppgradert-fellesvaskeri-pa-ammerud\/\">Oppgradert fellesvaskeri p\u00e5 Ammerud<\/a><\/blockquote><iframe sandbox=\"allow-scripts\" security=\"restricted\" src=\"https:\/\/www.electroluxprofessional.com\/no\/oppgradert-fellesvaskeri-pa-ammerud\/embed\/#?secret=VhPfFXPVxY\" width=\"600\" height=\"338\" title=\"&laquo;Oppgradert fellesvaskeri p\u00e5 Ammerud&raquo; &#8212; Electrolux Professional Norge\" data-secret=\"VhPfFXPVxY\" frameborder=\"0\" marginwidth=\"0\" marginheight=\"0\" scrolling=\"no\" class=\"wp-embedded-content\"><\/iframe><script type=\"text\/javascript\">\n\/* <![CDATA[ *\/\n\/*! This file is auto-generated *\/\n!function(d,l){\"use strict\";l.querySelector&&d.addEventListener&&\"undefined\"!=typeof URL&&(d.wp=d.wp||{},d.wp.receiveEmbedMessage||(d.wp.receiveEmbedMessage=function(e){var t=e.data;if((t||t.secret||t.message||t.value)&&!\/[^a-zA-Z0-9]\/.test(t.secret)){for(var s,r,n,a=l.querySelectorAll('iframe[data-secret=\"'+t.secret+'\"]'),o=l.querySelectorAll('blockquote[data-secret=\"'+t.secret+'\"]'),c=new RegExp(\"^https?:$\",\"i\"),i=0;i<o.length;i++)o[i].style.display=\"none\";for(i=0;i<a.length;i++)s=a[i],e.source===s.contentWindow&&(s.removeAttribute(\"style\"),\"height\"===t.message?(1e3<(r=parseInt(t.value,10))?r=1e3:~~r<200&&(r=200),s.height=r):\"link\"===t.message&&(r=new URL(s.getAttribute(\"src\")),n=new URL(t.value),c.test(n.protocol))&&n.host===r.host&&l.activeElement===s&&(d.top.location.href=t.value))}},d.addEventListener(\"message\",d.wp.receiveEmbedMessage,!1),l.addEventListener(\"DOMContentLoaded\",function(){for(var e,t,s=l.querySelectorAll(\"iframe.wp-embedded-content\"),r=0;r<s.length;r++)(t=(e=s[r]).getAttribute(\"data-secret\"))||(t=Math.random().toString(36).substring(2,12),e.src+=\"#?secret=\"+t,e.setAttribute(\"data-secret\",t)),e.contentWindow.postMessage({message:\"ready\",secret:t},\"*\")},!1)))}(window,document);\n\/* ]]> *\/\n<\/script>\n","thumbnail_url":"https:\/\/www.electroluxprofessional.com\/no\/wp-content\/uploads\/2019\/12\/tinified_magnus-viser-els-vision.jpg","thumbnail_width":1189,"thumbnail_height":584,"description":"[vc_row][vc_column reveal_effect=&#8221;&#8221; matched_labels=&#8221;&#8221;][vc_column_text] &#8220;Prosjekt Ammerudsletta Borettslag&#8221; er n\u00e5 ferdigstilt og det ble gjennomf\u00f8rt f\u00f8rste oppl\u00e6ring p\u00e5 2 av totalt 5 vaskerier i g\u00e5r kveld (17. desember 2019). Fra \u00e5 ha en del utdaterte eldre maskiner som b\u00e5de har krevd mye nedetid og vedlikehold s\u00e5 har beboere n\u00e5 f\u00e5tt pusset opp lokalene med ny moderne maskinpark [&hellip;]"}

Oppgradert fellesvaskeri på Ammerud - Electrolux Professional Norge

<blockquote class="wp-embedded-content" data-secret="VhPfFXPVxY"><a href="https://www.electroluxprofessional.com/no/oppgradert-fellesvaskeri-pa-ammerud/">Oppgradert fellesvaskeri på Ammerud</a></blockquote><iframe sandbox="allow-scripts" security="restricted" src="https://www.electroluxprofessional.com/no/oppgradert-fellesvaskeri-pa-ammerud/embed/#?secret=VhPfFXPVxY" width="600" height="338" title="&laquo;Oppgradert fellesvaskeri på Ammerud&raquo; &#8212; Electrolux Professional Norge" data-secret="VhPfFXPVxY" frameborder="0" marginwidth="0" marginheight="0" scrolling="no" class="wp-embedded-content"></iframe><script type="text/javascript">
/* <![CDATA[ */
/*! This file is auto-generated */
!function(d,l){"use strict";l.querySelector&&d.addEventListener&&"undefined"!=typeof URL&&(d.wp=d.wp||{},d.wp.receiveEmbedMessage||(d.wp.receiveEmbedMessage=function(e){var t=e.data;if((t||t.secret||t.message||t.value)&&!/[^a-zA-Z0-9]/.test(t.secret)){for(var s,r,n,a=l.querySelectorAll('iframe[data-secret="'+t.secret+'"]'),o=l.querySelectorAll('blockquote[data-secret="'+t.secret+'"]'),c=new RegExp("^https?:$","i"),i=0;i<o.length;i++)o[i].style.display="none";for(i=0;i<a.length;i++)s=a[i],e.source===s.contentWindow&&(s.removeAttribute("style"),"height"===t.message?(1e3<(r=parseInt(t.value,10))?r=1e3:~~r<200&&(r=200),s.height=r):"link"===t.message&&(r=new URL(s.getAttribute("src")),n=new URL(t.value),c.test(n.protocol))&&n.host===r.host&&l.activeElement===s&&(d.top.location.href=t.value))}},d.addEventListener("message",d.wp.receiveEmbedMessage,!1),l.addEventListener("DOMContentLoaded",function(){for(var e,t,s=l.querySelectorAll("iframe.wp-embedded-content"),r=0;r<s.length;r++)(t=(e=s[r]).getAttribute("data-secret"))||(t=Math.random().toString(36).substring(2,12),e.src+="#?secret="+t,e.setAttribute("data-secret",t)),e.contentWindow.postMessage({message:"ready",secret:t},"*")},!1)))}(window,document);
/* ]]> */
</script>

[vc_row][vc_column reveal_effect=&#8221;&#8221; matched_labels=&#8221;&#8221;][vc_column_text] &#8220;Prosjekt Ammerudsletta Borettslag&#8221; er nå ferdigstilt og det ble gjennomført første opplæring på 2 av totalt 5 vaskerier i går kveld (17. desember 2019). Fra å ha en del utdaterte eldre maskiner som både har krevd mye nedetid og vedlikehold så har beboere nå fått pusset opp lokalene med ny moderne maskinpark [&hellip;]
