{"version":"1.0","provider_name":"Electrolux Professional Latin America","provider_url":"https:\/\/www.electroluxprofessional.com\/la","title":"Cabinas de secado L\u00ednea 6000 - Electrolux Professional Latin America","type":"rich","width":600,"height":338,"html":"<blockquote class=\"wp-embedded-content\" data-secret=\"Pn8V9ClP5r\"><a href=\"https:\/\/www.electroluxprofessional.com\/la\/cabinas-de-secado\/\">Cabinas de secado L\u00ednea 6000<\/a><\/blockquote><iframe sandbox=\"allow-scripts\" security=\"restricted\" src=\"https:\/\/www.electroluxprofessional.com\/la\/cabinas-de-secado\/embed\/#?secret=Pn8V9ClP5r\" width=\"600\" height=\"338\" title=\"&#8220;Cabinas de secado L\u00ednea 6000&#8221; &#8212; Electrolux Professional Latin America\" data-secret=\"Pn8V9ClP5r\" frameborder=\"0\" marginwidth=\"0\" marginheight=\"0\" scrolling=\"no\" class=\"wp-embedded-content\"><\/iframe><script type=\"text\/javascript\">\n\/* <![CDATA[ *\/\n\/*! This file is auto-generated *\/\n!function(d,l){\"use strict\";l.querySelector&&d.addEventListener&&\"undefined\"!=typeof URL&&(d.wp=d.wp||{},d.wp.receiveEmbedMessage||(d.wp.receiveEmbedMessage=function(e){var t=e.data;if((t||t.secret||t.message||t.value)&&!\/[^a-zA-Z0-9]\/.test(t.secret)){for(var s,r,n,a=l.querySelectorAll('iframe[data-secret=\"'+t.secret+'\"]'),o=l.querySelectorAll('blockquote[data-secret=\"'+t.secret+'\"]'),c=new RegExp(\"^https?:$\",\"i\"),i=0;i<o.length;i++)o[i].style.display=\"none\";for(i=0;i<a.length;i++)s=a[i],e.source===s.contentWindow&&(s.removeAttribute(\"style\"),\"height\"===t.message?(1e3<(r=parseInt(t.value,10))?r=1e3:~~r<200&&(r=200),s.height=r):\"link\"===t.message&&(r=new URL(s.getAttribute(\"src\")),n=new URL(t.value),c.test(n.protocol))&&n.host===r.host&&l.activeElement===s&&(d.top.location.href=t.value))}},d.addEventListener(\"message\",d.wp.receiveEmbedMessage,!1),l.addEventListener(\"DOMContentLoaded\",function(){for(var e,t,s=l.querySelectorAll(\"iframe.wp-embedded-content\"),r=0;r<s.length;r++)(t=(e=s[r]).getAttribute(\"data-secret\"))||(t=Math.random().toString(36).substring(2,12),e.src+=\"#?secret=\"+t,e.setAttribute(\"data-secret\",t)),e.contentWindow.postMessage({message:\"ready\",secret:t},\"*\")},!1)))}(window,document);\n\/* ]]> *\/\n<\/script>\n","description":"[vc_row full_width=&#8221;electroluxpro-full-width-no-padding&#8221;][vc_column][elx_image_block background_image=&#8221;15678&#8243; minimum_height=&#8221;400px&#8221;][vc_empty_space][\/vc_column][\/vc_row][vc_row][vc_column][elx_text_image tag_title=&#8221;h1&#8243; style_image=&#8221;image_square&#8221; bg_row=&#8221;bg-download-white&#8221; title=&#8221;Cabinas de secado L\u00ednea 6000&#8243; lists=&#8221;%5B%7B%7D%5D&#8221; values=&#8221;%5B%7B%7D%5D&#8221; link=&#8221;url:%23products|title:GO%20TO%20PRODUCTS&#8221; single_image=&#8221;15683&#8243;]Secado r\u00e1pido y eficiente de art\u00edculos abultados y delicados. Mejora tu proceso de secado con las cabinas de secado L\u00ednea 6000, especializadas en secar eficazmente una amplia variedad de art\u00edculos espec\u00edficos.[\/elx_text_image][vc_empty_space][\/vc_column][\/vc_row][vc_row full_width=&#8221;electroluxpro-full-width-no-padding&#8221;][vc_column][elx_features_download title=&#8221;&#8221; title_download=&#8221;Descarga&#8221; title_discover=&#8221;Descubre&#8221; title_position=&#8221;top&#8221; bg_row=&#8221;bg-row-sustainability-green&#8221; values=&#8221;%5B%7B%22select_type%22%3A%22link%22%7D%5D&#8221; discover=&#8221;%5B%7B%7D%5D&#8221; features=&#8221;%5B%7B%22icon_electroluxpro%22%3A%22elx-icon%20icon-40-energy-savings-white%22%2C%22title_icon%22%3A%22Ahorro%20de%20energ%C3%ADa%22%2C%22text_icon%22%3A%22Ahorre%20hasta%20un%2040%25%20en%20costes%20de%20funcionamiento%20con%20la%20tecnolog%C3%ADa%20de%20bomba%20de%20calor%20y%20los%20programas%20de%20parada%20autom%C3%A1tica.%22%7D%5D&#8221;][\/elx_features_download][\/vc_column][\/vc_row][vc_row [&hellip;]"}

Cabinas de secado Línea 6000 - Electrolux Professional Latin America

<blockquote class="wp-embedded-content" data-secret="Pn8V9ClP5r"><a href="https://www.electroluxprofessional.com/la/cabinas-de-secado/">Cabinas de secado Línea 6000</a></blockquote><iframe sandbox="allow-scripts" security="restricted" src="https://www.electroluxprofessional.com/la/cabinas-de-secado/embed/#?secret=Pn8V9ClP5r" width="600" height="338" title="&#8220;Cabinas de secado Línea 6000&#8221; &#8212; Electrolux Professional Latin America" data-secret="Pn8V9ClP5r" frameborder="0" marginwidth="0" marginheight="0" scrolling="no" class="wp-embedded-content"></iframe><script type="text/javascript">
/* <![CDATA[ */
/*! This file is auto-generated */
!function(d,l){"use strict";l.querySelector&&d.addEventListener&&"undefined"!=typeof URL&&(d.wp=d.wp||{},d.wp.receiveEmbedMessage||(d.wp.receiveEmbedMessage=function(e){var t=e.data;if((t||t.secret||t.message||t.value)&&!/[^a-zA-Z0-9]/.test(t.secret)){for(var s,r,n,a=l.querySelectorAll('iframe[data-secret="'+t.secret+'"]'),o=l.querySelectorAll('blockquote[data-secret="'+t.secret+'"]'),c=new RegExp("^https?:$","i"),i=0;i<o.length;i++)o[i].style.display="none";for(i=0;i<a.length;i++)s=a[i],e.source===s.contentWindow&&(s.removeAttribute("style"),"height"===t.message?(1e3<(r=parseInt(t.value,10))?r=1e3:~~r<200&&(r=200),s.height=r):"link"===t.message&&(r=new URL(s.getAttribute("src")),n=new URL(t.value),c.test(n.protocol))&&n.host===r.host&&l.activeElement===s&&(d.top.location.href=t.value))}},d.addEventListener("message",d.wp.receiveEmbedMessage,!1),l.addEventListener("DOMContentLoaded",function(){for(var e,t,s=l.querySelectorAll("iframe.wp-embedded-content"),r=0;r<s.length;r++)(t=(e=s[r]).getAttribute("data-secret"))||(t=Math.random().toString(36).substring(2,12),e.src+="#?secret="+t,e.setAttribute("data-secret",t)),e.contentWindow.postMessage({message:"ready",secret:t},"*")},!1)))}(window,document);
/* ]]> */
</script>

[vc_row full_width=&#8221;electroluxpro-full-width-no-padding&#8221;][vc_column][elx_image_block background_image=&#8221;15678&#8243; minimum_height=&#8221;400px&#8221;][vc_empty_space][/vc_column][/vc_row][vc_row][vc_column][elx_text_image tag_title=&#8221;h1&#8243; style_image=&#8221;image_square&#8221; bg_row=&#8221;bg-download-white&#8221; title=&#8221;Cabinas de secado Línea 6000&#8243; lists=&#8221;%5B%7B%7D%5D&#8221; values=&#8221;%5B%7B%7D%5D&#8221; link=&#8221;url:%23products|title:GO%20TO%20PRODUCTS&#8221; single_image=&#8221;15683&#8243;]Secado rápido y eficiente de artículos abultados y delicados. Mejora tu proceso de secado con las cabinas de secado Línea 6000, especializadas en secar eficazmente una amplia variedad de artículos específicos.[/elx_text_image][vc_empty_space][/vc_column][/vc_row][vc_row full_width=&#8221;electroluxpro-full-width-no-padding&#8221;][vc_column][elx_features_download title=&#8221;&#8221; title_download=&#8221;Descarga&#8221; title_discover=&#8221;Descubre&#8221; title_position=&#8221;top&#8221; bg_row=&#8221;bg-row-sustainability-green&#8221; values=&#8221;%5B%7B%22select_type%22%3A%22link%22%7D%5D&#8221; discover=&#8221;%5B%7B%7D%5D&#8221; features=&#8221;%5B%7B%22icon_electroluxpro%22%3A%22elx-icon%20icon-40-energy-savings-white%22%2C%22title_icon%22%3A%22Ahorro%20de%20energ%C3%ADa%22%2C%22text_icon%22%3A%22Ahorre%20hasta%20un%2040%25%20en%20costes%20de%20funcionamiento%20con%20la%20tecnolog%C3%ADa%20de%20bomba%20de%20calor%20y%20los%20programas%20de%20parada%20autom%C3%A1tica.%22%7D%5D&#8221;][/elx_features_download][/vc_column][/vc_row][vc_row [&hellip;]
