{"id":9454,"date":"2016-08-25T08:47:14","date_gmt":"2016-08-25T08:47:14","guid":{"rendered":"https:\/\/www.electroluxprofessional.com\/?page_id=2876"},"modified":"2025-11-11T13:34:56","modified_gmt":"2025-11-11T13:34:56","slug":"accessori-consumabili","status":"publish","type":"page","link":"https:\/\/www.electroluxprofessional.com\/it\/accessori-consumabili\/","title":{"rendered":"Accessori e Consumabili"},"content":{"rendered":"<p>[vc_row full_width=&#8221;electroluxpro-full-width-no-padding&#8221;][vc_column][elx_image_block background_image=&#8221;9447&#8243; minimum_height=&#8221;400px&#8221;][\/vc_column][\/vc_row][vc_row][vc_column][elx_menu][\/vc_column][\/vc_row][vc_row][vc_column width=&#8221;1\/2&#8243;][elx_heading font_container=&#8221;h1&#8243; font_size=&#8221;h3&#8243; text_color=&#8221;inherit&#8221;]Accessori &amp; Consumabili,<br \/>\nil vostro valore aggiunto[\/elx_heading][vc_column_text]Rigorosamente testati dai nostri esperti, gli Accessori &amp; Consumabili Electrolux Professional garantiscono nel tempo l&#8217;<strong>efficienza e la durata delle tue attrezzature<\/strong>. Un valore in pi\u00f9 per la tua attivit\u00e0, insieme alla sicurezza degli utenti e dei consumatori.[\/vc_column_text][vc_empty_space][\/vc_column][vc_column width=&#8221;1\/2&#8243;][vc_empty_space height=&#8221;80px&#8221;][elx_download_block text=&#8221;Accessorie &amp; Consumabili<br \/>\nCatalogo&#8221; text_color=&#8221;electrolux-blue&#8221; link=&#8221;https:\/\/www.electroluxprofessional.com\/it\/wp-content\/uploads\/2018\/08\/Catalogo-AccessoriConsumabili-2018.pdf&#8221; background_color=&#8221;orange&#8221; background_image=&#8221;9447&#8243;][\/vc_column][\/vc_row][vc_row][vc_column width=&#8221;1\/3&#8243;][elx_heading font_size=&#8221;h3&#8243; text_color=&#8221;inherit&#8221;]Accessori &amp; Consumabili originali[\/elx_heading][vc_column_text]Electrolux Professional \u00e8 leader in termini di\u00a0qualit\u00e0 e ti offriamo accessori,\u00a0consumabili &amp; ricambi originali\u00a0per garantirti sempre prestazioni e\u00a0risultati eccellenti.[\/vc_column_text][\/vc_column][vc_column width=&#8221;1\/3&#8243;][elx_heading font_size=&#8221;h3&#8243; text_color=&#8221;inherit&#8221;]Qualit\u00e0 e<br \/>\nperformance<br \/>\nnel tempo[\/elx_heading][vc_column_text]Mettiamo l&#8217;accento sul\u00a0ciclo vita e sulle prestazioni\u00a0delle attrezzature Electrolux Professional. I nostri\u00a0accessori, consumabili &amp;\u00a0ricambi originali ti assicurano\u00a0qualit\u00e0 e uniformit\u00e0 delle performance.[\/vc_column_text][\/vc_column][vc_column width=&#8221;1\/3&#8243;][elx_heading font_size=&#8221;h3&#8243; text_color=&#8221;inherit&#8221;]Spedizione<br \/>\nrapida in<br \/>\ntutto il mondo[\/elx_heading][vc_column_text]Garantiamo, in tutto il mondo, una spedizione veloce e tempestiva dei nostri Accessori &amp; Consumabili.[\/vc_column_text][\/vc_column][\/vc_row][vc_row css=&#8221;.vc_custom_1523535531732{background-color: #f4f4f4 !important;}&#8221;][vc_column width=&#8221;1\/3&#8243;][vc_empty_space][elx_simple_link_block link=&#8221;url:https%3A%2F%2Fwww.electroluxprofessional.com%2Fit%2Faccessori-consumabili%2Faccessori-e-consumabili-cottura-modulare%2F|title:Cottura%20modulare||&#8221; text_align=&#8221;text-left&#8221; text_color=&#8221;inherit&#8221; background_color=&#8221;inherit&#8221; background_hover_color=&#8221;darker-hover&#8221; extra_class=&#8221;&#8221; reveal_effect=&#8221;&#8221; reveal_duration=&#8221;&#8221; reveal_delay=&#8221;&#8221;][vc_single_image image=&#8221;9448&#8243; img_size=&#8221;360*120&#8243;][elx_heading font_size=&#8221;h5&#8243; text_color=&#8221;inherit&#8221;]Cottura modulare[\/elx_heading][vc_column_text]Cuocipasta, sgrassanti professionali per superfici calde, frytop, friggitrici.[\/vc_column_text][\/elx_simple_link_block][\/vc_column][vc_column width=&#8221;1\/3&#8243;][vc_empty_space][elx_simple_link_block link=&#8221;url:https%3A%2F%2Fwww.electroluxprofessional.com%2Fit%2Faccessori-consumabili%2Faccessori-e-consumabili-speedelight%2F|title:SpeeDelight||&#8221; text_align=&#8221;text-left&#8221; text_color=&#8221;inherit&#8221; background_color=&#8221;inherit&#8221; background_hover_color=&#8221;darker-hover&#8221; extra_class=&#8221;&#8221; reveal_effect=&#8221;&#8221; reveal_duration=&#8221;&#8221; reveal_delay=&#8221;&#8221;][vc_single_image image=&#8221;9449&#8243; img_size=&#8221;360*120&#8243;][elx_heading font_size=&#8221;h5&#8243; text_color=&#8221;inherit&#8221;]SpeeDelight[\/elx_heading][vc_column_text]Mantieni il tuo SpeeDelight di Electrolux Professional in perfette condizioni, sempre pronto all\u2019uso, per risultati di cottura impeccabili nel tempo.[\/vc_column_text][\/elx_simple_link_block][\/vc_column][vc_column width=&#8221;1\/3&#8243;][vc_empty_space][elx_simple_link_block link=&#8221;url:https%3A%2F%2Fwww.electroluxprofessional.com%2Fit%2Faccessori-consumabili%2Faccessori-consumabili-cook-chill%2F|title:Cook%20%26%20Chill&#8221; text_align=&#8221;text-left&#8221; text_color=&#8221;inherit&#8221; background_color=&#8221;inherit&#8221; background_hover_color=&#8221;darker-hover&#8221; extra_class=&#8221;&#8221; reveal_effect=&#8221;&#8221; reveal_duration=&#8221;&#8221; reveal_delay=&#8221;&#8221;][vc_single_image image=&#8221;13863&#8243; img_size=&#8221;360*120&#8243;][elx_heading font_size=&#8221;h5&#8243; text_color=&#8221;inherit&#8221;]Cook&amp;Chill[\/elx_heading][vc_column_text]Tutta la gamma di accessori Electrolux Professional dedicati a forni ed abbattitori. Griglie, filtri, sacchetti per cotture sottovuoto, affumicatore e molto altro.[\/vc_column_text][\/elx_simple_link_block][\/vc_column][\/vc_row][vc_row css=&#8221;.vc_custom_1523535559178{background-color: #f4f4f4 !important;}&#8221;][vc_column width=&#8221;1\/3&#8243;][elx_simple_link_block link=&#8221;url:https%3A%2F%2Fwww.electroluxprofessional.com%2Fit%2Faccessori-consumabili-refrigerazione%2F|title:Refrigerazione&#8221; text_align=&#8221;text-left&#8221; text_color=&#8221;inherit&#8221; background_color=&#8221;inherit&#8221; background_hover_color=&#8221;darker-hover&#8221; extra_class=&#8221;&#8221; reveal_effect=&#8221;&#8221; reveal_duration=&#8221;&#8221; reveal_delay=&#8221;&#8221;][vc_single_image image=&#8221;9451&#8243; img_size=&#8221;360*120&#8243;][elx_heading font_size=&#8221;h5&#8243; text_color=&#8221;inherit&#8221;]Refrigerazione[\/elx_heading][vc_column_text]Gli accessori della refrigerazione di Electrolux Professional sono indispensabili per la corretta conservazione dei tuoi alimenti.[\/vc_column_text][\/elx_simple_link_block][\/vc_column][vc_column width=&#8221;1\/3&#8243;][elx_simple_link_block link=&#8221;url:https%3A%2F%2Fwww.electroluxprofessional.com%2Fit%2Faccessori-consumabili%2Faccessori-e-consumabili-lavaggio-stoviglie%2F|title:Lavaggio%20stoviglie||&#8221; text_align=&#8221;text-left&#8221; text_color=&#8221;inherit&#8221; background_color=&#8221;inherit&#8221; background_hover_color=&#8221;darker-hover&#8221; extra_class=&#8221;&#8221; reveal_effect=&#8221;&#8221; reveal_duration=&#8221;&#8221; reveal_delay=&#8221;&#8221;][vc_single_image image=&#8221;9452&#8243; img_size=&#8221;360*120&#8243;][elx_heading font_size=&#8221;h5&#8243; text_color=&#8221;inherit&#8221;]Lavaggio stoviglie[\/elx_heading][vc_column_text]Scegli tra una vasta gamma di accessori originali di Electrolux Professional per completare la tua area di lavaggio.[\/vc_column_text][\/elx_simple_link_block][\/vc_column][vc_column width=&#8221;1\/3&#8243;][elx_simple_link_block link=&#8221;url:https%3A%2F%2Fwww.electroluxprofessional.com%2Fit%2Faccessori-e-consumabili-lavanderia%2F|title:Lavanderia|rel:nofollow&#8221; text_align=&#8221;text-left&#8221; text_color=&#8221;inherit&#8221; background_color=&#8221;inherit&#8221; background_hover_color=&#8221;darker-hover&#8221; extra_class=&#8221;&#8221; reveal_effect=&#8221;&#8221; reveal_duration=&#8221;&#8221; reveal_delay=&#8221;&#8221;][vc_single_image image=&#8221;9453&#8243; img_size=&#8221;360*120&#8243;][elx_heading font_size=&#8221;h5&#8243; text_color=&#8221;inherit&#8221;]Lavanderia[\/elx_heading][vc_column_text]Per il successo di una lavanderia \u00e8 importante organizzare al meglio anche le piccole cose, ecco perch\u00e8 \u00e8 importante affidarsi agli accessori &amp; consumabili originali di Electrolux Professional.[\/vc_column_text][\/elx_simple_link_block][\/vc_column][\/vc_row][vc_row][vc_column][vc_empty_space][elx_heading font_container=&#8221;h3&#8243; text_color=&#8221;inherit&#8221;]Richiedi maggiori info sui nostri Accessori &amp; Consumabili[\/elx_heading][elx_o2000_contact_us s=&#8221;Richiesta informazioni su Accessorie &amp; Consumabili&#8221; container=&#8221;elxcontactus1484303211&#8243; r=&#8221;Desidero ricevere maggiori informazioni sui vostri Accessori e Consumabili. Vi chiedo cortesemente di contattarmi.&#8221;][\/vc_column][\/vc_row][vc_row][vc_column][vc_empty_space][\/vc_column][\/vc_row][vc_row disable_element=&#8221;yes&#8221;][vc_column width=&#8221;1\/3&#8243;][elx_download_block text=&#8221;Accessories &amp; Consumables<br \/>\nflyer&#8221; link=&#8221;https:\/\/files.professional.electrolux.com\/docs\/?n=CLF-9JE00190&amp;b=5&amp;l=1&#8243; background_color=&#8221;orange&#8221;][\/vc_column][vc_column width=&#8221;1\/3&#8243;][elx_download_block text=&#8221;Accessories &amp; Consumables<br \/>\ncard&#8221; link=&#8221;https:\/\/files.professional.electrolux.com\/docs\/?n=CLF-9JE00170&amp;b=5&amp;l=1&#8243; background_color=&#8221;orange&#8221;][\/vc_column][vc_column width=&#8221;1\/3&#8243;][\/vc_column][\/vc_row]<\/p>\n","protected":false},"excerpt":{"rendered":"<p>[vc_row full_width=&#8221;electroluxpro-full-width-no-padding&#8221;][vc_column][elx_image_block background_image=&#8221;9447&#8243; minimum_height=&#8221;400px&#8221;][\/vc_column][\/vc_row][vc_row][vc_column][elx_menu][\/vc_column][\/vc_row][vc_row][vc_column width=&#8221;1\/2&#8243;][elx_heading font_container=&#8221;h1&#8243; font_size=&#8221;h3&#8243; text_color=&#8221;inherit&#8221;]Accessori &amp; Consumabili, il vostro valore aggiunto[\/elx_heading][vc_column_text]Rigorosamente testati dai nostri esperti, gli Accessori &amp; Consumabili Electrolux Professional garantiscono nel tempo l&#8217;efficienza e la durata delle tue attrezzature. Un valore in pi\u00f9 per la tua attivit\u00e0, insieme alla sicurezza degli utenti e dei consumatori.[\/vc_column_text][vc_empty_space][\/vc_column][vc_column width=&#8221;1\/2&#8243;][vc_empty_space height=&#8221;80px&#8221;][elx_download_block text=&#8221;Accessorie &amp; Consumabili [&hellip;]<\/p>\n","protected":false},"author":3,"featured_media":9446,"parent":0,"menu_order":0,"comment_status":"closed","ping_status":"closed","template":"","meta":{"footnotes":""},"class_list":["post-9454","page","type-page","status-publish","has-post-thumbnail","hentry"],"acf":[],"_links":{"self":[{"href":"https:\/\/www.electroluxprofessional.com\/it\/wp-json\/wp\/v2\/pages\/9454"}],"collection":[{"href":"https:\/\/www.electroluxprofessional.com\/it\/wp-json\/wp\/v2\/pages"}],"about":[{"href":"https:\/\/www.electroluxprofessional.com\/it\/wp-json\/wp\/v2\/types\/page"}],"author":[{"embeddable":true,"href":"https:\/\/www.electroluxprofessional.com\/it\/wp-json\/wp\/v2\/users\/3"}],"replies":[{"embeddable":true,"href":"https:\/\/www.electroluxprofessional.com\/it\/wp-json\/wp\/v2\/comments?post=9454"}],"version-history":[{"count":31,"href":"https:\/\/www.electroluxprofessional.com\/it\/wp-json\/wp\/v2\/pages\/9454\/revisions"}],"predecessor-version":[{"id":26754,"href":"https:\/\/www.electroluxprofessional.com\/it\/wp-json\/wp\/v2\/pages\/9454\/revisions\/26754"}],"wp:featuredmedia":[{"embeddable":true,"href":"https:\/\/www.electroluxprofessional.com\/it\/wp-json\/wp\/v2\/media\/9446"}],"wp:attachment":[{"href":"https:\/\/www.electroluxprofessional.com\/it\/wp-json\/wp\/v2\/media?parent=9454"}],"curies":[{"name":"wp","href":"https:\/\/api.w.org\/{rel}","templated":true}]}}

<p>[vc_row full_width=&#8221;electroluxpro-full-width-no-padding&#8221;][vc_column][elx_image_block background_image=&#8221;9447&#8243; minimum_height=&#8221;400px&#8221;][/vc_column][/vc_row][vc_row][vc_column][elx_menu][/vc_column][/vc_row][vc_row][vc_column width=&#8221;1/2&#8243;][elx_heading font_container=&#8221;h1&#8243; font_size=&#8221;h3&#8243; text_color=&#8221;inherit&#8221;]Accessori &amp; Consumabili,<br />
il vostro valore aggiunto[/elx_heading][vc_column_text]Rigorosamente testati dai nostri esperti, gli Accessori &amp; Consumabili Electrolux Professional garantiscono nel tempo l&#8217;<strong>efficienza e la durata delle tue attrezzature</strong>. Un valore in più per la tua attività, insieme alla sicurezza degli utenti e dei consumatori.[/vc_column_text][vc_empty_space][/vc_column][vc_column width=&#8221;1/2&#8243;][vc_empty_space height=&#8221;80px&#8221;][elx_download_block text=&#8221;Accessorie &amp; Consumabili<br />
Catalogo&#8221; text_color=&#8221;electrolux-blue&#8221; link=&#8221;https://www.electroluxprofessional.com/it/wp-content/uploads/2018/08/Catalogo-AccessoriConsumabili-2018.pdf&#8221; background_color=&#8221;orange&#8221; background_image=&#8221;9447&#8243;][/vc_column][/vc_row][vc_row][vc_column width=&#8221;1/3&#8243;][elx_heading font_size=&#8221;h3&#8243; text_color=&#8221;inherit&#8221;]Accessori &amp; Consumabili originali[/elx_heading][vc_column_text]Electrolux Professional è leader in termini di qualità e ti offriamo accessori, consumabili &amp; ricambi originali per garantirti sempre prestazioni e risultati eccellenti.[/vc_column_text][/vc_column][vc_column width=&#8221;1/3&#8243;][elx_heading font_size=&#8221;h3&#8243; text_color=&#8221;inherit&#8221;]Qualità e<br />
performance<br />
nel tempo[/elx_heading][vc_column_text]Mettiamo l&#8217;accento sul ciclo vita e sulle prestazioni delle attrezzature Electrolux Professional. I nostri accessori, consumabili &amp; ricambi originali ti assicurano qualità e uniformità delle performance.[/vc_column_text][/vc_column][vc_column width=&#8221;1/3&#8243;][elx_heading font_size=&#8221;h3&#8243; text_color=&#8221;inherit&#8221;]Spedizione<br />
rapida in<br />
tutto il mondo[/elx_heading][vc_column_text]Garantiamo, in tutto il mondo, una spedizione veloce e tempestiva dei nostri Accessori &amp; Consumabili.[/vc_column_text][/vc_column][/vc_row][vc_row css=&#8221;.vc_custom_1523535531732{background-color: #f4f4f4 !important;}&#8221;][vc_column width=&#8221;1/3&#8243;][vc_empty_space][elx_simple_link_block link=&#8221;url:https%3A%2F%2Fwww.electroluxprofessional.com%2Fit%2Faccessori-consumabili%2Faccessori-e-consumabili-cottura-modulare%2F|title:Cottura%20modulare||&#8221; text_align=&#8221;text-left&#8221; text_color=&#8221;inherit&#8221; background_color=&#8221;inherit&#8221; background_hover_color=&#8221;darker-hover&#8221; extra_class=&#8221;&#8221; reveal_effect=&#8221;&#8221; reveal_duration=&#8221;&#8221; reveal_delay=&#8221;&#8221;][vc_single_image image=&#8221;9448&#8243; img_size=&#8221;360*120&#8243;][elx_heading font_size=&#8221;h5&#8243; text_color=&#8221;inherit&#8221;]Cottura modulare[/elx_heading][vc_column_text]Cuocipasta, sgrassanti professionali per superfici calde, frytop, friggitrici.[/vc_column_text][/elx_simple_link_block][/vc_column][vc_column width=&#8221;1/3&#8243;][vc_empty_space][elx_simple_link_block link=&#8221;url:https%3A%2F%2Fwww.electroluxprofessional.com%2Fit%2Faccessori-consumabili%2Faccessori-e-consumabili-speedelight%2F|title:SpeeDelight||&#8221; text_align=&#8221;text-left&#8221; text_color=&#8221;inherit&#8221; background_color=&#8221;inherit&#8221; background_hover_color=&#8221;darker-hover&#8221; extra_class=&#8221;&#8221; reveal_effect=&#8221;&#8221; reveal_duration=&#8221;&#8221; reveal_delay=&#8221;&#8221;][vc_single_image image=&#8221;9449&#8243; img_size=&#8221;360*120&#8243;][elx_heading font_size=&#8221;h5&#8243; text_color=&#8221;inherit&#8221;]SpeeDelight[/elx_heading][vc_column_text]Mantieni il tuo SpeeDelight di Electrolux Professional in perfette condizioni, sempre pronto all’uso, per risultati di cottura impeccabili nel tempo.[/vc_column_text][/elx_simple_link_block][/vc_column][vc_column width=&#8221;1/3&#8243;][vc_empty_space][elx_simple_link_block link=&#8221;url:https%3A%2F%2Fwww.electroluxprofessional.com%2Fit%2Faccessori-consumabili%2Faccessori-consumabili-cook-chill%2F|title:Cook%20%26%20Chill&#8221; text_align=&#8221;text-left&#8221; text_color=&#8221;inherit&#8221; background_color=&#8221;inherit&#8221; background_hover_color=&#8221;darker-hover&#8221; extra_class=&#8221;&#8221; reveal_effect=&#8221;&#8221; reveal_duration=&#8221;&#8221; reveal_delay=&#8221;&#8221;][vc_single_image image=&#8221;13863&#8243; img_size=&#8221;360*120&#8243;][elx_heading font_size=&#8221;h5&#8243; text_color=&#8221;inherit&#8221;]Cook&amp;Chill[/elx_heading][vc_column_text]Tutta la gamma di accessori Electrolux Professional dedicati a forni ed abbattitori. Griglie, filtri, sacchetti per cotture sottovuoto, affumicatore e molto altro.[/vc_column_text][/elx_simple_link_block][/vc_column][/vc_row][vc_row css=&#8221;.vc_custom_1523535559178{background-color: #f4f4f4 !important;}&#8221;][vc_column width=&#8221;1/3&#8243;][elx_simple_link_block link=&#8221;url:https%3A%2F%2Fwww.electroluxprofessional.com%2Fit%2Faccessori-consumabili-refrigerazione%2F|title:Refrigerazione&#8221; text_align=&#8221;text-left&#8221; text_color=&#8221;inherit&#8221; background_color=&#8221;inherit&#8221; background_hover_color=&#8221;darker-hover&#8221; extra_class=&#8221;&#8221; reveal_effect=&#8221;&#8221; reveal_duration=&#8221;&#8221; reveal_delay=&#8221;&#8221;][vc_single_image image=&#8221;9451&#8243; img_size=&#8221;360*120&#8243;][elx_heading font_size=&#8221;h5&#8243; text_color=&#8221;inherit&#8221;]Refrigerazione[/elx_heading][vc_column_text]Gli accessori della refrigerazione di Electrolux Professional sono indispensabili per la corretta conservazione dei tuoi alimenti.[/vc_column_text][/elx_simple_link_block][/vc_column][vc_column width=&#8221;1/3&#8243;][elx_simple_link_block link=&#8221;url:https%3A%2F%2Fwww.electroluxprofessional.com%2Fit%2Faccessori-consumabili%2Faccessori-e-consumabili-lavaggio-stoviglie%2F|title:Lavaggio%20stoviglie||&#8221; text_align=&#8221;text-left&#8221; text_color=&#8221;inherit&#8221; background_color=&#8221;inherit&#8221; background_hover_color=&#8221;darker-hover&#8221; extra_class=&#8221;&#8221; reveal_effect=&#8221;&#8221; reveal_duration=&#8221;&#8221; reveal_delay=&#8221;&#8221;][vc_single_image image=&#8221;9452&#8243; img_size=&#8221;360*120&#8243;][elx_heading font_size=&#8221;h5&#8243; text_color=&#8221;inherit&#8221;]Lavaggio stoviglie[/elx_heading][vc_column_text]Scegli tra una vasta gamma di accessori originali di Electrolux Professional per completare la tua area di lavaggio.[/vc_column_text][/elx_simple_link_block][/vc_column][vc_column width=&#8221;1/3&#8243;][elx_simple_link_block link=&#8221;url:https%3A%2F%2Fwww.electroluxprofessional.com%2Fit%2Faccessori-e-consumabili-lavanderia%2F|title:Lavanderia|rel:nofollow&#8221; text_align=&#8221;text-left&#8221; text_color=&#8221;inherit&#8221; background_color=&#8221;inherit&#8221; background_hover_color=&#8221;darker-hover&#8221; extra_class=&#8221;&#8221; reveal_effect=&#8221;&#8221; reveal_duration=&#8221;&#8221; reveal_delay=&#8221;&#8221;][vc_single_image image=&#8221;9453&#8243; img_size=&#8221;360*120&#8243;][elx_heading font_size=&#8221;h5&#8243; text_color=&#8221;inherit&#8221;]Lavanderia[/elx_heading][vc_column_text]Per il successo di una lavanderia è importante organizzare al meglio anche le piccole cose, ecco perchè è importante affidarsi agli accessori &amp; consumabili originali di Electrolux Professional.[/vc_column_text][/elx_simple_link_block][/vc_column][/vc_row][vc_row][vc_column][vc_empty_space][elx_heading font_container=&#8221;h3&#8243; text_color=&#8221;inherit&#8221;]Richiedi maggiori info sui nostri Accessori &amp; Consumabili[/elx_heading][elx_o2000_contact_us s=&#8221;Richiesta informazioni su Accessorie &amp; Consumabili&#8221; container=&#8221;elxcontactus1484303211&#8243; r=&#8221;Desidero ricevere maggiori informazioni sui vostri Accessori e Consumabili. Vi chiedo cortesemente di contattarmi.&#8221;][/vc_column][/vc_row][vc_row][vc_column][vc_empty_space][/vc_column][/vc_row][vc_row disable_element=&#8221;yes&#8221;][vc_column width=&#8221;1/3&#8243;][elx_download_block text=&#8221;Accessories &amp; Consumables<br />
flyer&#8221; link=&#8221;https://files.professional.electrolux.com/docs/?n=CLF-9JE00190&amp;b=5&amp;l=1&#8243; background_color=&#8221;orange&#8221;][/vc_column][vc_column width=&#8221;1/3&#8243;][elx_download_block text=&#8221;Accessories &amp; Consumables<br />
card&#8221; link=&#8221;https://files.professional.electrolux.com/docs/?n=CLF-9JE00170&amp;b=5&amp;l=1&#8243; background_color=&#8221;orange&#8221;][/vc_column][vc_column width=&#8221;1/3&#8243;][/vc_column][/vc_row]</p>

<p>[vc_row full_width=&#8221;electroluxpro-full-width-no-padding&#8221;][vc_column][elx_image_block background_image=&#8221;9447&#8243; minimum_height=&#8221;400px&#8221;][/vc_column][/vc_row][vc_row][vc_column][elx_menu][/vc_column][/vc_row][vc_row][vc_column width=&#8221;1/2&#8243;][elx_heading font_container=&#8221;h1&#8243; font_size=&#8221;h3&#8243; text_color=&#8221;inherit&#8221;]Accessori &amp; Consumabili, il vostro valore aggiunto[/elx_heading][vc_column_text]Rigorosamente testati dai nostri esperti, gli Accessori &amp; Consumabili Electrolux Professional garantiscono nel tempo l&#8217;efficienza e la durata delle tue attrezzature. Un valore in più per la tua attività, insieme alla sicurezza degli utenti e dei consumatori.[/vc_column_text][vc_empty_space][/vc_column][vc_column width=&#8221;1/2&#8243;][vc_empty_space height=&#8221;80px&#8221;][elx_download_block text=&#8221;Accessorie &amp; Consumabili [&hellip;]</p>
