{"version":"1.0","provider_name":"Electrolux Professional Magyarorsz\u00e1g","provider_url":"https:\/\/www.electroluxprofessional.com\/hu","title":"Rozsdamentes ac\u00e9l b\u00fatorok - Electrolux Professional Magyarorsz\u00e1g","type":"rich","width":600,"height":338,"html":"<blockquote class=\"wp-embedded-content\" data-secret=\"yOHpgYtMhH\"><a href=\"https:\/\/www.electroluxprofessional.com\/hu\/rozsdamentes-acel-butorok\/\">Rozsdamentes ac\u00e9l b\u00fatorok<\/a><\/blockquote><iframe sandbox=\"allow-scripts\" security=\"restricted\" src=\"https:\/\/www.electroluxprofessional.com\/hu\/rozsdamentes-acel-butorok\/embed\/#?secret=yOHpgYtMhH\" width=\"600\" height=\"338\" title=\"&#8220;Rozsdamentes ac\u00e9l b\u00fatorok&#8221; &#8212; Electrolux Professional Magyarorsz\u00e1g\" data-secret=\"yOHpgYtMhH\" frameborder=\"0\" marginwidth=\"0\" marginheight=\"0\" scrolling=\"no\" class=\"wp-embedded-content\"><\/iframe><script type=\"text\/javascript\">\n\/* <![CDATA[ *\/\n\/*! This file is auto-generated *\/\n!function(d,l){\"use strict\";l.querySelector&&d.addEventListener&&\"undefined\"!=typeof URL&&(d.wp=d.wp||{},d.wp.receiveEmbedMessage||(d.wp.receiveEmbedMessage=function(e){var t=e.data;if((t||t.secret||t.message||t.value)&&!\/[^a-zA-Z0-9]\/.test(t.secret)){for(var s,r,n,a=l.querySelectorAll('iframe[data-secret=\"'+t.secret+'\"]'),o=l.querySelectorAll('blockquote[data-secret=\"'+t.secret+'\"]'),c=new RegExp(\"^https?:$\",\"i\"),i=0;i<o.length;i++)o[i].style.display=\"none\";for(i=0;i<a.length;i++)s=a[i],e.source===s.contentWindow&&(s.removeAttribute(\"style\"),\"height\"===t.message?(1e3<(r=parseInt(t.value,10))?r=1e3:~~r<200&&(r=200),s.height=r):\"link\"===t.message&&(r=new URL(s.getAttribute(\"src\")),n=new URL(t.value),c.test(n.protocol))&&n.host===r.host&&l.activeElement===s&&(d.top.location.href=t.value))}},d.addEventListener(\"message\",d.wp.receiveEmbedMessage,!1),l.addEventListener(\"DOMContentLoaded\",function(){for(var e,t,s=l.querySelectorAll(\"iframe.wp-embedded-content\"),r=0;r<s.length;r++)(t=(e=s[r]).getAttribute(\"data-secret\"))||(t=Math.random().toString(36).substring(2,12),e.src+=\"#?secret=\"+t,e.setAttribute(\"data-secret\",t)),e.contentWindow.postMessage({message:\"ready\",secret:t},\"*\")},!1)))}(window,document);\n\/* ]]> *\/\n<\/script>\n","description":"[vc_row full_width=&#8221;electroluxpro-full-width-no-padding&#8221;][vc_column][elx_hero_slider label_text_color=&#8221;inherit&#8221; images=&#8221;1801&#8243;][elx_heading font_container=&#8221;h1&#8243; font_size=&#8221;h2&#8243; text_color=&#8221;inherit&#8221;]Rozsdamentes ac\u00e9l b\u00fatorok[\/elx_heading][elx_heading font_size=&#8221;h3&#8243; text_color=&#8221;inherit&#8221;]Minden fog\u00e1s az el\u0151k\u00e9sz\u00edt\u0151 ter\u00fcleten kezdi[\/elx_heading][\/elx_hero_slider][\/vc_column][\/vc_row][vc_row][vc_column][vc_empty_space][vc_column_text]A rozsdamentes ac\u00e9l b\u00fatorokkal az Electrolux Professional lehet\u0151s\u00e9get ad a hozz\u00e1\u00e9rt\u0151knek, hogy egy olyan el\u0151k\u00e9sz\u00edt\u0151 konyh\u00e1t alak\u00edtsanak ki, amely kiv\u00e1l\u00f3 termel\u00e9kenys\u00e9get, kimagasl\u00f3 higi\u00e9ni\u00e1t \u00e9s a lehet\u0151 legnagyobb flexibilit\u00e1st biztos\u00edt. Rozsdamentes ac\u00e9l strukt\u00far\u00e1j\u00e1nak k\u00f6sz\u00f6nhet\u0151en ezen\u00a0term\u00e9ksk\u00e1la hossz\u00fa \u00e9lettartamra \u00e9s nagy ig\u00e9nybev\u00e9telre lett [&hellip;]"}

Electrolux Professional Magyarország

Rozsdamentes acél bútorok - Electrolux Professional Magyarország

<blockquote class="wp-embedded-content" data-secret="yOHpgYtMhH"><a href="https://www.electroluxprofessional.com/hu/rozsdamentes-acel-butorok/">Rozsdamentes acél bútorok</a></blockquote><iframe sandbox="allow-scripts" security="restricted" src="https://www.electroluxprofessional.com/hu/rozsdamentes-acel-butorok/embed/#?secret=yOHpgYtMhH" width="600" height="338" title="&#8220;Rozsdamentes acél bútorok&#8221; &#8212; Electrolux Professional Magyarország" data-secret="yOHpgYtMhH" frameborder="0" marginwidth="0" marginheight="0" scrolling="no" class="wp-embedded-content"></iframe><script type="text/javascript">
/* <![CDATA[ */
/*! This file is auto-generated */
!function(d,l){"use strict";l.querySelector&&d.addEventListener&&"undefined"!=typeof URL&&(d.wp=d.wp||{},d.wp.receiveEmbedMessage||(d.wp.receiveEmbedMessage=function(e){var t=e.data;if((t||t.secret||t.message||t.value)&&!/[^a-zA-Z0-9]/.test(t.secret)){for(var s,r,n,a=l.querySelectorAll('iframe[data-secret="'+t.secret+'"]'),o=l.querySelectorAll('blockquote[data-secret="'+t.secret+'"]'),c=new RegExp("^https?:$","i"),i=0;i<o.length;i++)o[i].style.display="none";for(i=0;i<a.length;i++)s=a[i],e.source===s.contentWindow&&(s.removeAttribute("style"),"height"===t.message?(1e3<(r=parseInt(t.value,10))?r=1e3:~~r<200&&(r=200),s.height=r):"link"===t.message&&(r=new URL(s.getAttribute("src")),n=new URL(t.value),c.test(n.protocol))&&n.host===r.host&&l.activeElement===s&&(d.top.location.href=t.value))}},d.addEventListener("message",d.wp.receiveEmbedMessage,!1),l.addEventListener("DOMContentLoaded",function(){for(var e,t,s=l.querySelectorAll("iframe.wp-embedded-content"),r=0;r<s.length;r++)(t=(e=s[r]).getAttribute("data-secret"))||(t=Math.random().toString(36).substring(2,12),e.src+="#?secret="+t,e.setAttribute("data-secret",t)),e.contentWindow.postMessage({message:"ready",secret:t},"*")},!1)))}(window,document);
/* ]]> */
</script>

[vc_row full_width=&#8221;electroluxpro-full-width-no-padding&#8221;][vc_column][elx_hero_slider label_text_color=&#8221;inherit&#8221; images=&#8221;1801&#8243;][elx_heading font_container=&#8221;h1&#8243; font_size=&#8221;h2&#8243; text_color=&#8221;inherit&#8221;]Rozsdamentes acél bútorok[/elx_heading][elx_heading font_size=&#8221;h3&#8243; text_color=&#8221;inherit&#8221;]Minden fogás az előkészítő területen kezdi[/elx_heading][/elx_hero_slider][/vc_column][/vc_row][vc_row][vc_column][vc_empty_space][vc_column_text]A rozsdamentes acél bútorokkal az Electrolux Professional lehetőséget ad a hozzáértőknek, hogy egy olyan előkészítő konyhát alakítsanak ki, amely kiváló termelékenységet, kimagasló higiéniát és a lehető legnagyobb flexibilitást biztosít. Rozsdamentes acél struktúrájának köszönhetően ezen termékskála hosszú élettartamra és nagy igénybevételre lett [&hellip;]
