{"version":"1.0","provider_name":"Electrolux Professional Magyarorsz\u00e1g","provider_url":"https:\/\/www.electroluxprofessional.com\/hu","title":"R\u00f3lunk - Electrolux Professional Magyarorsz\u00e1g","type":"rich","width":600,"height":338,"html":"<blockquote class=\"wp-embedded-content\" data-secret=\"ta5q4GVsJL\"><a href=\"https:\/\/www.electroluxprofessional.com\/hu\/rolunk\/\">R\u00f3lunk<\/a><\/blockquote><iframe sandbox=\"allow-scripts\" security=\"restricted\" src=\"https:\/\/www.electroluxprofessional.com\/hu\/rolunk\/embed\/#?secret=ta5q4GVsJL\" width=\"600\" height=\"338\" title=\"&#8220;R\u00f3lunk&#8221; &#8212; Electrolux Professional Magyarorsz\u00e1g\" data-secret=\"ta5q4GVsJL\" frameborder=\"0\" marginwidth=\"0\" marginheight=\"0\" scrolling=\"no\" class=\"wp-embedded-content\"><\/iframe><script type=\"text\/javascript\">\n\/* <![CDATA[ *\/\n\/*! This file is auto-generated *\/\n!function(d,l){\"use strict\";l.querySelector&&d.addEventListener&&\"undefined\"!=typeof URL&&(d.wp=d.wp||{},d.wp.receiveEmbedMessage||(d.wp.receiveEmbedMessage=function(e){var t=e.data;if((t||t.secret||t.message||t.value)&&!\/[^a-zA-Z0-9]\/.test(t.secret)){for(var s,r,n,a=l.querySelectorAll('iframe[data-secret=\"'+t.secret+'\"]'),o=l.querySelectorAll('blockquote[data-secret=\"'+t.secret+'\"]'),c=new RegExp(\"^https?:$\",\"i\"),i=0;i<o.length;i++)o[i].style.display=\"none\";for(i=0;i<a.length;i++)s=a[i],e.source===s.contentWindow&&(s.removeAttribute(\"style\"),\"height\"===t.message?(1e3<(r=parseInt(t.value,10))?r=1e3:~~r<200&&(r=200),s.height=r):\"link\"===t.message&&(r=new URL(s.getAttribute(\"src\")),n=new URL(t.value),c.test(n.protocol))&&n.host===r.host&&l.activeElement===s&&(d.top.location.href=t.value))}},d.addEventListener(\"message\",d.wp.receiveEmbedMessage,!1),l.addEventListener(\"DOMContentLoaded\",function(){for(var e,t,s=l.querySelectorAll(\"iframe.wp-embedded-content\"),r=0;r<s.length;r++)(t=(e=s[r]).getAttribute(\"data-secret\"))||(t=Math.random().toString(36).substring(2,12),e.src+=\"#?secret=\"+t,e.setAttribute(\"data-secret\",t)),e.contentWindow.postMessage({message:\"ready\",secret:t},\"*\")},!1)))}(window,document);\n\/* ]]> *\/\n<\/script>\n","description":"[vc_row][vc_column][elx_heading font_container=&#8221;h1&#8243; font_size=&#8221;h2&#8243; text_color=&#8221;inherit&#8221;]Ez az Electrolux Professional[\/elx_heading][\/vc_column][\/vc_row][vc_row][vc_column][elx_video_block background_image=&#8221;757&#8243; video_link=&#8221;https:\/\/www.youtube.com\/watch?v=l7-2KSjiyuY&#8221; minimum_height=&#8221;600px&#8221;][\/vc_column][\/vc_row][vc_row css=&#8221;.vc_custom_1465566954449{padding-top: 20px !important;}&#8221;][vc_column][vc_column_text]Az Electrolux Professional-n\u00e9l tudjuk, hogy a megfelel\u0151 eszk\u00f6z\u00f6k \u00e9s berendez\u00e9sek pozit\u00edv hat\u00e1ssal vannak az \u00d6n \u00e9let\u00e9re. \u00cdgy mindennapos, pozit\u00edv v\u00e1ltoz\u00e1st tudunk v\u00e9ghezvinni az \u00d6n illetve bolyg\u00f3nk sz\u00e1m\u00e1ra. B\u00fcszk\u00e9k vagyunk az innov\u00e1ci\u00f3 \u00e9s design ter\u00e9n el\u00e9rt vezet\u0151 poz\u00edci\u00f3nkra, olyan megold\u00e1sokat ny\u00fajtunk, amelyekre \u00d6nnek sz\u00fcks\u00e9ge [&hellip;]"}

Electrolux Professional Magyarország

Rólunk - Electrolux Professional Magyarország

<blockquote class="wp-embedded-content" data-secret="ta5q4GVsJL"><a href="https://www.electroluxprofessional.com/hu/rolunk/">Rólunk</a></blockquote><iframe sandbox="allow-scripts" security="restricted" src="https://www.electroluxprofessional.com/hu/rolunk/embed/#?secret=ta5q4GVsJL" width="600" height="338" title="&#8220;Rólunk&#8221; &#8212; Electrolux Professional Magyarország" data-secret="ta5q4GVsJL" frameborder="0" marginwidth="0" marginheight="0" scrolling="no" class="wp-embedded-content"></iframe><script type="text/javascript">
/* <![CDATA[ */
/*! This file is auto-generated */
!function(d,l){"use strict";l.querySelector&&d.addEventListener&&"undefined"!=typeof URL&&(d.wp=d.wp||{},d.wp.receiveEmbedMessage||(d.wp.receiveEmbedMessage=function(e){var t=e.data;if((t||t.secret||t.message||t.value)&&!/[^a-zA-Z0-9]/.test(t.secret)){for(var s,r,n,a=l.querySelectorAll('iframe[data-secret="'+t.secret+'"]'),o=l.querySelectorAll('blockquote[data-secret="'+t.secret+'"]'),c=new RegExp("^https?:$","i"),i=0;i<o.length;i++)o[i].style.display="none";for(i=0;i<a.length;i++)s=a[i],e.source===s.contentWindow&&(s.removeAttribute("style"),"height"===t.message?(1e3<(r=parseInt(t.value,10))?r=1e3:~~r<200&&(r=200),s.height=r):"link"===t.message&&(r=new URL(s.getAttribute("src")),n=new URL(t.value),c.test(n.protocol))&&n.host===r.host&&l.activeElement===s&&(d.top.location.href=t.value))}},d.addEventListener("message",d.wp.receiveEmbedMessage,!1),l.addEventListener("DOMContentLoaded",function(){for(var e,t,s=l.querySelectorAll("iframe.wp-embedded-content"),r=0;r<s.length;r++)(t=(e=s[r]).getAttribute("data-secret"))||(t=Math.random().toString(36).substring(2,12),e.src+="#?secret="+t,e.setAttribute("data-secret",t)),e.contentWindow.postMessage({message:"ready",secret:t},"*")},!1)))}(window,document);
/* ]]> */
</script>

[vc_row][vc_column][elx_heading font_container=&#8221;h1&#8243; font_size=&#8221;h2&#8243; text_color=&#8221;inherit&#8221;]Ez az Electrolux Professional[/elx_heading][/vc_column][/vc_row][vc_row][vc_column][elx_video_block background_image=&#8221;757&#8243; video_link=&#8221;https://www.youtube.com/watch?v=l7-2KSjiyuY&#8221; minimum_height=&#8221;600px&#8221;][/vc_column][/vc_row][vc_row css=&#8221;.vc_custom_1465566954449{padding-top: 20px !important;}&#8221;][vc_column][vc_column_text]Az Electrolux Professional-nél tudjuk, hogy a megfelelő eszközök és berendezések pozitív hatással vannak az Ön életére. Így mindennapos, pozitív változást tudunk véghezvinni az Ön illetve bolygónk számára. Büszkék vagyunk az innováció és design terén elért vezető pozíciónkra, olyan megoldásokat nyújtunk, amelyekre Önnek szüksége [&hellip;]
