{"version":"1.0","provider_name":"Electrolux Professional Magyarorsz\u00e1g","provider_url":"https:\/\/www.electroluxprofessional.com\/hu","title":"\u00daj Line 6000 sz\u00e1r\u00edt\u00f3g\u00e9pek - Electrolux Professional Magyarorsz\u00e1g","type":"rich","width":600,"height":338,"html":"<blockquote class=\"wp-embedded-content\" data-secret=\"X3byQ8pEW9\"><a href=\"https:\/\/www.electroluxprofessional.com\/hu\/new-line-6000-tumble-dryers\/\">\u00daj Line 6000 sz\u00e1r\u00edt\u00f3g\u00e9pek<\/a><\/blockquote><iframe sandbox=\"allow-scripts\" security=\"restricted\" src=\"https:\/\/www.electroluxprofessional.com\/hu\/new-line-6000-tumble-dryers\/embed\/#?secret=X3byQ8pEW9\" width=\"600\" height=\"338\" title=\"&#8220;\u00daj Line 6000 sz\u00e1r\u00edt\u00f3g\u00e9pek&#8221; &#8212; Electrolux Professional Magyarorsz\u00e1g\" data-secret=\"X3byQ8pEW9\" frameborder=\"0\" marginwidth=\"0\" marginheight=\"0\" scrolling=\"no\" class=\"wp-embedded-content\"><\/iframe><script type=\"text\/javascript\">\n\/* <![CDATA[ *\/\n\/*! This file is auto-generated *\/\n!function(d,l){\"use strict\";l.querySelector&&d.addEventListener&&\"undefined\"!=typeof URL&&(d.wp=d.wp||{},d.wp.receiveEmbedMessage||(d.wp.receiveEmbedMessage=function(e){var t=e.data;if((t||t.secret||t.message||t.value)&&!\/[^a-zA-Z0-9]\/.test(t.secret)){for(var s,r,n,a=l.querySelectorAll('iframe[data-secret=\"'+t.secret+'\"]'),o=l.querySelectorAll('blockquote[data-secret=\"'+t.secret+'\"]'),c=new RegExp(\"^https?:$\",\"i\"),i=0;i<o.length;i++)o[i].style.display=\"none\";for(i=0;i<a.length;i++)s=a[i],e.source===s.contentWindow&&(s.removeAttribute(\"style\"),\"height\"===t.message?(1e3<(r=parseInt(t.value,10))?r=1e3:~~r<200&&(r=200),s.height=r):\"link\"===t.message&&(r=new URL(s.getAttribute(\"src\")),n=new URL(t.value),c.test(n.protocol))&&n.host===r.host&&l.activeElement===s&&(d.top.location.href=t.value))}},d.addEventListener(\"message\",d.wp.receiveEmbedMessage,!1),l.addEventListener(\"DOMContentLoaded\",function(){for(var e,t,s=l.querySelectorAll(\"iframe.wp-embedded-content\"),r=0;r<s.length;r++)(t=(e=s[r]).getAttribute(\"data-secret\"))||(t=Math.random().toString(36).substring(2,12),e.src+=\"#?secret=\"+t,e.setAttribute(\"data-secret\",t)),e.contentWindow.postMessage({message:\"ready\",secret:t},\"*\")},!1)))}(window,document);\n\/* ]]> *\/\n<\/script>\n","thumbnail_url":"https:\/\/www.electroluxprofessional.com\/hu\/wp-content\/uploads\/2018\/06\/L6000-.jpg","thumbnail_width":1455,"thumbnail_height":400,"description":"[vc_row][vc_column][elx_heading font_size=&#8221;h3&#8243; text_color=&#8221;inherit&#8221;]A k\u00f6nnyed mos\u00e1s szak\u00e9rt\u0151je[\/elx_heading][vc_column_text]Intenz\u00edv kutat\u00e1sainknak \u00e9s \u00e9lvonalbeli term\u00e9kfejleszt\u00e9s\u00fcnknek k\u00f6sz\u00f6nhet\u0151en siker\u00fclt egy olyan\u00a0ergonomikus sz\u00e1r\u00edt\u00f3g\u00e9pekb\u0151l \u00e1ll\u00f3 term\u00e9kvonalat\u00a0l\u00e9trehoznunk, amely rendk\u00edv\u00fcli takar\u00e9koss\u00e1g mellett k\u00f6nnyed m\u0171k\u00f6d\u00e9st biztos\u00edt.[\/vc_column_text][\/vc_column][\/vc_row][vc_row][vc_column width=&#8221;2\/3&#8243;][elx_video_block background_image=&#8221;4396&#8243; video_link=&#8221;https:\/\/www.youtube.com\/watch?v=GhQpllhtj_M&amp;list=PLn-GI5LWCZdRYioTeCqGRM2RzRyTAD0fP&#8221; minimum_height=&#8221;400px&#8221;][\/vc_column][vc_column width=&#8221;1\/3&#8243;][elx_heading font_size=&#8221;h3&#8243; text_color=&#8221;inherit&#8221;]Sokoldal\u00fa teljes\u00edtm\u00e9ny[\/elx_heading][vc_empty_space height=&#8221;10px&#8221;][vc_column_text]A kiv\u00e1l\u00f3 textil\u00e1pol\u00e1st\u00f3l a v\u00edz- \u00e9s energiatakar\u00e9koss\u00e1gig, az intelligens m\u0171k\u00f6d\u00e9st\u0151l a k\u00f6nnyen haszn\u00e1lhat\u00f3, egyedi funkci\u00f3kig. K\u00fcl\u00f6n \u00e9rt\u00e9krend h\u00faz\u00f3dik meg az \u00faj\u00a0sz\u00e1r\u00edt\u00f3g\u00e9peink m\u00f6g\u00f6tt. Electrolux [&hellip;]"}

Electrolux Professional Magyarország

Új Line 6000 szárítógépek - Electrolux Professional Magyarország

<blockquote class="wp-embedded-content" data-secret="X3byQ8pEW9"><a href="https://www.electroluxprofessional.com/hu/new-line-6000-tumble-dryers/">Új Line 6000 szárítógépek</a></blockquote><iframe sandbox="allow-scripts" security="restricted" src="https://www.electroluxprofessional.com/hu/new-line-6000-tumble-dryers/embed/#?secret=X3byQ8pEW9" width="600" height="338" title="&#8220;Új Line 6000 szárítógépek&#8221; &#8212; Electrolux Professional Magyarország" data-secret="X3byQ8pEW9" frameborder="0" marginwidth="0" marginheight="0" scrolling="no" class="wp-embedded-content"></iframe><script type="text/javascript">
/* <![CDATA[ */
/*! This file is auto-generated */
!function(d,l){"use strict";l.querySelector&&d.addEventListener&&"undefined"!=typeof URL&&(d.wp=d.wp||{},d.wp.receiveEmbedMessage||(d.wp.receiveEmbedMessage=function(e){var t=e.data;if((t||t.secret||t.message||t.value)&&!/[^a-zA-Z0-9]/.test(t.secret)){for(var s,r,n,a=l.querySelectorAll('iframe[data-secret="'+t.secret+'"]'),o=l.querySelectorAll('blockquote[data-secret="'+t.secret+'"]'),c=new RegExp("^https?:$","i"),i=0;i<o.length;i++)o[i].style.display="none";for(i=0;i<a.length;i++)s=a[i],e.source===s.contentWindow&&(s.removeAttribute("style"),"height"===t.message?(1e3<(r=parseInt(t.value,10))?r=1e3:~~r<200&&(r=200),s.height=r):"link"===t.message&&(r=new URL(s.getAttribute("src")),n=new URL(t.value),c.test(n.protocol))&&n.host===r.host&&l.activeElement===s&&(d.top.location.href=t.value))}},d.addEventListener("message",d.wp.receiveEmbedMessage,!1),l.addEventListener("DOMContentLoaded",function(){for(var e,t,s=l.querySelectorAll("iframe.wp-embedded-content"),r=0;r<s.length;r++)(t=(e=s[r]).getAttribute("data-secret"))||(t=Math.random().toString(36).substring(2,12),e.src+="#?secret="+t,e.setAttribute("data-secret",t)),e.contentWindow.postMessage({message:"ready",secret:t},"*")},!1)))}(window,document);
/* ]]> */
</script>

[vc_row][vc_column][elx_heading font_size=&#8221;h3&#8243; text_color=&#8221;inherit&#8221;]A könnyed mosás szakértője[/elx_heading][vc_column_text]Intenzív kutatásainknak és élvonalbeli termékfejlesztésünknek köszönhetően sikerült egy olyan ergonomikus szárítógépekből álló termékvonalat létrehoznunk, amely rendkívüli takarékosság mellett könnyed működést biztosít.[/vc_column_text][/vc_column][/vc_row][vc_row][vc_column width=&#8221;2/3&#8243;][elx_video_block background_image=&#8221;4396&#8243; video_link=&#8221;https://www.youtube.com/watch?v=GhQpllhtj_M&amp;list=PLn-GI5LWCZdRYioTeCqGRM2RzRyTAD0fP&#8221; minimum_height=&#8221;400px&#8221;][/vc_column][vc_column width=&#8221;1/3&#8243;][elx_heading font_size=&#8221;h3&#8243; text_color=&#8221;inherit&#8221;]Sokoldalú teljesítmény[/elx_heading][vc_empty_space height=&#8221;10px&#8221;][vc_column_text]A kiváló textilápolástól a víz- és energiatakarékosságig, az intelligens működéstől a könnyen használható, egyedi funkciókig. Külön értékrend húzódik meg az új szárítógépeink mögött. Electrolux [&hellip;]
