{"version":"1.0","provider_name":"Electrolux Professional Magyarorsz\u00e1g","provider_url":"https:\/\/www.electroluxprofessional.com\/hu","title":"\u00c9rt\u00e9kes\u00edt\u00e9si \u00e9s szerviz lok\u00e1tor - Electrolux Professional Magyarorsz\u00e1g","type":"rich","width":600,"height":338,"html":"<blockquote class=\"wp-embedded-content\" data-secret=\"1fKVDQ5lvG\"><a href=\"https:\/\/www.electroluxprofessional.com\/hu\/ertekesitesi-es-szerviz-lokator\/\">\u00c9rt\u00e9kes\u00edt\u00e9si \u00e9s szerviz lok\u00e1tor<\/a><\/blockquote><iframe sandbox=\"allow-scripts\" security=\"restricted\" src=\"https:\/\/www.electroluxprofessional.com\/hu\/ertekesitesi-es-szerviz-lokator\/embed\/#?secret=1fKVDQ5lvG\" width=\"600\" height=\"338\" title=\"&#8220;\u00c9rt\u00e9kes\u00edt\u00e9si \u00e9s szerviz lok\u00e1tor&#8221; &#8212; Electrolux Professional Magyarorsz\u00e1g\" data-secret=\"1fKVDQ5lvG\" frameborder=\"0\" marginwidth=\"0\" marginheight=\"0\" scrolling=\"no\" class=\"wp-embedded-content\"><\/iframe><script type=\"text\/javascript\">\n\/* <![CDATA[ *\/\n\/*! This file is auto-generated *\/\n!function(d,l){\"use strict\";l.querySelector&&d.addEventListener&&\"undefined\"!=typeof URL&&(d.wp=d.wp||{},d.wp.receiveEmbedMessage||(d.wp.receiveEmbedMessage=function(e){var t=e.data;if((t||t.secret||t.message||t.value)&&!\/[^a-zA-Z0-9]\/.test(t.secret)){for(var s,r,n,a=l.querySelectorAll('iframe[data-secret=\"'+t.secret+'\"]'),o=l.querySelectorAll('blockquote[data-secret=\"'+t.secret+'\"]'),c=new RegExp(\"^https?:$\",\"i\"),i=0;i<o.length;i++)o[i].style.display=\"none\";for(i=0;i<a.length;i++)s=a[i],e.source===s.contentWindow&&(s.removeAttribute(\"style\"),\"height\"===t.message?(1e3<(r=parseInt(t.value,10))?r=1e3:~~r<200&&(r=200),s.height=r):\"link\"===t.message&&(r=new URL(s.getAttribute(\"src\")),n=new URL(t.value),c.test(n.protocol))&&n.host===r.host&&l.activeElement===s&&(d.top.location.href=t.value))}},d.addEventListener(\"message\",d.wp.receiveEmbedMessage,!1),l.addEventListener(\"DOMContentLoaded\",function(){for(var e,t,s=l.querySelectorAll(\"iframe.wp-embedded-content\"),r=0;r<s.length;r++)(t=(e=s[r]).getAttribute(\"data-secret\"))||(t=Math.random().toString(36).substring(2,12),e.src+=\"#?secret=\"+t,e.setAttribute(\"data-secret\",t)),e.contentWindow.postMessage({message:\"ready\",secret:t},\"*\")},!1)))}(window,document);\n\/* ]]> *\/\n<\/script>\n","description":"[vc_row][vc_column][vc_single_image image=&#8221;6203&#8243; img_size=&#8221;2000*580&#8243;][\/vc_column][\/vc_row][vc_row][vc_column][elx_heading font_container=&#8221;h1&#8243; font_size=&#8221;h2&#8243; text_color=&#8221;inherit&#8221;]\u00c9rt\u00e9kes\u00edt\u00e9si \u00e9s szerviz lok\u00e1tor[\/elx_heading][\/vc_column][\/vc_row][vc_row][vc_column][vc_empty_space][elx_o2000_locator cf=&#8221;Hungary&#8221; country_cluster=&#8221;&#8221; l=&#8221;hu&#8221; request=&#8221;Tov\u00e1bbi inform\u00e1ci\u00f3t szeretn\u00e9k k\u00e9rni a {{acs}}&#8221;][vc_empty_space][\/vc_column][\/vc_row][vc_row custom_color_row=&#8221;bg-row-light-blue&#8221; css=&#8221;.vc_custom_1739176875824{background-color: #e9eff5 !important;}&#8221;][vc_column][vc_empty_space][elx_heading font_size=&#8221;h4&#8243; text_color=&#8221;electrolux-blue&#8221; text_align=&#8221;text-left&#8221;]Legyen tan\u00fas\u00edtott szolg\u00e1ltat\u00e1si partner! [\/elx_heading][vc_empty_space height=&#8221;10px&#8221;][vc_column_text]Csatlakozzon a tan\u00fas\u00edtott szolg\u00e1ltat\u00e1si h\u00e1l\u00f3zatunkhoz! B\u0151v\u00edtse v\u00e1llalkoz\u00e1s\u00e1t az\u00e1ltal, hogy hivatalos szolg\u00e1ltat\u00e1si partnerr\u00e9 v\u00e1lik. Exkluz\u00edv k\u00e9pz\u00e9sekhez, t\u00e1mogat\u00e1shoz \u00e9s n\u00f6veked\u00e9si lehet\u0151s\u00e9gekhez f\u00e9rhet hozz\u00e1.\u00a0\u00a0[\/vc_column_text][vc_empty_space height=&#8221;25px&#8221;][elx_o2000_contact_us request_type=&#8221;Customer support&#8221; button_mode=&#8221;true&#8221; button_style=&#8221;secondary&#8221; [&hellip;]"}

Electrolux Professional Magyarország

Értékesítési és szerviz lokátor - Electrolux Professional Magyarország

<blockquote class="wp-embedded-content" data-secret="1fKVDQ5lvG"><a href="https://www.electroluxprofessional.com/hu/ertekesitesi-es-szerviz-lokator/">Értékesítési és szerviz lokátor</a></blockquote><iframe sandbox="allow-scripts" security="restricted" src="https://www.electroluxprofessional.com/hu/ertekesitesi-es-szerviz-lokator/embed/#?secret=1fKVDQ5lvG" width="600" height="338" title="&#8220;Értékesítési és szerviz lokátor&#8221; &#8212; Electrolux Professional Magyarország" data-secret="1fKVDQ5lvG" frameborder="0" marginwidth="0" marginheight="0" scrolling="no" class="wp-embedded-content"></iframe><script type="text/javascript">
/* <![CDATA[ */
/*! This file is auto-generated */
!function(d,l){"use strict";l.querySelector&&d.addEventListener&&"undefined"!=typeof URL&&(d.wp=d.wp||{},d.wp.receiveEmbedMessage||(d.wp.receiveEmbedMessage=function(e){var t=e.data;if((t||t.secret||t.message||t.value)&&!/[^a-zA-Z0-9]/.test(t.secret)){for(var s,r,n,a=l.querySelectorAll('iframe[data-secret="'+t.secret+'"]'),o=l.querySelectorAll('blockquote[data-secret="'+t.secret+'"]'),c=new RegExp("^https?:$","i"),i=0;i<o.length;i++)o[i].style.display="none";for(i=0;i<a.length;i++)s=a[i],e.source===s.contentWindow&&(s.removeAttribute("style"),"height"===t.message?(1e3<(r=parseInt(t.value,10))?r=1e3:~~r<200&&(r=200),s.height=r):"link"===t.message&&(r=new URL(s.getAttribute("src")),n=new URL(t.value),c.test(n.protocol))&&n.host===r.host&&l.activeElement===s&&(d.top.location.href=t.value))}},d.addEventListener("message",d.wp.receiveEmbedMessage,!1),l.addEventListener("DOMContentLoaded",function(){for(var e,t,s=l.querySelectorAll("iframe.wp-embedded-content"),r=0;r<s.length;r++)(t=(e=s[r]).getAttribute("data-secret"))||(t=Math.random().toString(36).substring(2,12),e.src+="#?secret="+t,e.setAttribute("data-secret",t)),e.contentWindow.postMessage({message:"ready",secret:t},"*")},!1)))}(window,document);
/* ]]> */
</script>

[vc_row][vc_column][vc_single_image image=&#8221;6203&#8243; img_size=&#8221;2000*580&#8243;][/vc_column][/vc_row][vc_row][vc_column][elx_heading font_container=&#8221;h1&#8243; font_size=&#8221;h2&#8243; text_color=&#8221;inherit&#8221;]Értékesítési és szerviz lokátor[/elx_heading][/vc_column][/vc_row][vc_row][vc_column][vc_empty_space][elx_o2000_locator cf=&#8221;Hungary&#8221; country_cluster=&#8221;&#8221; l=&#8221;hu&#8221; request=&#8221;További információt szeretnék kérni a {{acs}}&#8221;][vc_empty_space][/vc_column][/vc_row][vc_row custom_color_row=&#8221;bg-row-light-blue&#8221; css=&#8221;.vc_custom_1739176875824{background-color: #e9eff5 !important;}&#8221;][vc_column][vc_empty_space][elx_heading font_size=&#8221;h4&#8243; text_color=&#8221;electrolux-blue&#8221; text_align=&#8221;text-left&#8221;]Legyen tanúsított szolgáltatási partner! [/elx_heading][vc_empty_space height=&#8221;10px&#8221;][vc_column_text]Csatlakozzon a tanúsított szolgáltatási hálózatunkhoz! Bővítse vállalkozását azáltal, hogy hivatalos szolgáltatási partnerré válik. Exkluzív képzésekhez, támogatáshoz és növekedési lehetőségekhez férhet hozzá.  [/vc_column_text][vc_empty_space height=&#8221;25px&#8221;][elx_o2000_contact_us request_type=&#8221;Customer support&#8221; button_mode=&#8221;true&#8221; button_style=&#8221;secondary&#8221; [&hellip;]
