{"version":"1.0","provider_name":"Electrolux Professional Hrvatska","provider_url":"https:\/\/www.electroluxprofessional.com\/hr","author_name":"Tamara Rakovac","author_url":"https:\/\/www.electroluxprofessional.com\/hr\/author\/tamara-rakovac-electroluxprofessional-com\/","title":"Premijera ovogodi\u0161njeg premium proizvoda SpeeDelight - Electrolux Professional Hrvatska","type":"rich","width":600,"height":338,"html":"<blockquote class=\"wp-embedded-content\" data-secret=\"lAgVDVnNhm\"><a href=\"https:\/\/www.electroluxprofessional.com\/hr\/premijera-ovogodisnjeg-premium-proizvoda-speedelight\/\">Premijera ovogodi\u0161njeg premium proizvoda SpeeDelight<\/a><\/blockquote><iframe sandbox=\"allow-scripts\" security=\"restricted\" src=\"https:\/\/www.electroluxprofessional.com\/hr\/premijera-ovogodisnjeg-premium-proizvoda-speedelight\/embed\/#?secret=lAgVDVnNhm\" width=\"600\" height=\"338\" title=\"&#8220;Premijera ovogodi\u0161njeg premium proizvoda SpeeDelight&#8221; &#8212; Electrolux Professional Hrvatska\" data-secret=\"lAgVDVnNhm\" frameborder=\"0\" marginwidth=\"0\" marginheight=\"0\" scrolling=\"no\" class=\"wp-embedded-content\"><\/iframe><script type=\"text\/javascript\">\n\/* <![CDATA[ *\/\n\/*! This file is auto-generated *\/\n!function(d,l){\"use strict\";l.querySelector&&d.addEventListener&&\"undefined\"!=typeof URL&&(d.wp=d.wp||{},d.wp.receiveEmbedMessage||(d.wp.receiveEmbedMessage=function(e){var t=e.data;if((t||t.secret||t.message||t.value)&&!\/[^a-zA-Z0-9]\/.test(t.secret)){for(var s,r,n,a=l.querySelectorAll('iframe[data-secret=\"'+t.secret+'\"]'),o=l.querySelectorAll('blockquote[data-secret=\"'+t.secret+'\"]'),c=new RegExp(\"^https?:$\",\"i\"),i=0;i<o.length;i++)o[i].style.display=\"none\";for(i=0;i<a.length;i++)s=a[i],e.source===s.contentWindow&&(s.removeAttribute(\"style\"),\"height\"===t.message?(1e3<(r=parseInt(t.value,10))?r=1e3:~~r<200&&(r=200),s.height=r):\"link\"===t.message&&(r=new URL(s.getAttribute(\"src\")),n=new URL(t.value),c.test(n.protocol))&&n.host===r.host&&l.activeElement===s&&(d.top.location.href=t.value))}},d.addEventListener(\"message\",d.wp.receiveEmbedMessage,!1),l.addEventListener(\"DOMContentLoaded\",function(){for(var e,t,s=l.querySelectorAll(\"iframe.wp-embedded-content\"),r=0;r<s.length;r++)(t=(e=s[r]).getAttribute(\"data-secret\"))||(t=Math.random().toString(36).substring(2,12),e.src+=\"#?secret=\"+t,e.setAttribute(\"data-secret\",t)),e.contentWindow.postMessage({message:\"ready\",secret:t},\"*\")},!1)))}(window,document);\n\/* ]]> *\/\n<\/script>\n","thumbnail_url":"https:\/\/www.electroluxprofessional.com\/hr\/wp-content\/uploads\/2017\/11\/022.jpg","thumbnail_width":5152,"thumbnail_height":3864,"description":"[vc_row][vc_column][vc_column_text]Electrolux Professional je na sajmu HoReCa Adria Opatijan, 09-11.studenog 2017. imao premijeru ovogodi\u0161njeg premium proizvoda SpeeDelight, jedinstvenog ure\u0111aja za brzu serviranje toplih sendvi\u010da, pizza, wraps, tortilja i sl. Kombinacijom triju tehnologija: grija\u010da, infracrvenog zra\u010denja i mikrovala poslu\u017eite svoje goste restorana brze prehrane, jednostavno, brzo i uvijek sa istim rezultatima![\/vc_column_text][\/vc_column][\/vc_row]"}

Premijera ovogodišnjeg premium proizvoda SpeeDelight - Electrolux Professional Hrvatska

<blockquote class="wp-embedded-content" data-secret="lAgVDVnNhm"><a href="https://www.electroluxprofessional.com/hr/premijera-ovogodisnjeg-premium-proizvoda-speedelight/">Premijera ovogodišnjeg premium proizvoda SpeeDelight</a></blockquote><iframe sandbox="allow-scripts" security="restricted" src="https://www.electroluxprofessional.com/hr/premijera-ovogodisnjeg-premium-proizvoda-speedelight/embed/#?secret=lAgVDVnNhm" width="600" height="338" title="&#8220;Premijera ovogodišnjeg premium proizvoda SpeeDelight&#8221; &#8212; Electrolux Professional Hrvatska" data-secret="lAgVDVnNhm" frameborder="0" marginwidth="0" marginheight="0" scrolling="no" class="wp-embedded-content"></iframe><script type="text/javascript">
/* <![CDATA[ */
/*! This file is auto-generated */
!function(d,l){"use strict";l.querySelector&&d.addEventListener&&"undefined"!=typeof URL&&(d.wp=d.wp||{},d.wp.receiveEmbedMessage||(d.wp.receiveEmbedMessage=function(e){var t=e.data;if((t||t.secret||t.message||t.value)&&!/[^a-zA-Z0-9]/.test(t.secret)){for(var s,r,n,a=l.querySelectorAll('iframe[data-secret="'+t.secret+'"]'),o=l.querySelectorAll('blockquote[data-secret="'+t.secret+'"]'),c=new RegExp("^https?:$","i"),i=0;i<o.length;i++)o[i].style.display="none";for(i=0;i<a.length;i++)s=a[i],e.source===s.contentWindow&&(s.removeAttribute("style"),"height"===t.message?(1e3<(r=parseInt(t.value,10))?r=1e3:~~r<200&&(r=200),s.height=r):"link"===t.message&&(r=new URL(s.getAttribute("src")),n=new URL(t.value),c.test(n.protocol))&&n.host===r.host&&l.activeElement===s&&(d.top.location.href=t.value))}},d.addEventListener("message",d.wp.receiveEmbedMessage,!1),l.addEventListener("DOMContentLoaded",function(){for(var e,t,s=l.querySelectorAll("iframe.wp-embedded-content"),r=0;r<s.length;r++)(t=(e=s[r]).getAttribute("data-secret"))||(t=Math.random().toString(36).substring(2,12),e.src+="#?secret="+t,e.setAttribute("data-secret",t)),e.contentWindow.postMessage({message:"ready",secret:t},"*")},!1)))}(window,document);
/* ]]> */
</script>

[vc_row][vc_column][vc_column_text]Electrolux Professional je na sajmu HoReCa Adria Opatijan, 09-11.studenog 2017. imao premijeru ovogodišnjeg premium proizvoda SpeeDelight, jedinstvenog uređaja za brzu serviranje toplih sendviča, pizza, wraps, tortilja i sl. Kombinacijom triju tehnologija: grijača, infracrvenog zračenja i mikrovala poslužite svoje goste restorana brze prehrane, jednostavno, brzo i uvijek sa istim rezultatima![/vc_column_text][/vc_column][/vc_row]
