{"id":9364,"date":"2019-09-27T14:38:14","date_gmt":"2019-09-27T12:38:14","guid":{"rendered":"https:\/\/www.electroluxprofessional.com\/?page_id=25408"},"modified":"2026-03-30T09:18:02","modified_gmt":"2026-03-30T09:18:02","slug":"a-propos","status":"publish","type":"page","link":"https:\/\/www.electroluxprofessional.com\/fr\/a-propos\/","title":{"rendered":"A propos"},"content":{"rendered":"<p>[vc_row full_width=&#8221;electroluxpro-full-width-no-padding&#8221;][vc_column][vc_single_image image=&#8221;18618&#8243; img_size=&#8221;2000x350px&#8221;][\/vc_column][\/vc_row][vc_row][vc_column][vc_empty_space height=&#8221;50px&#8221;][elx_heading font_container=&#8221;h1&#8243; text_color=&#8221;inherit&#8221;]Electrolux Professional, the OnE[\/elx_heading][vc_empty_space][\/vc_column][\/vc_row][vc_row][vc_column width=&#8221;1\/2&#8243;][vc_column_text]<strong>Nous sommes l\u2019unique partenaire de confiance qui simplifie la vie de ses clients tout en leur garantissant une meilleure rentabilit\u00e9 avec une approche v\u00e9ritablement durable au quotidien.<\/strong>[\/vc_column_text][vc_empty_space][vc_column_text]Quelle que soit votre activit\u00e9, <strong>Cuisine<\/strong>, <strong>Boisson<\/strong> ou <strong>Blanchisserie<\/strong>, nous proposons les exp\u00e9riences les plus durables et cela tout au long de votre activit\u00e9.<\/p>\n<p>Nous ouvrons la voie \u00e0 la conception de <strong>solutions compl\u00e8tes et int\u00e9gr\u00e9es<\/strong>. Celles-ci offrent une productivit\u00e9 maximale, les co\u00fbts les plus faibles et sont les plus faciles \u00e0 utiliser et \u00e0 entretenir au quotidien.[\/vc_column_text][\/vc_column][vc_column width=&#8221;1\/2&#8243;][elx_video_block background_image=&#8221;9356&#8243; minimum_height=&#8221;350px&#8221; video_link=&#8221;https:\/\/www.youtube.com\/watch?v=xfZTB9fSaYA&#8221;][\/vc_column][\/vc_row][vc_row css=&#8221;.vc_custom_1465566954449{padding-top: 20px !important;}&#8221;][vc_column][vc_column_text]Gr\u00e2ce \u00e0 <strong>The<\/strong> <strong>OnE<\/strong>, une interface unique, nous permettons \u00e0 nos clients de g\u00e9rer l\u2019ensemble de leurs op\u00e9rations en connectant et en synchronisant les meilleurs produits et services \u2013 nous cr\u00e9ons une valeur ajout\u00e9e business sans comparaison.[\/vc_column_text][vc_empty_space][vc_column_text]Electrolux Professional, <strong>the OnE<\/strong>, est l\u2019unique partenaire de solutions uniques et int\u00e9grales. La mani\u00e8re dont nous concevons nos solutions et process provient d&#8217;une <strong>culture centr\u00e9e sur l&#8217;humain<\/strong> et d&#8217;une <strong>expertise de longue date<\/strong> afin de rendre votre <strong>activit\u00e9 plus performante et plus durable.<\/strong>[\/vc_column_text][\/vc_column][\/vc_row][vc_row disable_element=&#8221;yes&#8221;][vc_column width=&#8221;1\/2&#8243;][vc_column_text]<\/p>\n<p>&nbsp;<\/p>\n<p><strong>Rejoindre notre \u00e9quipe ?<\/strong><\/p>\n<p>Apprenez-en davantage sur le travail chez Electrolux Professional gr\u00e2ce au partage et aux t\u00e9moignages de nos employ\u00e9s.<\/p>\n<p>&nbsp;<\/p>\n<p>[\/vc_column_text][elx_button button_text=&#8221;Rejoindre notre \u00e9quipe&#8221; button_link=&#8221;url:https%3A%2F%2Fprofessional.electrolux.fr%2Fopportunites-de-carriere%2F|title:Nous%20rejoindre||&#8221;][\/vc_column][vc_column width=&#8221;1\/2&#8243;][vc_single_image image=&#8221;6710&#8243; img_size=&#8221;large&#8221;][\/vc_column][\/vc_row][vc_row][vc_column][vc_empty_space][\/vc_column][\/vc_row][vc_row][vc_column width=&#8221;1\/3&#8243;][vc_single_image image=&#8221;17832&#8243; img_size=&#8221;300&#215;300&#8243;][elx_heading text_color=&#8221;inherit&#8221;]Equipements de cuisine professionnelle[\/elx_heading][vc_column_text]<a href=\"https:\/\/www.electroluxprofessional.com\/fr\/solutions\/hotellerie-restauration-commerciale\/cuisine\/\">EN SAVOIR PLUS<\/a>[\/vc_column_text][\/vc_column][vc_column width=&#8221;1\/3&#8243;][vc_single_image image=&#8221;17833&#8243; img_size=&#8221;300&#215;300&#8243;][elx_heading text_color=&#8221;inherit&#8221;]Equipements pour boissons et glaces[\/elx_heading][vc_column_text]<a href=\"https:\/\/www.electroluxprofessional.com\/fr\/boissons\/\">EN SAVOIR PLUS<\/a>[\/vc_column_text][\/vc_column][vc_column width=&#8221;1\/3&#8243;][vc_single_image image=&#8221;17834&#8243; img_size=&#8221;300&#215;300&#8243;][elx_heading text_color=&#8221;inherit&#8221;]Equipements de blanchisserie[\/elx_heading][vc_column_text]<a href=\"https:\/\/www.electroluxprofessional.com\/fr\/equipement-blanchisserie\/\">EN SAVOIR PLUS<\/a>[\/vc_column_text][\/vc_column][\/vc_row][vc_row][vc_column][vc_empty_space][\/vc_column][\/vc_row]<\/p>\n","protected":false},"excerpt":{"rendered":"<p>[vc_row full_width=&#8221;electroluxpro-full-width-no-padding&#8221;][vc_column][vc_single_image image=&#8221;18618&#8243; img_size=&#8221;2000x350px&#8221;][\/vc_column][\/vc_row][vc_row][vc_column][vc_empty_space height=&#8221;50px&#8221;][elx_heading font_container=&#8221;h1&#8243; text_color=&#8221;inherit&#8221;]Electrolux Professional, the OnE[\/elx_heading][vc_empty_space][\/vc_column][\/vc_row][vc_row][vc_column width=&#8221;1\/2&#8243;][vc_column_text]Nous sommes l\u2019unique partenaire de confiance qui simplifie la vie de ses clients tout en leur garantissant une meilleure rentabilit\u00e9 avec une approche v\u00e9ritablement durable au quotidien.[\/vc_column_text][vc_empty_space][vc_column_text]Quelle que soit votre activit\u00e9, Cuisine, Boisson ou Blanchisserie, nous proposons les exp\u00e9riences les plus durables et cela tout [&hellip;]<\/p>\n","protected":false},"author":74,"featured_media":9356,"parent":0,"menu_order":0,"comment_status":"closed","ping_status":"closed","template":"","meta":{"footnotes":""},"class_list":["post-9364","page","type-page","status-publish","has-post-thumbnail","hentry"],"acf":[],"yoast_head":"<!-- This site is optimized with the Yoast SEO plugin v23.3 - https:\/\/yoast.com\/wordpress\/plugins\/seo\/ -->\n<title>\u00c0 Propos d&#039;Electrolux Professional | Solutions Int\u00e9gr\u00e9es<\/title>\n<meta name=\"description\" content=\"D\u00e9couvrez Electrolux Professional : votre partenaire unique de solutions durables en cuisine, boisson et blanchisserie professionnelle.\" \/>\n<meta name=\"robots\" content=\"index, follow, max-snippet:-1, max-image-preview:large, max-video-preview:-1\" \/>\n<link rel=\"canonical\" href=\"https:\/\/www.electroluxprofessional.com\/fr\/a-propos\/\" \/>\n<meta property=\"og:locale\" content=\"fr_FR\" \/>\n<meta property=\"og:type\" content=\"article\" \/>\n<meta property=\"og:title\" content=\"\u00c0 Propos d&#039;Electrolux Professional | Solutions Int\u00e9gr\u00e9es\" \/>\n<meta property=\"og:description\" content=\"D\u00e9couvrez Electrolux Professional : votre partenaire unique de solutions durables en cuisine, boisson et blanchisserie professionnelle.\" \/>\n<meta property=\"og:url\" content=\"https:\/\/www.electroluxprofessional.com\/fr\/a-propos\/\" \/>\n<meta property=\"og:site_name\" content=\"Electrolux Professional France\" \/>\n<meta property=\"article:modified_time\" content=\"2026-03-30T09:18:02+00:00\" \/>\n<meta property=\"og:image\" content=\"https:\/\/www.electroluxprofessional.com\/fr\/wp-content\/uploads\/2019\/09\/video-one-cover.jpg\" \/>\n\t<meta property=\"og:image:width\" content=\"800\" \/>\n\t<meta property=\"og:image:height\" content=\"500\" \/>\n\t<meta property=\"og:image:type\" content=\"image\/jpeg\" \/>\n<meta name=\"twitter:card\" content=\"summary_large_image\" \/>\n<meta name=\"twitter:label1\" content=\"Dur\u00e9e de lecture estim\u00e9e\" \/>\n\t<meta name=\"twitter:data1\" content=\"3 minutes\" \/>\n<script type=\"application\/ld+json\" class=\"yoast-schema-graph\">{\"@context\":\"https:\/\/schema.org\",\"@graph\":[{\"@type\":\"WebPage\",\"@id\":\"https:\/\/www.electroluxprofessional.com\/fr\/a-propos\/\",\"url\":\"https:\/\/www.electroluxprofessional.com\/fr\/a-propos\/\",\"name\":\"\u00c0 Propos d'Electrolux Professional | Solutions Int\u00e9gr\u00e9es\",\"isPartOf\":{\"@id\":\"https:\/\/www.electroluxprofessional.com\/fr\/#website\"},\"primaryImageOfPage\":{\"@id\":\"https:\/\/www.electroluxprofessional.com\/fr\/a-propos\/#primaryimage\"},\"image\":{\"@id\":\"https:\/\/www.electroluxprofessional.com\/fr\/a-propos\/#primaryimage\"},\"thumbnailUrl\":\"https:\/\/www.electroluxprofessional.com\/fr\/wp-content\/uploads\/2019\/09\/video-one-cover.jpg\",\"datePublished\":\"2019-09-27T12:38:14+00:00\",\"dateModified\":\"2026-03-30T09:18:02+00:00\",\"description\":\"D\u00e9couvrez Electrolux Professional : votre partenaire unique de solutions durables en cuisine, boisson et blanchisserie professionnelle.\",\"breadcrumb\":{\"@id\":\"https:\/\/www.electroluxprofessional.com\/fr\/a-propos\/#breadcrumb\"},\"inLanguage\":\"fr-FR\",\"potentialAction\":[{\"@type\":\"ReadAction\",\"target\":[\"https:\/\/www.electroluxprofessional.com\/fr\/a-propos\/\"]}]},{\"@type\":\"ImageObject\",\"inLanguage\":\"fr-FR\",\"@id\":\"https:\/\/www.electroluxprofessional.com\/fr\/a-propos\/#primaryimage\",\"url\":\"https:\/\/www.electroluxprofessional.com\/fr\/wp-content\/uploads\/2019\/09\/video-one-cover.jpg\",\"contentUrl\":\"https:\/\/www.electroluxprofessional.com\/fr\/wp-content\/uploads\/2019\/09\/video-one-cover.jpg\",\"width\":800,\"height\":500,\"caption\":\"Electrolux Professional, the OnE trusted partner\"},{\"@type\":\"BreadcrumbList\",\"@id\":\"https:\/\/www.electroluxprofessional.com\/fr\/a-propos\/#breadcrumb\",\"itemListElement\":[{\"@type\":\"ListItem\",\"position\":1,\"name\":\"Home\",\"item\":\"https:\/\/www.electroluxprofessional.com\/fr\/\"},{\"@type\":\"ListItem\",\"position\":2,\"name\":\"A propos\"}]},{\"@type\":\"WebSite\",\"@id\":\"https:\/\/www.electroluxprofessional.com\/fr\/#website\",\"url\":\"https:\/\/www.electroluxprofessional.com\/fr\/\",\"name\":\"Electrolux Professional France\",\"description\":\"\",\"potentialAction\":[{\"@type\":\"SearchAction\",\"target\":{\"@type\":\"EntryPoint\",\"urlTemplate\":\"https:\/\/www.electroluxprofessional.com\/fr\/?src={search_term_string}\"},\"query-input\":\"required name=search_term_string\"}],\"inLanguage\":\"fr-FR\"}]}<\/script>\n<!-- \/ Yoast SEO plugin. -->","yoast_head_json":{"title":"\u00c0 Propos d'Electrolux Professional | Solutions Int\u00e9gr\u00e9es","description":"D\u00e9couvrez Electrolux Professional : votre partenaire unique de solutions durables en cuisine, boisson et blanchisserie professionnelle.","robots":{"index":"index","follow":"follow","max-snippet":"max-snippet:-1","max-image-preview":"max-image-preview:large","max-video-preview":"max-video-preview:-1"},"canonical":"https:\/\/www.electroluxprofessional.com\/fr\/a-propos\/","og_locale":"fr_FR","og_type":"article","og_title":"\u00c0 Propos d'Electrolux Professional | Solutions Int\u00e9gr\u00e9es","og_description":"D\u00e9couvrez Electrolux Professional : votre partenaire unique de solutions durables en cuisine, boisson et blanchisserie professionnelle.","og_url":"https:\/\/www.electroluxprofessional.com\/fr\/a-propos\/","og_site_name":"Electrolux Professional France","article_modified_time":"2026-03-30T09:18:02+00:00","og_image":[{"width":800,"height":500,"url":"https:\/\/www.electroluxprofessional.com\/fr\/wp-content\/uploads\/2019\/09\/video-one-cover.jpg","type":"image\/jpeg"}],"twitter_card":"summary_large_image","twitter_misc":{"Dur\u00e9e de lecture estim\u00e9e":"3 minutes"},"schema":{"@context":"https:\/\/schema.org","@graph":[{"@type":"WebPage","@id":"https:\/\/www.electroluxprofessional.com\/fr\/a-propos\/","url":"https:\/\/www.electroluxprofessional.com\/fr\/a-propos\/","name":"\u00c0 Propos d'Electrolux Professional | Solutions Int\u00e9gr\u00e9es","isPartOf":{"@id":"https:\/\/www.electroluxprofessional.com\/fr\/#website"},"primaryImageOfPage":{"@id":"https:\/\/www.electroluxprofessional.com\/fr\/a-propos\/#primaryimage"},"image":{"@id":"https:\/\/www.electroluxprofessional.com\/fr\/a-propos\/#primaryimage"},"thumbnailUrl":"https:\/\/www.electroluxprofessional.com\/fr\/wp-content\/uploads\/2019\/09\/video-one-cover.jpg","datePublished":"2019-09-27T12:38:14+00:00","dateModified":"2026-03-30T09:18:02+00:00","description":"D\u00e9couvrez Electrolux Professional : votre partenaire unique de solutions durables en cuisine, boisson et blanchisserie professionnelle.","breadcrumb":{"@id":"https:\/\/www.electroluxprofessional.com\/fr\/a-propos\/#breadcrumb"},"inLanguage":"fr-FR","potentialAction":[{"@type":"ReadAction","target":["https:\/\/www.electroluxprofessional.com\/fr\/a-propos\/"]}]},{"@type":"ImageObject","inLanguage":"fr-FR","@id":"https:\/\/www.electroluxprofessional.com\/fr\/a-propos\/#primaryimage","url":"https:\/\/www.electroluxprofessional.com\/fr\/wp-content\/uploads\/2019\/09\/video-one-cover.jpg","contentUrl":"https:\/\/www.electroluxprofessional.com\/fr\/wp-content\/uploads\/2019\/09\/video-one-cover.jpg","width":800,"height":500,"caption":"Electrolux Professional, the OnE trusted partner"},{"@type":"BreadcrumbList","@id":"https:\/\/www.electroluxprofessional.com\/fr\/a-propos\/#breadcrumb","itemListElement":[{"@type":"ListItem","position":1,"name":"Home","item":"https:\/\/www.electroluxprofessional.com\/fr\/"},{"@type":"ListItem","position":2,"name":"A propos"}]},{"@type":"WebSite","@id":"https:\/\/www.electroluxprofessional.com\/fr\/#website","url":"https:\/\/www.electroluxprofessional.com\/fr\/","name":"Electrolux Professional France","description":"","potentialAction":[{"@type":"SearchAction","target":{"@type":"EntryPoint","urlTemplate":"https:\/\/www.electroluxprofessional.com\/fr\/?src={search_term_string}"},"query-input":"required name=search_term_string"}],"inLanguage":"fr-FR"}]}},"_links":{"self":[{"href":"https:\/\/www.electroluxprofessional.com\/fr\/wp-json\/wp\/v2\/pages\/9364"}],"collection":[{"href":"https:\/\/www.electroluxprofessional.com\/fr\/wp-json\/wp\/v2\/pages"}],"about":[{"href":"https:\/\/www.electroluxprofessional.com\/fr\/wp-json\/wp\/v2\/types\/page"}],"author":[{"embeddable":true,"href":"https:\/\/www.electroluxprofessional.com\/fr\/wp-json\/wp\/v2\/users\/74"}],"replies":[{"embeddable":true,"href":"https:\/\/www.electroluxprofessional.com\/fr\/wp-json\/wp\/v2\/comments?post=9364"}],"version-history":[{"count":18,"href":"https:\/\/www.electroluxprofessional.com\/fr\/wp-json\/wp\/v2\/pages\/9364\/revisions"}],"predecessor-version":[{"id":31649,"href":"https:\/\/www.electroluxprofessional.com\/fr\/wp-json\/wp\/v2\/pages\/9364\/revisions\/31649"}],"wp:featuredmedia":[{"embeddable":true,"href":"https:\/\/www.electroluxprofessional.com\/fr\/wp-json\/wp\/v2\/media\/9356"}],"wp:attachment":[{"href":"https:\/\/www.electroluxprofessional.com\/fr\/wp-json\/wp\/v2\/media?parent=9364"}],"curies":[{"name":"wp","href":"https:\/\/api.w.org\/{rel}","templated":true}]}}

<p>[vc_row full_width=&#8221;electroluxpro-full-width-no-padding&#8221;][vc_column][vc_single_image image=&#8221;18618&#8243; img_size=&#8221;2000x350px&#8221;][/vc_column][/vc_row][vc_row][vc_column][vc_empty_space height=&#8221;50px&#8221;][elx_heading font_container=&#8221;h1&#8243; text_color=&#8221;inherit&#8221;]Electrolux Professional, the OnE[/elx_heading][vc_empty_space][/vc_column][/vc_row][vc_row][vc_column width=&#8221;1/2&#8243;][vc_column_text]<strong>Nous sommes l’unique partenaire de confiance qui simplifie la vie de ses clients tout en leur garantissant une meilleure rentabilité avec une approche véritablement durable au quotidien.</strong>[/vc_column_text][vc_empty_space][vc_column_text]Quelle que soit votre activité, <strong>Cuisine</strong>, <strong>Boisson</strong> ou <strong>Blanchisserie</strong>, nous proposons les expériences les plus durables et cela tout au long de votre activité.</p>
<p>Nous ouvrons la voie à la conception de <strong>solutions complètes et intégrées</strong>. Celles-ci offrent une productivité maximale, les coûts les plus faibles et sont les plus faciles à utiliser et à entretenir au quotidien.[/vc_column_text][/vc_column][vc_column width=&#8221;1/2&#8243;][elx_video_block background_image=&#8221;9356&#8243; minimum_height=&#8221;350px&#8221; video_link=&#8221;https://www.youtube.com/watch?v=xfZTB9fSaYA&#8221;][/vc_column][/vc_row][vc_row css=&#8221;.vc_custom_1465566954449{padding-top: 20px !important;}&#8221;][vc_column][vc_column_text]Grâce à <strong>The</strong> <strong>OnE</strong>, une interface unique, nous permettons à nos clients de gérer l’ensemble de leurs opérations en connectant et en synchronisant les meilleurs produits et services – nous créons une valeur ajoutée business sans comparaison.[/vc_column_text][vc_empty_space][vc_column_text]Electrolux Professional, <strong>the OnE</strong>, est l’unique partenaire de solutions uniques et intégrales. La manière dont nous concevons nos solutions et process provient d&#8217;une <strong>culture centrée sur l&#8217;humain</strong> et d&#8217;une <strong>expertise de longue date</strong> afin de rendre votre <strong>activité plus performante et plus durable.</strong>[/vc_column_text][/vc_column][/vc_row][vc_row disable_element=&#8221;yes&#8221;][vc_column width=&#8221;1/2&#8243;][vc_column_text]</p>
<p>&nbsp;</p>
<p><strong>Rejoindre notre équipe ?</strong></p>
<p>Apprenez-en davantage sur le travail chez Electrolux Professional grâce au partage et aux témoignages de nos employés.</p>
<p>&nbsp;</p>
<p>[/vc_column_text][elx_button button_text=&#8221;Rejoindre notre équipe&#8221; button_link=&#8221;url:https%3A%2F%2Fprofessional.electrolux.fr%2Fopportunites-de-carriere%2F|title:Nous%20rejoindre||&#8221;][/vc_column][vc_column width=&#8221;1/2&#8243;][vc_single_image image=&#8221;6710&#8243; img_size=&#8221;large&#8221;][/vc_column][/vc_row][vc_row][vc_column][vc_empty_space][/vc_column][/vc_row][vc_row][vc_column width=&#8221;1/3&#8243;][vc_single_image image=&#8221;17832&#8243; img_size=&#8221;300&#215;300&#8243;][elx_heading text_color=&#8221;inherit&#8221;]Equipements de cuisine professionnelle[/elx_heading][vc_column_text]<a href="https://www.electroluxprofessional.com/fr/solutions/hotellerie-restauration-commerciale/cuisine/">EN SAVOIR PLUS</a>[/vc_column_text][/vc_column][vc_column width=&#8221;1/3&#8243;][vc_single_image image=&#8221;17833&#8243; img_size=&#8221;300&#215;300&#8243;][elx_heading text_color=&#8221;inherit&#8221;]Equipements pour boissons et glaces[/elx_heading][vc_column_text]<a href="https://www.electroluxprofessional.com/fr/boissons/">EN SAVOIR PLUS</a>[/vc_column_text][/vc_column][vc_column width=&#8221;1/3&#8243;][vc_single_image image=&#8221;17834&#8243; img_size=&#8221;300&#215;300&#8243;][elx_heading text_color=&#8221;inherit&#8221;]Equipements de blanchisserie[/elx_heading][vc_column_text]<a href="https://www.electroluxprofessional.com/fr/equipement-blanchisserie/">EN SAVOIR PLUS</a>[/vc_column_text][/vc_column][/vc_row][vc_row][vc_column][vc_empty_space][/vc_column][/vc_row]</p>

<p>[vc_row full_width=&#8221;electroluxpro-full-width-no-padding&#8221;][vc_column][vc_single_image image=&#8221;18618&#8243; img_size=&#8221;2000x350px&#8221;][/vc_column][/vc_row][vc_row][vc_column][vc_empty_space height=&#8221;50px&#8221;][elx_heading font_container=&#8221;h1&#8243; text_color=&#8221;inherit&#8221;]Electrolux Professional, the OnE[/elx_heading][vc_empty_space][/vc_column][/vc_row][vc_row][vc_column width=&#8221;1/2&#8243;][vc_column_text]Nous sommes l’unique partenaire de confiance qui simplifie la vie de ses clients tout en leur garantissant une meilleure rentabilité avec une approche véritablement durable au quotidien.[/vc_column_text][vc_empty_space][vc_column_text]Quelle que soit votre activité, Cuisine, Boisson ou Blanchisserie, nous proposons les expériences les plus durables et cela tout [&hellip;]</p>

<!-- This site is optimized with the Yoast SEO plugin v23.3 - https://yoast.com/wordpress/plugins/seo/ -->
<title>À Propos d&#039;Electrolux Professional | Solutions Intégrées</title>
<meta name="description" content="Découvrez Electrolux Professional : votre partenaire unique de solutions durables en cuisine, boisson et blanchisserie professionnelle." />
<meta name="robots" content="index, follow, max-snippet:-1, max-image-preview:large, max-video-preview:-1" />
<link rel="canonical" href="https://www.electroluxprofessional.com/fr/a-propos/" />
<meta property="og:locale" content="fr_FR" />
<meta property="og:type" content="article" />
<meta property="og:title" content="À Propos d&#039;Electrolux Professional | Solutions Intégrées" />
<meta property="og:description" content="Découvrez Electrolux Professional : votre partenaire unique de solutions durables en cuisine, boisson et blanchisserie professionnelle." />
<meta property="og:url" content="https://www.electroluxprofessional.com/fr/a-propos/" />
<meta property="og:site_name" content="Electrolux Professional France" />
<meta property="article:modified_time" content="2026-03-30T09:18:02+00:00" />
<meta property="og:image" content="https://www.electroluxprofessional.com/fr/wp-content/uploads/2019/09/video-one-cover.jpg" />
	<meta property="og:image:width" content="800" />
	<meta property="og:image:height" content="500" />
	<meta property="og:image:type" content="image/jpeg" />
<meta name="twitter:card" content="summary_large_image" />
<meta name="twitter:label1" content="Durée de lecture estimée" />
	<meta name="twitter:data1" content="3 minutes" />
<script type="application/ld+json" class="yoast-schema-graph">{"@context":"https://schema.org","@graph":[{"@type":"WebPage","@id":"https://www.electroluxprofessional.com/fr/a-propos/","url":"https://www.electroluxprofessional.com/fr/a-propos/","name":"À Propos d'Electrolux Professional | Solutions Intégrées","isPartOf":{"@id":"https://www.electroluxprofessional.com/fr/#website"},"primaryImageOfPage":{"@id":"https://www.electroluxprofessional.com/fr/a-propos/#primaryimage"},"image":{"@id":"https://www.electroluxprofessional.com/fr/a-propos/#primaryimage"},"thumbnailUrl":"https://www.electroluxprofessional.com/fr/wp-content/uploads/2019/09/video-one-cover.jpg","datePublished":"2019-09-27T12:38:14+00:00","dateModified":"2026-03-30T09:18:02+00:00","description":"Découvrez Electrolux Professional : votre partenaire unique de solutions durables en cuisine, boisson et blanchisserie professionnelle.","breadcrumb":{"@id":"https://www.electroluxprofessional.com/fr/a-propos/#breadcrumb"},"inLanguage":"fr-FR","potentialAction":[{"@type":"ReadAction","target":["https://www.electroluxprofessional.com/fr/a-propos/"]}]},{"@type":"ImageObject","inLanguage":"fr-FR","@id":"https://www.electroluxprofessional.com/fr/a-propos/#primaryimage","url":"https://www.electroluxprofessional.com/fr/wp-content/uploads/2019/09/video-one-cover.jpg","contentUrl":"https://www.electroluxprofessional.com/fr/wp-content/uploads/2019/09/video-one-cover.jpg","width":800,"height":500,"caption":"Electrolux Professional, the OnE trusted partner"},{"@type":"BreadcrumbList","@id":"https://www.electroluxprofessional.com/fr/a-propos/#breadcrumb","itemListElement":[{"@type":"ListItem","position":1,"name":"Home","item":"https://www.electroluxprofessional.com/fr/"},{"@type":"ListItem","position":2,"name":"A propos"}]},{"@type":"WebSite","@id":"https://www.electroluxprofessional.com/fr/#website","url":"https://www.electroluxprofessional.com/fr/","name":"Electrolux Professional France","description":"","potentialAction":[{"@type":"SearchAction","target":{"@type":"EntryPoint","urlTemplate":"https://www.electroluxprofessional.com/fr/?src={search_term_string}"},"query-input":"required name=search_term_string"}],"inLanguage":"fr-FR"}]}</script>
<!-- / Yoast SEO plugin. -->

À Propos d'Electrolux Professional | Solutions Intégrées

Découvrez Electrolux Professional : votre partenaire unique de solutions durables en cuisine, boisson et blanchisserie professionnelle.
