{"id":2820,"date":"2017-02-28T09:42:53","date_gmt":"2017-02-28T09:42:53","guid":{"rendered":"https:\/\/www.electroluxprofessional.com\/fr\/?page_id=2820"},"modified":"2025-05-21T06:49:20","modified_gmt":"2025-05-21T06:49:20","slug":"900xp","status":"publish","type":"page","link":"https:\/\/www.electroluxprofessional.com\/fr\/equipement-cuisine\/cuisson-modulaire\/900xp\/","title":{"rendered":"900xp"},"content":{"rendered":"<p>[vc_row][vc_column][vc_column_text]<\/p>\n<h1 style=\"text-align: center;\">900XP Faites confiance \u00e0 l&#8217;Exp\u00e9rience<\/h1>\n<p style=\"text-align: center;\"><span style=\"font-weight: inherit; font-style: inherit;\">La nouvelle gamme de fourneaux modulaires XP anticipe vos besoins aussi bien dans le domaine de la restauration rapide que dans celui du petit restaurant ou encore des cuisines de collectivit\u00e9s.<\/span><\/p>\n<p style=\"text-align: center;\"><span style=\"font-weight: inherit; font-style: inherit;\">La nouvelle gamme <strong>900XP <\/strong>un ensemble d\u2019innovations intelligentes qui am\u00e9liorent l\u2019efficacit\u00e9 et la productivit\u00e9\u00a0:<\/span><\/p>\n<p style=\"text-align: center;\"><span style=\"font-weight: inherit; font-style: inherit;\">Le <b><strong style=\"font-style: inherit;\">Cuiseur \u00e0 p\u00e2tes<\/strong><\/b>, \u00e9lectrique ou gaz, r\u00e9gule en continu la puissance, afin d&#8217;\u00e9viter toute d\u00e9pense d&#8217;\u00e9nergie superflue.<\/span><\/p>\n<p style=\"text-align: center;\"><span style=\"font-weight: inherit; font-style: inherit;\">La nouvelle <b><strong style=\"font-style: inherit;\">Grillade PowerGrill<\/strong><\/b> offre un syst\u00e8me de chauffage radiant performant et une productivit\u00e9 de haut rendement.<\/span><\/p>\n<p style=\"text-align: center;\"><span style=\"font-weight: inherit; font-style: inherit;\">Le nouveau <b><strong style=\"font-style: inherit;\">Fry TopHP<\/strong><\/b> 1200mm une surface de caisson extra large pour pr\u00e9parer vos aliments en grande quantit\u00e9 et les garder au chaud.<\/span><\/p>\n<p style=\"text-align: center;\"><span style=\"font-weight: inherit; font-style: inherit;\">Le syst\u00e8me exclusif des br\u00fbleurs <b><strong style=\"font-style: inherit;\">\u201cflower flame\u201d<\/strong><\/b> garantissent flexibilit\u00e9 et haute performance. \u00a0La flamme s\u2019adapte au diam\u00e8tre des casseroles, \u00e9vitant la dispersion de chaleur.<\/span><\/p>\n<p style=\"text-align: center;\"><span style=\"font-weight: inherit; font-style: inherit;\">Le <b><strong style=\"font-style: inherit;\">four \u00e0 air puls\u00e9<\/strong><\/b> offre une productivit\u00e9 accrue en cuisinant sur deux niveaux, GN2\/1, optimisant le fonctionnement de la cuisine.<\/span><\/p>\n<p style=\"text-align: center;\">D\u00e9couvrez toutes les possibilit\u00e9s et combinaisons possibles.<\/p>\n<p style=\"text-align: center;\"><img loading=\"lazy\" decoding=\"async\" class=\"aligncenter wp-image-2821 size-full\" src=\"https:\/\/www.electroluxprofessional.com\/fr\/wp-content\/uploads\/2017\/02\/900xp.jpg\" alt=\"900xp\" width=\"640\" height=\"368\" \/><\/p>\n<p>[\/vc_column_text][\/vc_column][\/vc_row]<\/p>\n","protected":false},"excerpt":{"rendered":"<p>[vc_row][vc_column][vc_column_text] 900XP Faites confiance \u00e0 l&#8217;Exp\u00e9rience La nouvelle gamme de fourneaux modulaires XP anticipe vos besoins aussi bien dans le domaine de la restauration rapide que dans celui du petit restaurant ou encore des cuisines de collectivit\u00e9s. La nouvelle gamme 900XP un ensemble d\u2019innovations intelligentes qui am\u00e9liorent l\u2019efficacit\u00e9 et la productivit\u00e9\u00a0: Le Cuiseur \u00e0 p\u00e2tes, [&hellip;]<\/p>\n","protected":false},"author":4,"featured_media":0,"parent":2833,"menu_order":0,"comment_status":"closed","ping_status":"closed","template":"","meta":{"footnotes":""},"class_list":["post-2820","page","type-page","status-publish","hentry"],"acf":[],"yoast_head":"<!-- This site is optimized with the Yoast SEO plugin v23.3 - https:\/\/yoast.com\/wordpress\/plugins\/seo\/ -->\n<title>900xp | Electrolux Professional France<\/title>\n<meta name=\"description\" content=\"Informez-vous sur les fourneaux modulaires Electrolux Professional, \u00e9quipements de cuisine pour des performances optimales.\" \/>\n<meta name=\"robots\" content=\"index, follow, max-snippet:-1, max-image-preview:large, max-video-preview:-1\" \/>\n<link rel=\"canonical\" href=\"https:\/\/www.electroluxprofessional.com\/fr\/equipement-cuisine\/cuisson-modulaire\/900xp\/\" \/>\n<meta property=\"og:locale\" content=\"fr_FR\" \/>\n<meta property=\"og:type\" content=\"article\" \/>\n<meta property=\"og:title\" content=\"900xp | Electrolux Professional France\" \/>\n<meta property=\"og:description\" content=\"Informez-vous sur les fourneaux modulaires Electrolux Professional, \u00e9quipements de cuisine pour des performances optimales.\" \/>\n<meta property=\"og:url\" content=\"https:\/\/www.electroluxprofessional.com\/fr\/equipement-cuisine\/cuisson-modulaire\/900xp\/\" \/>\n<meta property=\"og:site_name\" content=\"Electrolux Professional France\" \/>\n<meta property=\"article:modified_time\" content=\"2025-05-21T06:49:20+00:00\" \/>\n<meta property=\"og:image\" content=\"https:\/\/www.electroluxprofessional.com\/fr\/wp-content\/uploads\/2017\/02\/900xp.jpg\" \/>\n<meta name=\"twitter:card\" content=\"summary_large_image\" \/>\n<meta name=\"twitter:label1\" content=\"Dur\u00e9e de lecture estim\u00e9e\" \/>\n\t<meta name=\"twitter:data1\" content=\"2 minutes\" \/>\n<script type=\"application\/ld+json\" class=\"yoast-schema-graph\">{\"@context\":\"https:\/\/schema.org\",\"@graph\":[{\"@type\":\"WebPage\",\"@id\":\"https:\/\/www.electroluxprofessional.com\/fr\/equipement-cuisine\/cuisson-modulaire\/900xp\/\",\"url\":\"https:\/\/www.electroluxprofessional.com\/fr\/equipement-cuisine\/cuisson-modulaire\/900xp\/\",\"name\":\"900xp | Electrolux Professional France\",\"isPartOf\":{\"@id\":\"https:\/\/www.electroluxprofessional.com\/fr\/#website\"},\"primaryImageOfPage\":{\"@id\":\"https:\/\/www.electroluxprofessional.com\/fr\/equipement-cuisine\/cuisson-modulaire\/900xp\/#primaryimage\"},\"image\":{\"@id\":\"https:\/\/www.electroluxprofessional.com\/fr\/equipement-cuisine\/cuisson-modulaire\/900xp\/#primaryimage\"},\"thumbnailUrl\":\"https:\/\/www.electroluxprofessional.com\/fr\/wp-content\/uploads\/2017\/02\/900xp.jpg\",\"datePublished\":\"2017-02-28T09:42:53+00:00\",\"dateModified\":\"2025-05-21T06:49:20+00:00\",\"description\":\"Informez-vous sur les fourneaux modulaires Electrolux Professional, \u00e9quipements de cuisine pour des performances optimales.\",\"breadcrumb\":{\"@id\":\"https:\/\/www.electroluxprofessional.com\/fr\/equipement-cuisine\/cuisson-modulaire\/900xp\/#breadcrumb\"},\"inLanguage\":\"fr-FR\",\"potentialAction\":[{\"@type\":\"ReadAction\",\"target\":[\"https:\/\/www.electroluxprofessional.com\/fr\/equipement-cuisine\/cuisson-modulaire\/900xp\/\"]}]},{\"@type\":\"ImageObject\",\"inLanguage\":\"fr-FR\",\"@id\":\"https:\/\/www.electroluxprofessional.com\/fr\/equipement-cuisine\/cuisson-modulaire\/900xp\/#primaryimage\",\"url\":\"https:\/\/www.electroluxprofessional.com\/fr\/wp-content\/uploads\/2017\/02\/900xp.jpg\",\"contentUrl\":\"https:\/\/www.electroluxprofessional.com\/fr\/wp-content\/uploads\/2017\/02\/900xp.jpg\"},{\"@type\":\"BreadcrumbList\",\"@id\":\"https:\/\/www.electroluxprofessional.com\/fr\/equipement-cuisine\/cuisson-modulaire\/900xp\/#breadcrumb\",\"itemListElement\":[{\"@type\":\"ListItem\",\"position\":1,\"name\":\"Home\",\"item\":\"https:\/\/www.electroluxprofessional.com\/fr\/\"},{\"@type\":\"ListItem\",\"position\":2,\"name\":\"Mat\u00e9riel de cuisine professionnel\",\"item\":\"https:\/\/www.electroluxprofessional.com\/fr\/equipement-cuisine\/\"},{\"@type\":\"ListItem\",\"position\":3,\"name\":\"Cuisson modulaire\",\"item\":\"https:\/\/www.electroluxprofessional.com\/fr\/equipement-cuisine\/cuisson-modulaire\/\"},{\"@type\":\"ListItem\",\"position\":4,\"name\":\"900xp\"}]},{\"@type\":\"WebSite\",\"@id\":\"https:\/\/www.electroluxprofessional.com\/fr\/#website\",\"url\":\"https:\/\/www.electroluxprofessional.com\/fr\/\",\"name\":\"Electrolux Professional France\",\"description\":\"\",\"potentialAction\":[{\"@type\":\"SearchAction\",\"target\":{\"@type\":\"EntryPoint\",\"urlTemplate\":\"https:\/\/www.electroluxprofessional.com\/fr\/?src={search_term_string}\"},\"query-input\":\"required name=search_term_string\"}],\"inLanguage\":\"fr-FR\"}]}<\/script>\n<!-- \/ Yoast SEO plugin. -->","yoast_head_json":{"title":"900xp | Electrolux Professional France","description":"Informez-vous sur les fourneaux modulaires Electrolux Professional, \u00e9quipements de cuisine pour des performances optimales.","robots":{"index":"index","follow":"follow","max-snippet":"max-snippet:-1","max-image-preview":"max-image-preview:large","max-video-preview":"max-video-preview:-1"},"canonical":"https:\/\/www.electroluxprofessional.com\/fr\/equipement-cuisine\/cuisson-modulaire\/900xp\/","og_locale":"fr_FR","og_type":"article","og_title":"900xp | Electrolux Professional France","og_description":"Informez-vous sur les fourneaux modulaires Electrolux Professional, \u00e9quipements de cuisine pour des performances optimales.","og_url":"https:\/\/www.electroluxprofessional.com\/fr\/equipement-cuisine\/cuisson-modulaire\/900xp\/","og_site_name":"Electrolux Professional France","article_modified_time":"2025-05-21T06:49:20+00:00","og_image":[{"url":"https:\/\/www.electroluxprofessional.com\/fr\/wp-content\/uploads\/2017\/02\/900xp.jpg"}],"twitter_card":"summary_large_image","twitter_misc":{"Dur\u00e9e de lecture estim\u00e9e":"2 minutes"},"schema":{"@context":"https:\/\/schema.org","@graph":[{"@type":"WebPage","@id":"https:\/\/www.electroluxprofessional.com\/fr\/equipement-cuisine\/cuisson-modulaire\/900xp\/","url":"https:\/\/www.electroluxprofessional.com\/fr\/equipement-cuisine\/cuisson-modulaire\/900xp\/","name":"900xp | Electrolux Professional France","isPartOf":{"@id":"https:\/\/www.electroluxprofessional.com\/fr\/#website"},"primaryImageOfPage":{"@id":"https:\/\/www.electroluxprofessional.com\/fr\/equipement-cuisine\/cuisson-modulaire\/900xp\/#primaryimage"},"image":{"@id":"https:\/\/www.electroluxprofessional.com\/fr\/equipement-cuisine\/cuisson-modulaire\/900xp\/#primaryimage"},"thumbnailUrl":"https:\/\/www.electroluxprofessional.com\/fr\/wp-content\/uploads\/2017\/02\/900xp.jpg","datePublished":"2017-02-28T09:42:53+00:00","dateModified":"2025-05-21T06:49:20+00:00","description":"Informez-vous sur les fourneaux modulaires Electrolux Professional, \u00e9quipements de cuisine pour des performances optimales.","breadcrumb":{"@id":"https:\/\/www.electroluxprofessional.com\/fr\/equipement-cuisine\/cuisson-modulaire\/900xp\/#breadcrumb"},"inLanguage":"fr-FR","potentialAction":[{"@type":"ReadAction","target":["https:\/\/www.electroluxprofessional.com\/fr\/equipement-cuisine\/cuisson-modulaire\/900xp\/"]}]},{"@type":"ImageObject","inLanguage":"fr-FR","@id":"https:\/\/www.electroluxprofessional.com\/fr\/equipement-cuisine\/cuisson-modulaire\/900xp\/#primaryimage","url":"https:\/\/www.electroluxprofessional.com\/fr\/wp-content\/uploads\/2017\/02\/900xp.jpg","contentUrl":"https:\/\/www.electroluxprofessional.com\/fr\/wp-content\/uploads\/2017\/02\/900xp.jpg"},{"@type":"BreadcrumbList","@id":"https:\/\/www.electroluxprofessional.com\/fr\/equipement-cuisine\/cuisson-modulaire\/900xp\/#breadcrumb","itemListElement":[{"@type":"ListItem","position":1,"name":"Home","item":"https:\/\/www.electroluxprofessional.com\/fr\/"},{"@type":"ListItem","position":2,"name":"Mat\u00e9riel de cuisine professionnel","item":"https:\/\/www.electroluxprofessional.com\/fr\/equipement-cuisine\/"},{"@type":"ListItem","position":3,"name":"Cuisson modulaire","item":"https:\/\/www.electroluxprofessional.com\/fr\/equipement-cuisine\/cuisson-modulaire\/"},{"@type":"ListItem","position":4,"name":"900xp"}]},{"@type":"WebSite","@id":"https:\/\/www.electroluxprofessional.com\/fr\/#website","url":"https:\/\/www.electroluxprofessional.com\/fr\/","name":"Electrolux Professional France","description":"","potentialAction":[{"@type":"SearchAction","target":{"@type":"EntryPoint","urlTemplate":"https:\/\/www.electroluxprofessional.com\/fr\/?src={search_term_string}"},"query-input":"required name=search_term_string"}],"inLanguage":"fr-FR"}]}},"_links":{"self":[{"href":"https:\/\/www.electroluxprofessional.com\/fr\/wp-json\/wp\/v2\/pages\/2820"}],"collection":[{"href":"https:\/\/www.electroluxprofessional.com\/fr\/wp-json\/wp\/v2\/pages"}],"about":[{"href":"https:\/\/www.electroluxprofessional.com\/fr\/wp-json\/wp\/v2\/types\/page"}],"author":[{"embeddable":true,"href":"https:\/\/www.electroluxprofessional.com\/fr\/wp-json\/wp\/v2\/users\/4"}],"replies":[{"embeddable":true,"href":"https:\/\/www.electroluxprofessional.com\/fr\/wp-json\/wp\/v2\/comments?post=2820"}],"version-history":[{"count":1,"href":"https:\/\/www.electroluxprofessional.com\/fr\/wp-json\/wp\/v2\/pages\/2820\/revisions"}],"predecessor-version":[{"id":2822,"href":"https:\/\/www.electroluxprofessional.com\/fr\/wp-json\/wp\/v2\/pages\/2820\/revisions\/2822"}],"up":[{"embeddable":true,"href":"https:\/\/www.electroluxprofessional.com\/fr\/wp-json\/wp\/v2\/pages\/2833"}],"wp:attachment":[{"href":"https:\/\/www.electroluxprofessional.com\/fr\/wp-json\/wp\/v2\/media?parent=2820"}],"curies":[{"name":"wp","href":"https:\/\/api.w.org\/{rel}","templated":true}]}}

<p>[vc_row][vc_column][vc_column_text]</p>
<h1 style="text-align: center;">900XP Faites confiance à l&#8217;Expérience</h1>
<p style="text-align: center;"><span style="font-weight: inherit; font-style: inherit;">La nouvelle gamme de fourneaux modulaires XP anticipe vos besoins aussi bien dans le domaine de la restauration rapide que dans celui du petit restaurant ou encore des cuisines de collectivités.</span></p>
<p style="text-align: center;"><span style="font-weight: inherit; font-style: inherit;">La nouvelle gamme <strong>900XP </strong>un ensemble d’innovations intelligentes qui améliorent l’efficacité et la productivité :</span></p>
<p style="text-align: center;"><span style="font-weight: inherit; font-style: inherit;">Le <b><strong style="font-style: inherit;">Cuiseur à pâtes</strong></b>, électrique ou gaz, régule en continu la puissance, afin d&#8217;éviter toute dépense d&#8217;énergie superflue.</span></p>
<p style="text-align: center;"><span style="font-weight: inherit; font-style: inherit;">La nouvelle <b><strong style="font-style: inherit;">Grillade PowerGrill</strong></b> offre un système de chauffage radiant performant et une productivité de haut rendement.</span></p>
<p style="text-align: center;"><span style="font-weight: inherit; font-style: inherit;">Le nouveau <b><strong style="font-style: inherit;">Fry TopHP</strong></b> 1200mm une surface de caisson extra large pour préparer vos aliments en grande quantité et les garder au chaud.</span></p>
<p style="text-align: center;"><span style="font-weight: inherit; font-style: inherit;">Le système exclusif des brûleurs <b><strong style="font-style: inherit;">“flower flame”</strong></b> garantissent flexibilité et haute performance.  La flamme s’adapte au diamètre des casseroles, évitant la dispersion de chaleur.</span></p>
<p style="text-align: center;"><span style="font-weight: inherit; font-style: inherit;">Le <b><strong style="font-style: inherit;">four à air pulsé</strong></b> offre une productivité accrue en cuisinant sur deux niveaux, GN2/1, optimisant le fonctionnement de la cuisine.</span></p>
<p style="text-align: center;">Découvrez toutes les possibilités et combinaisons possibles.</p>
<p style="text-align: center;"><img loading="lazy" decoding="async" class="aligncenter wp-image-2821 size-full" src="https://www.electroluxprofessional.com/fr/wp-content/uploads/2017/02/900xp.jpg" alt="900xp" width="640" height="368" /></p>
<p>[/vc_column_text][/vc_column][/vc_row]</p>

<p>[vc_row][vc_column][vc_column_text] 900XP Faites confiance à l&#8217;Expérience La nouvelle gamme de fourneaux modulaires XP anticipe vos besoins aussi bien dans le domaine de la restauration rapide que dans celui du petit restaurant ou encore des cuisines de collectivités. La nouvelle gamme 900XP un ensemble d’innovations intelligentes qui améliorent l’efficacité et la productivité : Le Cuiseur à pâtes, [&hellip;]</p>

<!-- This site is optimized with the Yoast SEO plugin v23.3 - https://yoast.com/wordpress/plugins/seo/ -->
<title>900xp | Electrolux Professional France</title>
<meta name="description" content="Informez-vous sur les fourneaux modulaires Electrolux Professional, équipements de cuisine pour des performances optimales." />
<meta name="robots" content="index, follow, max-snippet:-1, max-image-preview:large, max-video-preview:-1" />
<link rel="canonical" href="https://www.electroluxprofessional.com/fr/equipement-cuisine/cuisson-modulaire/900xp/" />
<meta property="og:locale" content="fr_FR" />
<meta property="og:type" content="article" />
<meta property="og:title" content="900xp | Electrolux Professional France" />
<meta property="og:description" content="Informez-vous sur les fourneaux modulaires Electrolux Professional, équipements de cuisine pour des performances optimales." />
<meta property="og:url" content="https://www.electroluxprofessional.com/fr/equipement-cuisine/cuisson-modulaire/900xp/" />
<meta property="og:site_name" content="Electrolux Professional France" />
<meta property="article:modified_time" content="2025-05-21T06:49:20+00:00" />
<meta property="og:image" content="https://www.electroluxprofessional.com/fr/wp-content/uploads/2017/02/900xp.jpg" />
<meta name="twitter:card" content="summary_large_image" />
<meta name="twitter:label1" content="Durée de lecture estimée" />
	<meta name="twitter:data1" content="2 minutes" />
<script type="application/ld+json" class="yoast-schema-graph">{"@context":"https://schema.org","@graph":[{"@type":"WebPage","@id":"https://www.electroluxprofessional.com/fr/equipement-cuisine/cuisson-modulaire/900xp/","url":"https://www.electroluxprofessional.com/fr/equipement-cuisine/cuisson-modulaire/900xp/","name":"900xp | Electrolux Professional France","isPartOf":{"@id":"https://www.electroluxprofessional.com/fr/#website"},"primaryImageOfPage":{"@id":"https://www.electroluxprofessional.com/fr/equipement-cuisine/cuisson-modulaire/900xp/#primaryimage"},"image":{"@id":"https://www.electroluxprofessional.com/fr/equipement-cuisine/cuisson-modulaire/900xp/#primaryimage"},"thumbnailUrl":"https://www.electroluxprofessional.com/fr/wp-content/uploads/2017/02/900xp.jpg","datePublished":"2017-02-28T09:42:53+00:00","dateModified":"2025-05-21T06:49:20+00:00","description":"Informez-vous sur les fourneaux modulaires Electrolux Professional, équipements de cuisine pour des performances optimales.","breadcrumb":{"@id":"https://www.electroluxprofessional.com/fr/equipement-cuisine/cuisson-modulaire/900xp/#breadcrumb"},"inLanguage":"fr-FR","potentialAction":[{"@type":"ReadAction","target":["https://www.electroluxprofessional.com/fr/equipement-cuisine/cuisson-modulaire/900xp/"]}]},{"@type":"ImageObject","inLanguage":"fr-FR","@id":"https://www.electroluxprofessional.com/fr/equipement-cuisine/cuisson-modulaire/900xp/#primaryimage","url":"https://www.electroluxprofessional.com/fr/wp-content/uploads/2017/02/900xp.jpg","contentUrl":"https://www.electroluxprofessional.com/fr/wp-content/uploads/2017/02/900xp.jpg"},{"@type":"BreadcrumbList","@id":"https://www.electroluxprofessional.com/fr/equipement-cuisine/cuisson-modulaire/900xp/#breadcrumb","itemListElement":[{"@type":"ListItem","position":1,"name":"Home","item":"https://www.electroluxprofessional.com/fr/"},{"@type":"ListItem","position":2,"name":"Matériel de cuisine professionnel","item":"https://www.electroluxprofessional.com/fr/equipement-cuisine/"},{"@type":"ListItem","position":3,"name":"Cuisson modulaire","item":"https://www.electroluxprofessional.com/fr/equipement-cuisine/cuisson-modulaire/"},{"@type":"ListItem","position":4,"name":"900xp"}]},{"@type":"WebSite","@id":"https://www.electroluxprofessional.com/fr/#website","url":"https://www.electroluxprofessional.com/fr/","name":"Electrolux Professional France","description":"","potentialAction":[{"@type":"SearchAction","target":{"@type":"EntryPoint","urlTemplate":"https://www.electroluxprofessional.com/fr/?src={search_term_string}"},"query-input":"required name=search_term_string"}],"inLanguage":"fr-FR"}]}</script>
<!-- / Yoast SEO plugin. -->

Informez-vous sur les fourneaux modulaires Electrolux Professional, équipements de cuisine pour des performances optimales.

Matériel de cuisine professionnel
