{"id":2698,"date":"2017-06-07T14:25:53","date_gmt":"2017-06-07T14:25:53","guid":{"rendered":"https:\/\/www.electroluxprofessional.com\/fr-be\/?page_id=2698"},"modified":"2020-12-29T11:01:32","modified_gmt":"2020-12-29T11:01:32","slug":"recipes","status":"publish","type":"page","link":"https:\/\/www.electroluxprofessional.com\/fr-be\/recipes\/","title":{"rendered":"Recettes"},"content":{"rendered":"<p>[vc_row full_width=&#8221;electroluxpro-full-width-no-padding&#8221;][vc_column][elx_hero_video label=&#8221;&#8221; label_background_color=&#8221;restaurant&#8221; background_video_mp4=&#8221;http:\/\/testepr.jobinformatica.it\/wp-content\/uploads\/2016\/05\/video-test-recipe-MVI_6988-ok-vm.mp4&#8243;][elx_heading font_container=&#8221;h1&#8243; font_size=&#8221;h1&#8243; text_color=&#8221;white&#8221;]Recettes Chef Academy[\/elx_heading][\/elx_hero_video][\/vc_column][\/vc_row][vc_row][vc_column width=&#8221;1\/2&#8243;][vc_empty_space][elx_image_block background_image=&#8221;581&#8243; minimum_height=&#8221;500px&#8221;][vc_empty_space][\/vc_column][vc_column width=&#8221;1\/2&#8243;][vc_column_text]<\/p>\n<h2>Des id\u00e9es et des amis\u00a0:<br \/>\ninspirer et s\u2019inspirer<\/h2>\n<p>La Chef Academy est une source d\u2019inspiration. Ce r\u00e9seau mondial unique est dirig\u00e9 par des mentors culinaires exp\u00e9riment\u00e9s du monde entier. Ils \u00e9coutent vos id\u00e9es et cr\u00e9ent des solutions pour vos besoins, \u00e9videmment toujours dans un environnement confidentiel et professionnel.<\/p>\n<p>\u00ab\u00a0Des id\u00e9es et des amis\u00a0\u00bb est une attitude, c\u2019est notre fa\u00e7on de travailler. \u00c0 notre \u00ab\u00a0table ronde\u00a0\u00bb, tout le monde peut partager ses id\u00e9es, ses d\u00e9fis et peut tester des solutions. Dopons vos activit\u00e9s ensemble&#8230;[\/vc_column_text][\/vc_column][\/vc_row]<\/p>\n","protected":false},"excerpt":{"rendered":"<p>[vc_row full_width=&#8221;electroluxpro-full-width-no-padding&#8221;][vc_column][elx_hero_video label=&#8221;&#8221; label_background_color=&#8221;restaurant&#8221; background_video_mp4=&#8221;http:\/\/testepr.jobinformatica.it\/wp-content\/uploads\/2016\/05\/video-test-recipe-MVI_6988-ok-vm.mp4&#8243;][elx_heading font_container=&#8221;h1&#8243; font_size=&#8221;h1&#8243; text_color=&#8221;white&#8221;]Recettes Chef Academy[\/elx_heading][\/elx_hero_video][\/vc_column][\/vc_row][vc_row][vc_column width=&#8221;1\/2&#8243;][vc_empty_space][elx_image_block background_image=&#8221;581&#8243; minimum_height=&#8221;500px&#8221;][vc_empty_space][\/vc_column][vc_column width=&#8221;1\/2&#8243;][vc_column_text] Des id\u00e9es et des amis\u00a0: inspirer et s\u2019inspirer La Chef Academy est une source d\u2019inspiration. Ce r\u00e9seau mondial unique est dirig\u00e9 par des mentors culinaires exp\u00e9riment\u00e9s du monde entier. Ils \u00e9coutent vos id\u00e9es et cr\u00e9ent des solutions pour vos besoins, \u00e9videmment [&hellip;]<\/p>\n","protected":false},"author":3,"featured_media":0,"parent":0,"menu_order":0,"comment_status":"closed","ping_status":"closed","template":"template-recipes.php","meta":{"footnotes":""},"class_list":["post-2698","page","type-page","status-publish","hentry"],"acf":[],"yoast_head":"<!-- This site is optimized with the Yoast SEO plugin v23.3 - https:\/\/yoast.com\/wordpress\/plugins\/seo\/ -->\n<title>Recettes Electrolux Professional<\/title>\n<meta name=\"description\" content=\"D\u00e9couvrez des recettes pour mettre au profit vos solutions Electrolux Professional et sublimez vos repas.\" \/>\n<meta name=\"robots\" content=\"index, follow, max-snippet:-1, max-image-preview:large, max-video-preview:-1\" \/>\n<link rel=\"canonical\" href=\"https:\/\/www.electroluxprofessional.com\/fr-be\/recipes\/\" \/>\n<meta property=\"og:locale\" content=\"fr_FR\" \/>\n<meta property=\"og:type\" content=\"article\" \/>\n<meta property=\"og:title\" content=\"Recettes Electrolux Professional\" \/>\n<meta property=\"og:description\" content=\"D\u00e9couvrez des recettes pour mettre au profit vos solutions Electrolux Professional et sublimez vos repas.\" \/>\n<meta property=\"og:url\" content=\"https:\/\/www.electroluxprofessional.com\/fr-be\/recipes\/\" \/>\n<meta property=\"og:site_name\" content=\"Electrolux Professional Belgique\" \/>\n<meta property=\"article:modified_time\" content=\"2020-12-29T11:01:32+00:00\" \/>\n<meta name=\"twitter:card\" content=\"summary_large_image\" \/>\n<meta name=\"twitter:label1\" content=\"Dur\u00e9e de lecture est.\" \/>\n\t<meta name=\"twitter:data1\" content=\"1 minute\" \/>\n<script type=\"application\/ld+json\" class=\"yoast-schema-graph\">{\"@context\":\"https:\/\/schema.org\",\"@graph\":[{\"@type\":\"WebPage\",\"@id\":\"https:\/\/www.electroluxprofessional.com\/fr-be\/recipes\/\",\"url\":\"https:\/\/www.electroluxprofessional.com\/fr-be\/recipes\/\",\"name\":\"Recettes Electrolux Professional\",\"isPartOf\":{\"@id\":\"https:\/\/www.electroluxprofessional.com\/fr-be\/#website\"},\"datePublished\":\"2017-06-07T14:25:53+00:00\",\"dateModified\":\"2020-12-29T11:01:32+00:00\",\"description\":\"D\u00e9couvrez des recettes pour mettre au profit vos solutions Electrolux Professional et sublimez vos repas.\",\"breadcrumb\":{\"@id\":\"https:\/\/www.electroluxprofessional.com\/fr-be\/recipes\/#breadcrumb\"},\"inLanguage\":\"fr-BE\",\"potentialAction\":[{\"@type\":\"ReadAction\",\"target\":[\"https:\/\/www.electroluxprofessional.com\/fr-be\/recipes\/\"]}]},{\"@type\":\"BreadcrumbList\",\"@id\":\"https:\/\/www.electroluxprofessional.com\/fr-be\/recipes\/#breadcrumb\",\"itemListElement\":[{\"@type\":\"ListItem\",\"position\":1,\"name\":\"Home\",\"item\":\"https:\/\/www.electroluxprofessional.com\/fr-be\/\"},{\"@type\":\"ListItem\",\"position\":2,\"name\":\"Recettes\"}]},{\"@type\":\"WebSite\",\"@id\":\"https:\/\/www.electroluxprofessional.com\/fr-be\/#website\",\"url\":\"https:\/\/www.electroluxprofessional.com\/fr-be\/\",\"name\":\"Electrolux Professional Belgique\",\"description\":\"Electrolux Professional est le leader mondial en mati\u00e8re d&#039;\u00e9quipements de cuisines et de blanchisseries professionnelles.\",\"potentialAction\":[{\"@type\":\"SearchAction\",\"target\":{\"@type\":\"EntryPoint\",\"urlTemplate\":\"https:\/\/www.electroluxprofessional.com\/fr-be\/?src={search_term_string}\"},\"query-input\":\"required name=search_term_string\"}],\"inLanguage\":\"fr-BE\"}]}<\/script>\n<!-- \/ Yoast SEO plugin. -->","yoast_head_json":{"title":"Recettes Electrolux Professional","description":"D\u00e9couvrez des recettes pour mettre au profit vos solutions Electrolux Professional et sublimez vos repas.","robots":{"index":"index","follow":"follow","max-snippet":"max-snippet:-1","max-image-preview":"max-image-preview:large","max-video-preview":"max-video-preview:-1"},"canonical":"https:\/\/www.electroluxprofessional.com\/fr-be\/recipes\/","og_locale":"fr_FR","og_type":"article","og_title":"Recettes Electrolux Professional","og_description":"D\u00e9couvrez des recettes pour mettre au profit vos solutions Electrolux Professional et sublimez vos repas.","og_url":"https:\/\/www.electroluxprofessional.com\/fr-be\/recipes\/","og_site_name":"Electrolux Professional Belgique","article_modified_time":"2020-12-29T11:01:32+00:00","twitter_card":"summary_large_image","twitter_misc":{"Dur\u00e9e de lecture est.":"1 minute"},"schema":{"@context":"https:\/\/schema.org","@graph":[{"@type":"WebPage","@id":"https:\/\/www.electroluxprofessional.com\/fr-be\/recipes\/","url":"https:\/\/www.electroluxprofessional.com\/fr-be\/recipes\/","name":"Recettes Electrolux Professional","isPartOf":{"@id":"https:\/\/www.electroluxprofessional.com\/fr-be\/#website"},"datePublished":"2017-06-07T14:25:53+00:00","dateModified":"2020-12-29T11:01:32+00:00","description":"D\u00e9couvrez des recettes pour mettre au profit vos solutions Electrolux Professional et sublimez vos repas.","breadcrumb":{"@id":"https:\/\/www.electroluxprofessional.com\/fr-be\/recipes\/#breadcrumb"},"inLanguage":"fr-BE","potentialAction":[{"@type":"ReadAction","target":["https:\/\/www.electroluxprofessional.com\/fr-be\/recipes\/"]}]},{"@type":"BreadcrumbList","@id":"https:\/\/www.electroluxprofessional.com\/fr-be\/recipes\/#breadcrumb","itemListElement":[{"@type":"ListItem","position":1,"name":"Home","item":"https:\/\/www.electroluxprofessional.com\/fr-be\/"},{"@type":"ListItem","position":2,"name":"Recettes"}]},{"@type":"WebSite","@id":"https:\/\/www.electroluxprofessional.com\/fr-be\/#website","url":"https:\/\/www.electroluxprofessional.com\/fr-be\/","name":"Electrolux Professional Belgique","description":"Electrolux Professional est le leader mondial en mati\u00e8re d&#039;\u00e9quipements de cuisines et de blanchisseries professionnelles.","potentialAction":[{"@type":"SearchAction","target":{"@type":"EntryPoint","urlTemplate":"https:\/\/www.electroluxprofessional.com\/fr-be\/?src={search_term_string}"},"query-input":"required name=search_term_string"}],"inLanguage":"fr-BE"}]}},"_links":{"self":[{"href":"https:\/\/www.electroluxprofessional.com\/fr-be\/wp-json\/wp\/v2\/pages\/2698"}],"collection":[{"href":"https:\/\/www.electroluxprofessional.com\/fr-be\/wp-json\/wp\/v2\/pages"}],"about":[{"href":"https:\/\/www.electroluxprofessional.com\/fr-be\/wp-json\/wp\/v2\/types\/page"}],"author":[{"embeddable":true,"href":"https:\/\/www.electroluxprofessional.com\/fr-be\/wp-json\/wp\/v2\/users\/3"}],"replies":[{"embeddable":true,"href":"https:\/\/www.electroluxprofessional.com\/fr-be\/wp-json\/wp\/v2\/comments?post=2698"}],"version-history":[{"count":3,"href":"https:\/\/www.electroluxprofessional.com\/fr-be\/wp-json\/wp\/v2\/pages\/2698\/revisions"}],"predecessor-version":[{"id":4720,"href":"https:\/\/www.electroluxprofessional.com\/fr-be\/wp-json\/wp\/v2\/pages\/2698\/revisions\/4720"}],"wp:attachment":[{"href":"https:\/\/www.electroluxprofessional.com\/fr-be\/wp-json\/wp\/v2\/media?parent=2698"}],"curies":[{"name":"wp","href":"https:\/\/api.w.org\/{rel}","templated":true}]}}

<p>[vc_row full_width=&#8221;electroluxpro-full-width-no-padding&#8221;][vc_column][elx_hero_video label=&#8221;&#8221; label_background_color=&#8221;restaurant&#8221; background_video_mp4=&#8221;http://testepr.jobinformatica.it/wp-content/uploads/2016/05/video-test-recipe-MVI_6988-ok-vm.mp4&#8243;][elx_heading font_container=&#8221;h1&#8243; font_size=&#8221;h1&#8243; text_color=&#8221;white&#8221;]Recettes Chef Academy[/elx_heading][/elx_hero_video][/vc_column][/vc_row][vc_row][vc_column width=&#8221;1/2&#8243;][vc_empty_space][elx_image_block background_image=&#8221;581&#8243; minimum_height=&#8221;500px&#8221;][vc_empty_space][/vc_column][vc_column width=&#8221;1/2&#8243;][vc_column_text]</p>
<h2>Des idées et des amis :<br />
inspirer et s’inspirer</h2>
<p>La Chef Academy est une source d’inspiration. Ce réseau mondial unique est dirigé par des mentors culinaires expérimentés du monde entier. Ils écoutent vos idées et créent des solutions pour vos besoins, évidemment toujours dans un environnement confidentiel et professionnel.</p>
<p>« Des idées et des amis » est une attitude, c’est notre façon de travailler. À notre « table ronde », tout le monde peut partager ses idées, ses défis et peut tester des solutions. Dopons vos activités ensemble&#8230;[/vc_column_text][/vc_column][/vc_row]</p>

<p>[vc_row full_width=&#8221;electroluxpro-full-width-no-padding&#8221;][vc_column][elx_hero_video label=&#8221;&#8221; label_background_color=&#8221;restaurant&#8221; background_video_mp4=&#8221;http://testepr.jobinformatica.it/wp-content/uploads/2016/05/video-test-recipe-MVI_6988-ok-vm.mp4&#8243;][elx_heading font_container=&#8221;h1&#8243; font_size=&#8221;h1&#8243; text_color=&#8221;white&#8221;]Recettes Chef Academy[/elx_heading][/elx_hero_video][/vc_column][/vc_row][vc_row][vc_column width=&#8221;1/2&#8243;][vc_empty_space][elx_image_block background_image=&#8221;581&#8243; minimum_height=&#8221;500px&#8221;][vc_empty_space][/vc_column][vc_column width=&#8221;1/2&#8243;][vc_column_text] Des idées et des amis : inspirer et s’inspirer La Chef Academy est une source d’inspiration. Ce réseau mondial unique est dirigé par des mentors culinaires expérimentés du monde entier. Ils écoutent vos idées et créent des solutions pour vos besoins, évidemment [&hellip;]</p>

<!-- This site is optimized with the Yoast SEO plugin v23.3 - https://yoast.com/wordpress/plugins/seo/ -->
<title>Recettes Electrolux Professional</title>
<meta name="description" content="Découvrez des recettes pour mettre au profit vos solutions Electrolux Professional et sublimez vos repas." />
<meta name="robots" content="index, follow, max-snippet:-1, max-image-preview:large, max-video-preview:-1" />
<link rel="canonical" href="https://www.electroluxprofessional.com/fr-be/recipes/" />
<meta property="og:locale" content="fr_FR" />
<meta property="og:type" content="article" />
<meta property="og:title" content="Recettes Electrolux Professional" />
<meta property="og:description" content="Découvrez des recettes pour mettre au profit vos solutions Electrolux Professional et sublimez vos repas." />
<meta property="og:url" content="https://www.electroluxprofessional.com/fr-be/recipes/" />
<meta property="og:site_name" content="Electrolux Professional Belgique" />
<meta property="article:modified_time" content="2020-12-29T11:01:32+00:00" />
<meta name="twitter:card" content="summary_large_image" />
<meta name="twitter:label1" content="Durée de lecture est." />
	<meta name="twitter:data1" content="1 minute" />
<script type="application/ld+json" class="yoast-schema-graph">{"@context":"https://schema.org","@graph":[{"@type":"WebPage","@id":"https://www.electroluxprofessional.com/fr-be/recipes/","url":"https://www.electroluxprofessional.com/fr-be/recipes/","name":"Recettes Electrolux Professional","isPartOf":{"@id":"https://www.electroluxprofessional.com/fr-be/#website"},"datePublished":"2017-06-07T14:25:53+00:00","dateModified":"2020-12-29T11:01:32+00:00","description":"Découvrez des recettes pour mettre au profit vos solutions Electrolux Professional et sublimez vos repas.","breadcrumb":{"@id":"https://www.electroluxprofessional.com/fr-be/recipes/#breadcrumb"},"inLanguage":"fr-BE","potentialAction":[{"@type":"ReadAction","target":["https://www.electroluxprofessional.com/fr-be/recipes/"]}]},{"@type":"BreadcrumbList","@id":"https://www.electroluxprofessional.com/fr-be/recipes/#breadcrumb","itemListElement":[{"@type":"ListItem","position":1,"name":"Home","item":"https://www.electroluxprofessional.com/fr-be/"},{"@type":"ListItem","position":2,"name":"Recettes"}]},{"@type":"WebSite","@id":"https://www.electroluxprofessional.com/fr-be/#website","url":"https://www.electroluxprofessional.com/fr-be/","name":"Electrolux Professional Belgique","description":"Electrolux Professional est le leader mondial en matière d&#039;équipements de cuisines et de blanchisseries professionnelles.","potentialAction":[{"@type":"SearchAction","target":{"@type":"EntryPoint","urlTemplate":"https://www.electroluxprofessional.com/fr-be/?src={search_term_string}"},"query-input":"required name=search_term_string"}],"inLanguage":"fr-BE"}]}</script>
<!-- / Yoast SEO plugin. -->

Découvrez des recettes pour mettre au profit vos solutions Electrolux Professional et sublimez vos repas.

Electrolux Professional est le leader mondial en matière d&#039;équipements de cuisines et de blanchisseries professionnelles.
