{"version":"1.0","provider_name":"Electrolux Professional Belgique","provider_url":"https:\/\/www.electroluxprofessional.com\/fr-be","title":"Delivento - Electrolux Professional Belgique","type":"rich","width":600,"height":338,"html":"<blockquote class=\"wp-embedded-content\" data-secret=\"RAR16tiGAL\"><a href=\"https:\/\/www.electroluxprofessional.com\/fr-be\/references\/delivento\/\">Delivento<\/a><\/blockquote><iframe sandbox=\"allow-scripts\" security=\"restricted\" src=\"https:\/\/www.electroluxprofessional.com\/fr-be\/references\/delivento\/embed\/#?secret=RAR16tiGAL\" width=\"600\" height=\"338\" title=\"\u00ab\u00a0Delivento\u00a0\u00bb &#8212; Electrolux Professional Belgique\" data-secret=\"RAR16tiGAL\" frameborder=\"0\" marginwidth=\"0\" marginheight=\"0\" scrolling=\"no\" class=\"wp-embedded-content\"><\/iframe><script type=\"text\/javascript\">\n\/* <![CDATA[ *\/\n\/*! This file is auto-generated *\/\n!function(d,l){\"use strict\";l.querySelector&&d.addEventListener&&\"undefined\"!=typeof URL&&(d.wp=d.wp||{},d.wp.receiveEmbedMessage||(d.wp.receiveEmbedMessage=function(e){var t=e.data;if((t||t.secret||t.message||t.value)&&!\/[^a-zA-Z0-9]\/.test(t.secret)){for(var s,r,n,a=l.querySelectorAll('iframe[data-secret=\"'+t.secret+'\"]'),o=l.querySelectorAll('blockquote[data-secret=\"'+t.secret+'\"]'),c=new RegExp(\"^https?:$\",\"i\"),i=0;i<o.length;i++)o[i].style.display=\"none\";for(i=0;i<a.length;i++)s=a[i],e.source===s.contentWindow&&(s.removeAttribute(\"style\"),\"height\"===t.message?(1e3<(r=parseInt(t.value,10))?r=1e3:~~r<200&&(r=200),s.height=r):\"link\"===t.message&&(r=new URL(s.getAttribute(\"src\")),n=new URL(t.value),c.test(n.protocol))&&n.host===r.host&&l.activeElement===s&&(d.top.location.href=t.value))}},d.addEventListener(\"message\",d.wp.receiveEmbedMessage,!1),l.addEventListener(\"DOMContentLoaded\",function(){for(var e,t,s=l.querySelectorAll(\"iframe.wp-embedded-content\"),r=0;r<s.length;r++)(t=(e=s[r]).getAttribute(\"data-secret\"))||(t=Math.random().toString(36).substring(2,12),e.src+=\"#?secret=\"+t,e.setAttribute(\"data-secret\",t)),e.contentWindow.postMessage({message:\"ready\",secret:t},\"*\")},!1)))}(window,document);\n\/* ]]> *\/\n<\/script>\n","thumbnail_url":"https:\/\/www.electroluxprofessional.com\/fr-be\/wp-content\/uploads\/2016\/11\/Delivento.jpg","thumbnail_width":2000,"thumbnail_height":1335,"description":"[vc_row][vc_column][elx_image_block background_image=&#8221;366&#8243; minimum_height=&#8221;500px&#8221;][elx_heading text_color=&#8221;inherit&#8221;]Nouvelle offre, nouvelle cuisine, nouvelle z\u00f4ne de d\u00e9gustation. D\u2019avantage \u00e0 votre service.[\/elx_heading][vc_column_text]Delivento Catering &amp; Events couvre l\u2019\u00e9ventail complet depuis des r\u00e9ceptions jusqu\u2019au grands \u00e9venements th\u00e9matiques et prend en charge tant le catering que l\u2019animation d\u2019encadrement. Depuis l\u2019amorce de conception jusqu\u2019\u00e0 la r\u00e9alisation finale, Delivento s\u2019efforce \u00e0 r\u00e9aliser un succ\u00e8s. La fin 2014 [&hellip;]"}

[vc_row][vc_column][elx_image_block background_image=&#8221;366&#8243; minimum_height=&#8221;500px&#8221;][elx_heading text_color=&#8221;inherit&#8221;]Nouvelle offre, nouvelle cuisine, nouvelle zône de dégustation. D’avantage à votre service.[/elx_heading][vc_column_text]Delivento Catering &amp; Events couvre l’éventail complet depuis des réceptions jusqu’au grands évenements thématiques et prend en charge tant le catering que l’animation d’encadrement. Depuis l’amorce de conception jusqu’à la réalisation finale, Delivento s’efforce à réaliser un succès. La fin 2014 [&hellip;]
