{"version":"1.0","provider_name":"Electrolux Professional Belgique","provider_url":"https:\/\/www.electroluxprofessional.com\/fr-be","title":"Wok v\u00e9g\u00e9tarien - Electrolux Professional Belgique","type":"rich","width":600,"height":338,"html":"<blockquote class=\"wp-embedded-content\" data-secret=\"6oR9gs6e8X\"><a href=\"https:\/\/www.electroluxprofessional.com\/fr-be\/recipes\/wok-vegetarien\/\">Wok v\u00e9g\u00e9tarien<\/a><\/blockquote><iframe sandbox=\"allow-scripts\" security=\"restricted\" src=\"https:\/\/www.electroluxprofessional.com\/fr-be\/recipes\/wok-vegetarien\/embed\/#?secret=6oR9gs6e8X\" width=\"600\" height=\"338\" title=\"\u00ab\u00a0Wok v\u00e9g\u00e9tarien\u00a0\u00bb &#8212; Electrolux Professional Belgique\" data-secret=\"6oR9gs6e8X\" frameborder=\"0\" marginwidth=\"0\" marginheight=\"0\" scrolling=\"no\" class=\"wp-embedded-content\"><\/iframe><script type=\"text\/javascript\">\n\/* <![CDATA[ *\/\n\/*! This file is auto-generated *\/\n!function(d,l){\"use strict\";l.querySelector&&d.addEventListener&&\"undefined\"!=typeof URL&&(d.wp=d.wp||{},d.wp.receiveEmbedMessage||(d.wp.receiveEmbedMessage=function(e){var t=e.data;if((t||t.secret||t.message||t.value)&&!\/[^a-zA-Z0-9]\/.test(t.secret)){for(var s,r,n,a=l.querySelectorAll('iframe[data-secret=\"'+t.secret+'\"]'),o=l.querySelectorAll('blockquote[data-secret=\"'+t.secret+'\"]'),c=new RegExp(\"^https?:$\",\"i\"),i=0;i<o.length;i++)o[i].style.display=\"none\";for(i=0;i<a.length;i++)s=a[i],e.source===s.contentWindow&&(s.removeAttribute(\"style\"),\"height\"===t.message?(1e3<(r=parseInt(t.value,10))?r=1e3:~~r<200&&(r=200),s.height=r):\"link\"===t.message&&(r=new URL(s.getAttribute(\"src\")),n=new URL(t.value),c.test(n.protocol))&&n.host===r.host&&l.activeElement===s&&(d.top.location.href=t.value))}},d.addEventListener(\"message\",d.wp.receiveEmbedMessage,!1),l.addEventListener(\"DOMContentLoaded\",function(){for(var e,t,s=l.querySelectorAll(\"iframe.wp-embedded-content\"),r=0;r<s.length;r++)(t=(e=s[r]).getAttribute(\"data-secret\"))||(t=Math.random().toString(36).substring(2,12),e.src+=\"#?secret=\"+t,e.setAttribute(\"data-secret\",t)),e.contentWindow.postMessage({message:\"ready\",secret:t},\"*\")},!1)))}(window,document);\n\/* ]]> *\/\n<\/script>\n","thumbnail_url":"https:\/\/www.electroluxprofessional.com\/fr-be\/wp-content\/uploads\/2018\/07\/DSC01089-1.jpg","thumbnail_width":4240,"thumbnail_height":2832,"description":"[vc_row][vc_column][elx_social_share][vc_empty_space][\/vc_column][\/vc_row][vc_row][vc_column width=&#8221;1\/2&#8243;][vc_single_image image=&#8221;6488&#8243; img_size=&#8221;250x250px&#8221; alignment=&#8221;center&#8221; style=&#8221;vc_box_circle_2&#8243;][\/vc_column][vc_column width=&#8221;1\/2&#8243;][vc_empty_space height=&#8221;50px&#8221;][elx_heading text_color=&#8221;inherit&#8221;]Chef: Stefaan Van Beveren[\/elx_heading][\/vc_column][\/vc_row][vc_row][vc_column][vc_empty_space][\/vc_column][\/vc_row][vc_row][vc_column width=&#8221;1\/2&#8243;][elx_heading text_color=&#8221;inherit&#8221;]Ingr\u00e9dients[\/elx_heading][vc_column_text]Ingr\u00e9dients pour 10 personnes 400gr de panais 400gr de carottes 400gr de c\u00e9leri 400gr de fenouil 400gr de chou romanesque 750ml de cr\u00e8me fra\u00eeche 125gr de moutarde de Gand quelques feuilles de romarin sel &amp; poivre huile d&#8217;arachide [\/vc_column_text][\/vc_column][vc_column width=&#8221;1\/2&#8243;][vc_empty_space][elx_video_block background_image=&#8221;6487&#8243; video_link=&#8221;https:\/\/www.youtube.com\/watch_popup?v=NZ-nnX-dkZI&amp;list=PLOsJMU-1K1zVFEXW4qozDahlJxbf0buYb&amp;index=9&#8243; [&hellip;]"}

Wok végétarien - Electrolux Professional Belgique

<blockquote class="wp-embedded-content" data-secret="6oR9gs6e8X"><a href="https://www.electroluxprofessional.com/fr-be/recipes/wok-vegetarien/">Wok végétarien</a></blockquote><iframe sandbox="allow-scripts" security="restricted" src="https://www.electroluxprofessional.com/fr-be/recipes/wok-vegetarien/embed/#?secret=6oR9gs6e8X" width="600" height="338" title="« Wok végétarien » &#8212; Electrolux Professional Belgique" data-secret="6oR9gs6e8X" frameborder="0" marginwidth="0" marginheight="0" scrolling="no" class="wp-embedded-content"></iframe><script type="text/javascript">
/* <![CDATA[ */
/*! This file is auto-generated */
!function(d,l){"use strict";l.querySelector&&d.addEventListener&&"undefined"!=typeof URL&&(d.wp=d.wp||{},d.wp.receiveEmbedMessage||(d.wp.receiveEmbedMessage=function(e){var t=e.data;if((t||t.secret||t.message||t.value)&&!/[^a-zA-Z0-9]/.test(t.secret)){for(var s,r,n,a=l.querySelectorAll('iframe[data-secret="'+t.secret+'"]'),o=l.querySelectorAll('blockquote[data-secret="'+t.secret+'"]'),c=new RegExp("^https?:$","i"),i=0;i<o.length;i++)o[i].style.display="none";for(i=0;i<a.length;i++)s=a[i],e.source===s.contentWindow&&(s.removeAttribute("style"),"height"===t.message?(1e3<(r=parseInt(t.value,10))?r=1e3:~~r<200&&(r=200),s.height=r):"link"===t.message&&(r=new URL(s.getAttribute("src")),n=new URL(t.value),c.test(n.protocol))&&n.host===r.host&&l.activeElement===s&&(d.top.location.href=t.value))}},d.addEventListener("message",d.wp.receiveEmbedMessage,!1),l.addEventListener("DOMContentLoaded",function(){for(var e,t,s=l.querySelectorAll("iframe.wp-embedded-content"),r=0;r<s.length;r++)(t=(e=s[r]).getAttribute("data-secret"))||(t=Math.random().toString(36).substring(2,12),e.src+="#?secret="+t,e.setAttribute("data-secret",t)),e.contentWindow.postMessage({message:"ready",secret:t},"*")},!1)))}(window,document);
/* ]]> */
</script>

[vc_row][vc_column][elx_social_share][vc_empty_space][/vc_column][/vc_row][vc_row][vc_column width=&#8221;1/2&#8243;][vc_single_image image=&#8221;6488&#8243; img_size=&#8221;250x250px&#8221; alignment=&#8221;center&#8221; style=&#8221;vc_box_circle_2&#8243;][/vc_column][vc_column width=&#8221;1/2&#8243;][vc_empty_space height=&#8221;50px&#8221;][elx_heading text_color=&#8221;inherit&#8221;]Chef: Stefaan Van Beveren[/elx_heading][/vc_column][/vc_row][vc_row][vc_column][vc_empty_space][/vc_column][/vc_row][vc_row][vc_column width=&#8221;1/2&#8243;][elx_heading text_color=&#8221;inherit&#8221;]Ingrédients[/elx_heading][vc_column_text]Ingrédients pour 10 personnes 400gr de panais 400gr de carottes 400gr de céleri 400gr de fenouil 400gr de chou romanesque 750ml de crème fraîche 125gr de moutarde de Gand quelques feuilles de romarin sel &amp; poivre huile d&#8217;arachide [/vc_column_text][/vc_column][vc_column width=&#8221;1/2&#8243;][vc_empty_space][elx_video_block background_image=&#8221;6487&#8243; video_link=&#8221;https://www.youtube.com/watch_popup?v=NZ-nnX-dkZI&amp;list=PLOsJMU-1K1zVFEXW4qozDahlJxbf0buYb&amp;index=9&#8243; [&hellip;]
