{"version":"1.0","provider_name":"Electrolux Professional Suomi","provider_url":"https:\/\/www.electroluxprofessional.com\/fi","author_name":"timo.aho@electrolux.com","author_url":"https:\/\/www.electroluxprofessional.com\/fi\/author\/timo-aho\/","title":"Laitteista huolehtiminen k\u00e4ytt\u00f6taukojen aikana - Electrolux Professional Suomi","type":"rich","width":600,"height":338,"html":"<blockquote class=\"wp-embedded-content\" data-secret=\"e3Hql3B1x4\"><a href=\"https:\/\/www.electroluxprofessional.com\/fi\/laitteista-huolehtiminen\/\">Laitteista huolehtiminen k\u00e4ytt\u00f6taukojen aikana<\/a><\/blockquote><iframe sandbox=\"allow-scripts\" security=\"restricted\" src=\"https:\/\/www.electroluxprofessional.com\/fi\/laitteista-huolehtiminen\/embed\/#?secret=e3Hql3B1x4\" width=\"600\" height=\"338\" title=\"&#8221;Laitteista huolehtiminen k\u00e4ytt\u00f6taukojen aikana&#8221; &#8212; Electrolux Professional Suomi\" data-secret=\"e3Hql3B1x4\" frameborder=\"0\" marginwidth=\"0\" marginheight=\"0\" scrolling=\"no\" class=\"wp-embedded-content\"><\/iframe><script type=\"text\/javascript\">\n\/* <![CDATA[ *\/\n\/*! This file is auto-generated *\/\n!function(d,l){\"use strict\";l.querySelector&&d.addEventListener&&\"undefined\"!=typeof URL&&(d.wp=d.wp||{},d.wp.receiveEmbedMessage||(d.wp.receiveEmbedMessage=function(e){var t=e.data;if((t||t.secret||t.message||t.value)&&!\/[^a-zA-Z0-9]\/.test(t.secret)){for(var s,r,n,a=l.querySelectorAll('iframe[data-secret=\"'+t.secret+'\"]'),o=l.querySelectorAll('blockquote[data-secret=\"'+t.secret+'\"]'),c=new RegExp(\"^https?:$\",\"i\"),i=0;i<o.length;i++)o[i].style.display=\"none\";for(i=0;i<a.length;i++)s=a[i],e.source===s.contentWindow&&(s.removeAttribute(\"style\"),\"height\"===t.message?(1e3<(r=parseInt(t.value,10))?r=1e3:~~r<200&&(r=200),s.height=r):\"link\"===t.message&&(r=new URL(s.getAttribute(\"src\")),n=new URL(t.value),c.test(n.protocol))&&n.host===r.host&&l.activeElement===s&&(d.top.location.href=t.value))}},d.addEventListener(\"message\",d.wp.receiveEmbedMessage,!1),l.addEventListener(\"DOMContentLoaded\",function(){for(var e,t,s=l.querySelectorAll(\"iframe.wp-embedded-content\"),r=0;r<s.length;r++)(t=(e=s[r]).getAttribute(\"data-secret\"))||(t=Math.random().toString(36).substring(2,12),e.src+=\"#?secret=\"+t,e.setAttribute(\"data-secret\",t)),e.contentWindow.postMessage({message:\"ready\",secret:t},\"*\")},!1)))}(window,document);\n\/* ]]> *\/\n<\/script>\n","description":"Joskus laitteesi ovat k\u00e4ytt\u00e4m\u00e4tt\u00f6m\u00e4n\u00e4 pitk\u00e4\u00e4n. Electrolux Professional haluaa tarjota sinulle muutamia ohjeita ja neuvoja, miten laitteet kannattaa valmistella k\u00e4ytt\u00f6katkoon ja mit\u00e4 tulee huomioida kun laitteet otetaan uudelleen k\u00e4ytt\u00f6\u00f6n. N\u00e4ill\u00e4 toimenpiteill\u00e4 on positiivinen vaikutus k\u00e4ytt\u00f6ik\u00e4\u00e4n."}

Laitteista huolehtiminen käyttötaukojen aikana - Electrolux Professional Suomi

<blockquote class="wp-embedded-content" data-secret="e3Hql3B1x4"><a href="https://www.electroluxprofessional.com/fi/laitteista-huolehtiminen/">Laitteista huolehtiminen käyttötaukojen aikana</a></blockquote><iframe sandbox="allow-scripts" security="restricted" src="https://www.electroluxprofessional.com/fi/laitteista-huolehtiminen/embed/#?secret=e3Hql3B1x4" width="600" height="338" title="&#8221;Laitteista huolehtiminen käyttötaukojen aikana&#8221; &#8212; Electrolux Professional Suomi" data-secret="e3Hql3B1x4" frameborder="0" marginwidth="0" marginheight="0" scrolling="no" class="wp-embedded-content"></iframe><script type="text/javascript">
/* <![CDATA[ */
/*! This file is auto-generated */
!function(d,l){"use strict";l.querySelector&&d.addEventListener&&"undefined"!=typeof URL&&(d.wp=d.wp||{},d.wp.receiveEmbedMessage||(d.wp.receiveEmbedMessage=function(e){var t=e.data;if((t||t.secret||t.message||t.value)&&!/[^a-zA-Z0-9]/.test(t.secret)){for(var s,r,n,a=l.querySelectorAll('iframe[data-secret="'+t.secret+'"]'),o=l.querySelectorAll('blockquote[data-secret="'+t.secret+'"]'),c=new RegExp("^https?:$","i"),i=0;i<o.length;i++)o[i].style.display="none";for(i=0;i<a.length;i++)s=a[i],e.source===s.contentWindow&&(s.removeAttribute("style"),"height"===t.message?(1e3<(r=parseInt(t.value,10))?r=1e3:~~r<200&&(r=200),s.height=r):"link"===t.message&&(r=new URL(s.getAttribute("src")),n=new URL(t.value),c.test(n.protocol))&&n.host===r.host&&l.activeElement===s&&(d.top.location.href=t.value))}},d.addEventListener("message",d.wp.receiveEmbedMessage,!1),l.addEventListener("DOMContentLoaded",function(){for(var e,t,s=l.querySelectorAll("iframe.wp-embedded-content"),r=0;r<s.length;r++)(t=(e=s[r]).getAttribute("data-secret"))||(t=Math.random().toString(36).substring(2,12),e.src+="#?secret="+t,e.setAttribute("data-secret",t)),e.contentWindow.postMessage({message:"ready",secret:t},"*")},!1)))}(window,document);
/* ]]> */
</script>

Joskus laitteesi ovat käyttämättömänä pitkään. Electrolux Professional haluaa tarjota sinulle muutamia ohjeita ja neuvoja, miten laitteet kannattaa valmistella käyttökatkoon ja mitä tulee huomioida kun laitteet otetaan uudelleen käyttöön. Näillä toimenpiteillä on positiivinen vaikutus käyttöikään.
