{"id":3437,"date":"2017-03-24T09:36:48","date_gmt":"2017-03-24T09:36:48","guid":{"rendered":"https:\/\/www.electroluxprofessional.com\/es\/?page_id=3437"},"modified":"2025-05-22T08:23:06","modified_gmt":"2025-05-22T08:23:06","slug":"guia-seleccion-discos-de-corte","status":"publish","type":"page","link":"https:\/\/www.electroluxprofessional.com\/es\/guia-seleccion-discos-de-corte\/","title":{"rendered":"Gu\u00eda de Selecci\u00f3n de Discos de Corte"},"content":{"rendered":"<p>[vc_row][vc_column][elx_hero_slider label_text_color=&#8221;inherit&#8221; images=&#8221;1211&#8243;][elx_heading font_container=&#8221;h1&#8243; text_color=&#8221;inherit&#8221; text_align=&#8221;text-center&#8221;]Gu\u00eda de Selecci\u00f3n de Discos de Corte[\/elx_heading][\/elx_hero_slider][\/vc_column][\/vc_row][vc_row][vc_column][vc_empty_space][elx_heading font_size=&#8221;h3&#8243; text_color=&#8221;inherit&#8221; text_align=&#8221;text-center&#8221;]Hemos desarrollado una nueva gu\u00eda interactiva para ayudarte a elegir el equipo de corte para las series TRK, TRS, TR200 y TR210 que mejor se adapte a tus necesidades.[\/elx_heading][vc_empty_space][\/vc_column][\/vc_row][vc_row][vc_column][vc_column_text]<\/p>\n<div>\n<p>Explora la gama por el ingrediente que vas a procesar o por el tama\u00f1o y tipo de disco de corte.<\/p><\/div>\n<p>[\/vc_column_text][\/vc_column][\/vc_row][vc_row][vc_column][vc_empty_space][elx_o2000_cutting_guide][vc_empty_space height=&#8221;50px&#8221;][\/vc_column][\/vc_row][vc_row][vc_column width=&#8221;1\/3&#8243;][elx_download_block text=&#8221;Gu\u00eda de corte TRS\/TRK&#8221; text_color=&#8221;electrolux-blue&#8221; link=&#8221;files.professional.electrolux.com\/docs\/?n=BR-9JE00066&amp;b=5&amp;l=4&#8243; background_color=&#8221;inherit&#8221; reveal_effect=&#8221;&#8221; reveal_duration=&#8221;&#8221; reveal_delay=&#8221;&#8221;][\/vc_column][vc_column width=&#8221;1\/3&#8243;][elx_download_block text=&#8221;Descubre nuestros equipos para<br \/>\ncortar, triturar y picar&#8221; text_color=&#8221;electrolux-blue&#8221; link_target=&#8221;self&#8221; link=&#8221;https:\/\/www.electroluxprofessional.com\/es\/equipamiento-cocinas-profesionales\/cortar-triturar-picar\/&#8221; background_color=&#8221;inherit&#8221; reveal_effect=&#8221;&#8221; reveal_duration=&#8221;&#8221; reveal_delay=&#8221;&#8221;][\/vc_column][vc_column width=&#8221;1\/3&#8243;][elx_download_block text=&#8221;Descubre nuestros equipos para<br \/>\npelar, lavar y secar verduras&#8221; text_color=&#8221;electrolux-blue&#8221; link_target=&#8221;self&#8221; link=&#8221;https:\/\/www.electroluxprofessional.com\/es\/cortar-triturar-picar\/&#8221; background_color=&#8221;inherit&#8221; reveal_effect=&#8221;&#8221; reveal_duration=&#8221;&#8221; reveal_delay=&#8221;&#8221;][\/vc_column][\/vc_row][vc_row][vc_column][vc_empty_space height=&#8221;50px&#8221;][\/vc_column][\/vc_row][vc_row][vc_column][vc_empty_space height=&#8221;50px&#8221;][elx_heading text_color=&#8221;inherit&#8221; text_align=&#8221;text-center&#8221;]Descubre lo que Electrolux Professional puede hacer por tu negocio[\/elx_heading][elx_o2000_contact_us s=&#8221;Petici\u00f3n de informaci\u00f3n sobre discos de corte&#8221; country=&#8221;Spain&#8221; container=&#8221;elxcontactus1480324839&#8243; r=&#8221;Me gustar\u00eda tener m\u00e1s informaci\u00f3n sobre discos de corte, por favor, contacten conmigo.&#8221; l=&#8221;es&#8221; e=&#8221;foodservice@electrolux.es&#8221;][\/vc_column][\/vc_row][vc_row][vc_column][vc_empty_space height=&#8221;50px&#8221;][\/vc_column][\/vc_row]<\/p>\n","protected":false},"excerpt":{"rendered":"<p>[vc_row][vc_column][elx_hero_slider label_text_color=&#8221;inherit&#8221; images=&#8221;1211&#8243;][elx_heading font_container=&#8221;h1&#8243; text_color=&#8221;inherit&#8221; text_align=&#8221;text-center&#8221;]Gu\u00eda de Selecci\u00f3n de Discos de Corte[\/elx_heading][\/elx_hero_slider][\/vc_column][\/vc_row][vc_row][vc_column][vc_empty_space][elx_heading font_size=&#8221;h3&#8243; text_color=&#8221;inherit&#8221; text_align=&#8221;text-center&#8221;]Hemos desarrollado una nueva gu\u00eda interactiva para ayudarte a elegir el equipo de corte para las series TRK, TRS, TR200 y TR210 que mejor se adapte a tus necesidades.[\/elx_heading][vc_empty_space][\/vc_column][\/vc_row][vc_row][vc_column][vc_column_text] Explora la gama por el ingrediente que vas a procesar o por [&hellip;]<\/p>\n","protected":false},"author":3,"featured_media":0,"parent":0,"menu_order":0,"comment_status":"closed","ping_status":"closed","template":"","meta":{"footnotes":""},"class_list":["post-3437","page","type-page","status-publish","hentry"],"acf":[],"yoast_head":"<!-- This site is optimized with the Yoast SEO plugin v23.4 - https:\/\/yoast.com\/wordpress\/plugins\/seo\/ -->\n<title>Gu\u00eda de Selecci\u00f3n de Discos de Corte - Electrolux Professional Espa\u00f1a<\/title>\n<meta name=\"description\" content=\"Electrolux Professional ofrece una gu\u00eda interactiva para elegir discos de corte adecuados seg\u00fan el ingrediente y tama\u00f1o.\" \/>\n<meta name=\"robots\" content=\"index, follow, max-snippet:-1, max-image-preview:large, max-video-preview:-1\" \/>\n<link rel=\"canonical\" href=\"https:\/\/www.electroluxprofessional.com\/es\/guia-seleccion-discos-de-corte\/\" \/>\n<meta property=\"og:locale\" content=\"es_ES\" \/>\n<meta property=\"og:type\" content=\"article\" \/>\n<meta property=\"og:title\" content=\"Gu\u00eda de Selecci\u00f3n de Discos de Corte - Electrolux Professional Espa\u00f1a\" \/>\n<meta property=\"og:description\" content=\"Electrolux Professional ofrece una gu\u00eda interactiva para elegir discos de corte adecuados seg\u00fan el ingrediente y tama\u00f1o.\" \/>\n<meta property=\"og:url\" content=\"https:\/\/www.electroluxprofessional.com\/es\/guia-seleccion-discos-de-corte\/\" \/>\n<meta property=\"og:site_name\" content=\"Electrolux Professional Espa\u00f1a\" \/>\n<meta property=\"article:modified_time\" content=\"2025-05-22T08:23:06+00:00\" \/>\n<meta name=\"twitter:card\" content=\"summary_large_image\" \/>\n<meta name=\"twitter:label1\" content=\"Tiempo de lectura\" \/>\n\t<meta name=\"twitter:data1\" content=\"1 minuto\" \/>\n<script type=\"application\/ld+json\" class=\"yoast-schema-graph\">{\"@context\":\"https:\/\/schema.org\",\"@graph\":[{\"@type\":\"WebPage\",\"@id\":\"https:\/\/www.electroluxprofessional.com\/es\/guia-seleccion-discos-de-corte\/\",\"url\":\"https:\/\/www.electroluxprofessional.com\/es\/guia-seleccion-discos-de-corte\/\",\"name\":\"Gu\u00eda de Selecci\u00f3n de Discos de Corte - Electrolux Professional Espa\u00f1a\",\"isPartOf\":{\"@id\":\"https:\/\/www.electroluxprofessional.com\/es\/#website\"},\"datePublished\":\"2017-03-24T09:36:48+00:00\",\"dateModified\":\"2025-05-22T08:23:06+00:00\",\"description\":\"Electrolux Professional ofrece una gu\u00eda interactiva para elegir discos de corte adecuados seg\u00fan el ingrediente y tama\u00f1o.\",\"breadcrumb\":{\"@id\":\"https:\/\/www.electroluxprofessional.com\/es\/guia-seleccion-discos-de-corte\/#breadcrumb\"},\"inLanguage\":\"es\",\"potentialAction\":[{\"@type\":\"ReadAction\",\"target\":[\"https:\/\/www.electroluxprofessional.com\/es\/guia-seleccion-discos-de-corte\/\"]}]},{\"@type\":\"BreadcrumbList\",\"@id\":\"https:\/\/www.electroluxprofessional.com\/es\/guia-seleccion-discos-de-corte\/#breadcrumb\",\"itemListElement\":[{\"@type\":\"ListItem\",\"position\":1,\"name\":\"Home\",\"item\":\"https:\/\/www.electroluxprofessional.com\/es\/\"},{\"@type\":\"ListItem\",\"position\":2,\"name\":\"Gu\u00eda de Selecci\u00f3n de Discos de Corte\"}]},{\"@type\":\"WebSite\",\"@id\":\"https:\/\/www.electroluxprofessional.com\/es\/#website\",\"url\":\"https:\/\/www.electroluxprofessional.com\/es\/\",\"name\":\"Electrolux Professional Espa\u00f1a\",\"description\":\"Equipamiento cocinas profesionales y lavander\u00edas comerciales. Excelencia en el suministro de soluciones profesionales.\",\"potentialAction\":[{\"@type\":\"SearchAction\",\"target\":{\"@type\":\"EntryPoint\",\"urlTemplate\":\"https:\/\/www.electroluxprofessional.com\/es\/?src={search_term_string}\"},\"query-input\":{\"@type\":\"PropertyValueSpecification\",\"valueRequired\":true,\"valueName\":\"search_term_string\"}}],\"inLanguage\":\"es\"}]}<\/script>\n<!-- \/ Yoast SEO plugin. -->","yoast_head_json":{"title":"Gu\u00eda de Selecci\u00f3n de Discos de Corte - Electrolux Professional Espa\u00f1a","description":"Electrolux Professional ofrece una gu\u00eda interactiva para elegir discos de corte adecuados seg\u00fan el ingrediente y tama\u00f1o.","robots":{"index":"index","follow":"follow","max-snippet":"max-snippet:-1","max-image-preview":"max-image-preview:large","max-video-preview":"max-video-preview:-1"},"canonical":"https:\/\/www.electroluxprofessional.com\/es\/guia-seleccion-discos-de-corte\/","og_locale":"es_ES","og_type":"article","og_title":"Gu\u00eda de Selecci\u00f3n de Discos de Corte - Electrolux Professional Espa\u00f1a","og_description":"Electrolux Professional ofrece una gu\u00eda interactiva para elegir discos de corte adecuados seg\u00fan el ingrediente y tama\u00f1o.","og_url":"https:\/\/www.electroluxprofessional.com\/es\/guia-seleccion-discos-de-corte\/","og_site_name":"Electrolux Professional Espa\u00f1a","article_modified_time":"2025-05-22T08:23:06+00:00","twitter_card":"summary_large_image","twitter_misc":{"Tiempo de lectura":"1 minuto"},"schema":{"@context":"https:\/\/schema.org","@graph":[{"@type":"WebPage","@id":"https:\/\/www.electroluxprofessional.com\/es\/guia-seleccion-discos-de-corte\/","url":"https:\/\/www.electroluxprofessional.com\/es\/guia-seleccion-discos-de-corte\/","name":"Gu\u00eda de Selecci\u00f3n de Discos de Corte - Electrolux Professional Espa\u00f1a","isPartOf":{"@id":"https:\/\/www.electroluxprofessional.com\/es\/#website"},"datePublished":"2017-03-24T09:36:48+00:00","dateModified":"2025-05-22T08:23:06+00:00","description":"Electrolux Professional ofrece una gu\u00eda interactiva para elegir discos de corte adecuados seg\u00fan el ingrediente y tama\u00f1o.","breadcrumb":{"@id":"https:\/\/www.electroluxprofessional.com\/es\/guia-seleccion-discos-de-corte\/#breadcrumb"},"inLanguage":"es","potentialAction":[{"@type":"ReadAction","target":["https:\/\/www.electroluxprofessional.com\/es\/guia-seleccion-discos-de-corte\/"]}]},{"@type":"BreadcrumbList","@id":"https:\/\/www.electroluxprofessional.com\/es\/guia-seleccion-discos-de-corte\/#breadcrumb","itemListElement":[{"@type":"ListItem","position":1,"name":"Home","item":"https:\/\/www.electroluxprofessional.com\/es\/"},{"@type":"ListItem","position":2,"name":"Gu\u00eda de Selecci\u00f3n de Discos de Corte"}]},{"@type":"WebSite","@id":"https:\/\/www.electroluxprofessional.com\/es\/#website","url":"https:\/\/www.electroluxprofessional.com\/es\/","name":"Electrolux Professional Espa\u00f1a","description":"Equipamiento cocinas profesionales y lavander\u00edas comerciales. Excelencia en el suministro de soluciones profesionales.","potentialAction":[{"@type":"SearchAction","target":{"@type":"EntryPoint","urlTemplate":"https:\/\/www.electroluxprofessional.com\/es\/?src={search_term_string}"},"query-input":{"@type":"PropertyValueSpecification","valueRequired":true,"valueName":"search_term_string"}}],"inLanguage":"es"}]}},"_links":{"self":[{"href":"https:\/\/www.electroluxprofessional.com\/es\/wp-json\/wp\/v2\/pages\/3437"}],"collection":[{"href":"https:\/\/www.electroluxprofessional.com\/es\/wp-json\/wp\/v2\/pages"}],"about":[{"href":"https:\/\/www.electroluxprofessional.com\/es\/wp-json\/wp\/v2\/types\/page"}],"author":[{"embeddable":true,"href":"https:\/\/www.electroluxprofessional.com\/es\/wp-json\/wp\/v2\/users\/3"}],"replies":[{"embeddable":true,"href":"https:\/\/www.electroluxprofessional.com\/es\/wp-json\/wp\/v2\/comments?post=3437"}],"version-history":[{"count":12,"href":"https:\/\/www.electroluxprofessional.com\/es\/wp-json\/wp\/v2\/pages\/3437\/revisions"}],"predecessor-version":[{"id":20492,"href":"https:\/\/www.electroluxprofessional.com\/es\/wp-json\/wp\/v2\/pages\/3437\/revisions\/20492"}],"wp:attachment":[{"href":"https:\/\/www.electroluxprofessional.com\/es\/wp-json\/wp\/v2\/media?parent=3437"}],"curies":[{"name":"wp","href":"https:\/\/api.w.org\/{rel}","templated":true}]}}

Guía de Selección de Discos de Corte

<p>[vc_row][vc_column][elx_hero_slider label_text_color=&#8221;inherit&#8221; images=&#8221;1211&#8243;][elx_heading font_container=&#8221;h1&#8243; text_color=&#8221;inherit&#8221; text_align=&#8221;text-center&#8221;]Guía de Selección de Discos de Corte[/elx_heading][/elx_hero_slider][/vc_column][/vc_row][vc_row][vc_column][vc_empty_space][elx_heading font_size=&#8221;h3&#8243; text_color=&#8221;inherit&#8221; text_align=&#8221;text-center&#8221;]Hemos desarrollado una nueva guía interactiva para ayudarte a elegir el equipo de corte para las series TRK, TRS, TR200 y TR210 que mejor se adapte a tus necesidades.[/elx_heading][vc_empty_space][/vc_column][/vc_row][vc_row][vc_column][vc_column_text]</p>
<div>
<p>Explora la gama por el ingrediente que vas a procesar o por el tamaño y tipo de disco de corte.</p></div>
<p>[/vc_column_text][/vc_column][/vc_row][vc_row][vc_column][vc_empty_space][elx_o2000_cutting_guide][vc_empty_space height=&#8221;50px&#8221;][/vc_column][/vc_row][vc_row][vc_column width=&#8221;1/3&#8243;][elx_download_block text=&#8221;Guía de corte TRS/TRK&#8221; text_color=&#8221;electrolux-blue&#8221; link=&#8221;files.professional.electrolux.com/docs/?n=BR-9JE00066&amp;b=5&amp;l=4&#8243; background_color=&#8221;inherit&#8221; reveal_effect=&#8221;&#8221; reveal_duration=&#8221;&#8221; reveal_delay=&#8221;&#8221;][/vc_column][vc_column width=&#8221;1/3&#8243;][elx_download_block text=&#8221;Descubre nuestros equipos para<br />
cortar, triturar y picar&#8221; text_color=&#8221;electrolux-blue&#8221; link_target=&#8221;self&#8221; link=&#8221;https://www.electroluxprofessional.com/es/equipamiento-cocinas-profesionales/cortar-triturar-picar/&#8221; background_color=&#8221;inherit&#8221; reveal_effect=&#8221;&#8221; reveal_duration=&#8221;&#8221; reveal_delay=&#8221;&#8221;][/vc_column][vc_column width=&#8221;1/3&#8243;][elx_download_block text=&#8221;Descubre nuestros equipos para<br />
pelar, lavar y secar verduras&#8221; text_color=&#8221;electrolux-blue&#8221; link_target=&#8221;self&#8221; link=&#8221;https://www.electroluxprofessional.com/es/cortar-triturar-picar/&#8221; background_color=&#8221;inherit&#8221; reveal_effect=&#8221;&#8221; reveal_duration=&#8221;&#8221; reveal_delay=&#8221;&#8221;][/vc_column][/vc_row][vc_row][vc_column][vc_empty_space height=&#8221;50px&#8221;][/vc_column][/vc_row][vc_row][vc_column][vc_empty_space height=&#8221;50px&#8221;][elx_heading text_color=&#8221;inherit&#8221; text_align=&#8221;text-center&#8221;]Descubre lo que Electrolux Professional puede hacer por tu negocio[/elx_heading][elx_o2000_contact_us s=&#8221;Petición de información sobre discos de corte&#8221; country=&#8221;Spain&#8221; container=&#8221;elxcontactus1480324839&#8243; r=&#8221;Me gustaría tener más información sobre discos de corte, por favor, contacten conmigo.&#8221; l=&#8221;es&#8221; e=&#8221;foodservice@electrolux.es&#8221;][/vc_column][/vc_row][vc_row][vc_column][vc_empty_space height=&#8221;50px&#8221;][/vc_column][/vc_row]</p>

<p>[vc_row][vc_column][elx_hero_slider label_text_color=&#8221;inherit&#8221; images=&#8221;1211&#8243;][elx_heading font_container=&#8221;h1&#8243; text_color=&#8221;inherit&#8221; text_align=&#8221;text-center&#8221;]Guía de Selección de Discos de Corte[/elx_heading][/elx_hero_slider][/vc_column][/vc_row][vc_row][vc_column][vc_empty_space][elx_heading font_size=&#8221;h3&#8243; text_color=&#8221;inherit&#8221; text_align=&#8221;text-center&#8221;]Hemos desarrollado una nueva guía interactiva para ayudarte a elegir el equipo de corte para las series TRK, TRS, TR200 y TR210 que mejor se adapte a tus necesidades.[/elx_heading][vc_empty_space][/vc_column][/vc_row][vc_row][vc_column][vc_column_text] Explora la gama por el ingrediente que vas a procesar o por [&hellip;]</p>

<!-- This site is optimized with the Yoast SEO plugin v23.4 - https://yoast.com/wordpress/plugins/seo/ -->
<title>Guía de Selección de Discos de Corte - Electrolux Professional España</title>
<meta name="description" content="Electrolux Professional ofrece una guía interactiva para elegir discos de corte adecuados según el ingrediente y tamaño." />
<meta name="robots" content="index, follow, max-snippet:-1, max-image-preview:large, max-video-preview:-1" />
<link rel="canonical" href="https://www.electroluxprofessional.com/es/guia-seleccion-discos-de-corte/" />
<meta property="og:locale" content="es_ES" />
<meta property="og:type" content="article" />
<meta property="og:title" content="Guía de Selección de Discos de Corte - Electrolux Professional España" />
<meta property="og:description" content="Electrolux Professional ofrece una guía interactiva para elegir discos de corte adecuados según el ingrediente y tamaño." />
<meta property="og:url" content="https://www.electroluxprofessional.com/es/guia-seleccion-discos-de-corte/" />
<meta property="og:site_name" content="Electrolux Professional España" />
<meta property="article:modified_time" content="2025-05-22T08:23:06+00:00" />
<meta name="twitter:card" content="summary_large_image" />
<meta name="twitter:label1" content="Tiempo de lectura" />
	<meta name="twitter:data1" content="1 minuto" />
<script type="application/ld+json" class="yoast-schema-graph">{"@context":"https://schema.org","@graph":[{"@type":"WebPage","@id":"https://www.electroluxprofessional.com/es/guia-seleccion-discos-de-corte/","url":"https://www.electroluxprofessional.com/es/guia-seleccion-discos-de-corte/","name":"Guía de Selección de Discos de Corte - Electrolux Professional España","isPartOf":{"@id":"https://www.electroluxprofessional.com/es/#website"},"datePublished":"2017-03-24T09:36:48+00:00","dateModified":"2025-05-22T08:23:06+00:00","description":"Electrolux Professional ofrece una guía interactiva para elegir discos de corte adecuados según el ingrediente y tamaño.","breadcrumb":{"@id":"https://www.electroluxprofessional.com/es/guia-seleccion-discos-de-corte/#breadcrumb"},"inLanguage":"es","potentialAction":[{"@type":"ReadAction","target":["https://www.electroluxprofessional.com/es/guia-seleccion-discos-de-corte/"]}]},{"@type":"BreadcrumbList","@id":"https://www.electroluxprofessional.com/es/guia-seleccion-discos-de-corte/#breadcrumb","itemListElement":[{"@type":"ListItem","position":1,"name":"Home","item":"https://www.electroluxprofessional.com/es/"},{"@type":"ListItem","position":2,"name":"Guía de Selección de Discos de Corte"}]},{"@type":"WebSite","@id":"https://www.electroluxprofessional.com/es/#website","url":"https://www.electroluxprofessional.com/es/","name":"Electrolux Professional España","description":"Equipamiento cocinas profesionales y lavanderías comerciales. Excelencia en el suministro de soluciones profesionales.","potentialAction":[{"@type":"SearchAction","target":{"@type":"EntryPoint","urlTemplate":"https://www.electroluxprofessional.com/es/?src={search_term_string}"},"query-input":{"@type":"PropertyValueSpecification","valueRequired":true,"valueName":"search_term_string"}}],"inLanguage":"es"}]}</script>
<!-- / Yoast SEO plugin. -->

Guía de Selección de Discos de Corte - Electrolux Professional España

Electrolux Professional ofrece una guía interactiva para elegir discos de corte adecuados según el ingrediente y tamaño.

Electrolux Professional España

Equipamiento cocinas profesionales y lavanderías comerciales. Excelencia en el suministro de soluciones profesionales.
