{"id":3106,"date":"2020-03-20T10:07:31","date_gmt":"2020-03-20T10:07:31","guid":{"rendered":"https:\/\/www.electroluxprofessional.com\/?page_id=2225"},"modified":"2026-02-05T07:50:48","modified_gmt":"2026-02-05T07:50:48","slug":"contact-us","status":"publish","type":"page","link":"https:\/\/www.electroluxprofessional.com\/dk\/contact-us\/","title":{"rendered":"Kontakt os"},"content":{"rendered":"<p>[vc_row full_width=&#8221;electroluxpro-container-no-padding&#8221; css=&#8221;.vc_custom_1633096252967{background-color: #dadfe1 !important;}&#8221;][vc_column][vc_row_inner css=&#8221;.vc_custom_1633095892459{padding-left: 10px !important;}&#8221;][vc_column_inner width=&#8221;1\/2&#8243; css=&#8221;.vc_custom_1633096559231{padding-top: 60px !important;}&#8221;][elx_heading font_container=&#8221;h1&#8243; font_size=&#8221;h1&#8243; text_color=&#8221;inherit&#8221;]Kontakt os[\/elx_heading][\/vc_column_inner][vc_column_inner width=&#8221;1\/2&#8243; offset=&#8221;vc_hidden-xs&#8221;][elx_image_block background_image=&#8221;763&#8243; minimum_height=&#8221;250px&#8221;][\/vc_column_inner][\/vc_row_inner][\/vc_column][\/vc_row][vc_row css=&#8221;.vc_custom_1633096088070{margin-top: 60px !important;}&#8221;][vc_column width=&#8221;1\/2&#8243;][vc_column_text el_class=&#8221;p-16&#8243;]<\/p>\n<h3>Electrolux Professional\u00a0Stork\u00f8kken<\/h3>\n<p><strong>Adresse Vest:\u00a0<\/strong><br \/>\nSkejby Nordlandsvej 311, 1.<br \/>\n8200 \u00c5rhus N<strong>\u00a0 \u00a0 \u00a0 \u00a0 \u00a0 \u00a0 \u00a0 \u00a0 \u00a0 \u00a0 \u00a0 \u00a0 \u00a0<\/strong><br \/>\n<strong>Adresse \u00d8st:\u00a0<\/strong><br \/>\nDelta Park 46, 2.<br \/>\n2665 Vallensb\u00e6k Strand<\/p>\n<p>Telefon:\u00a0(+45) 8740 3500<strong>\u00a0\u00a0\u00a0\u00a0\u00a0\u00a0\u00a0\u00a0\u00a0\u00a0\u00a0 <\/strong><br \/>\nemail:\u00a0<a href=\"mailto:storkokken@electroluxprofessional.com\">storkokken@electroluxprofessional.com<\/a><\/p>\n<p>&nbsp;<\/p>\n<h3><strong>Electrolux Professional Vaskeril\u00f8sninger<\/strong><\/h3>\n<p>Delta Park 46, 2.<br \/>\n2665 Vallensb\u00e6k Strand<\/p>\n<p><strong>Service<\/strong><br \/>\nTelefon: (+45) 6376 2221<br \/>\nemail: <a style=\"color: #2acbd3;\" href=\"mailto:service.dk@electroluxprofessional.com\">service.dk@electroluxprofessional.com<\/a><br \/>\n<strong>Salg<\/strong><br \/>\nTelefon: (+45) 6376 2220<br \/>\nemail: <a style=\"color: #2acbd3;\" href=\"mailto:salg.dk@electroluxprofessional.com\">salg.dk@electroluxprofessional.com<\/a>[\/vc_column_text][\/vc_column][vc_column width=&#8221;1\/2&#8243;][vc_column_text el_class=&#8221;p-16&#8243;]<\/p>\n<h3>Du kan altid kontakte Electrolux Professional<\/h3>\n<p>Du kan enten ringe til os, skrive p\u00e5 vores email-adresser eller udfylde formularen herunder, hvor du ogs\u00e5 kan beskrive dit \u00e6rinde eller foresp\u00f8rgsel \u2013 s\u00e5 kontakter vi dig snarest.<\/p>\n<p><a href=\"https:\/\/www.electroluxprofessional.com\/dk\/contact-us\/#map\">Nederst p\u00e5 siden kan du ogs\u00e5 finde os p\u00e5 et kort<\/a>[\/vc_column_text][vc_empty_space][elx_o2000_contact_us s=&#8221;Generel kontakt formular&#8221; country=&#8221;Denmark&#8221; button_mode=&#8221;true&#8221; container=&#8221;elxcontactus1493279134&#8243; r=&#8221;Jeg vil gerne h\u00f8re mere om jeres k\u00f8kken- og vaskeriudstyr. Kontakt mig venligst.&#8221; l=&#8221;dk&#8221; e=&#8221;steen.rasmussen@electroluxprofessional.com&#8221; text_btn_contact=&#8221;Kontakt os&#8221;][\/vc_column][\/vc_row][vc_row css=&#8221;.vc_custom_1633097360112{margin-top: 60px !important;}&#8221; el_id=&#8221;map&#8221;][vc_column][elx_heading font_size=&#8221;h1&#8243; text_color=&#8221;inherit&#8221;]Altid I n\u00e6rheden. Altid klar til at hj\u00e6lpe.[\/elx_heading][vc_empty_space][elx_o2000_locator cf=&#8221;Denmark&#8221; country_cluster=&#8221;Denmark&#8221; l=&#8221;dk&#8221;][\/vc_column][\/vc_row][vc_column][\/vc_column]<\/p>\n","protected":false},"excerpt":{"rendered":"<p>[vc_row full_width=&#8221;electroluxpro-container-no-padding&#8221; css=&#8221;.vc_custom_1633096252967{background-color: #dadfe1 !important;}&#8221;][vc_column][vc_row_inner css=&#8221;.vc_custom_1633095892459{padding-left: 10px !important;}&#8221;][vc_column_inner width=&#8221;1\/2&#8243; css=&#8221;.vc_custom_1633096559231{padding-top: 60px !important;}&#8221;][elx_heading font_container=&#8221;h1&#8243; font_size=&#8221;h1&#8243; text_color=&#8221;inherit&#8221;]Kontakt os[\/elx_heading][\/vc_column_inner][vc_column_inner width=&#8221;1\/2&#8243; offset=&#8221;vc_hidden-xs&#8221;][elx_image_block background_image=&#8221;763&#8243; minimum_height=&#8221;250px&#8221;][\/vc_column_inner][\/vc_row_inner][\/vc_column][\/vc_row][vc_row css=&#8221;.vc_custom_1633096088070{margin-top: 60px !important;}&#8221;][vc_column width=&#8221;1\/2&#8243;][vc_column_text el_class=&#8221;p-16&#8243;] Electrolux Professional\u00a0Stork\u00f8kken Adresse Vest:\u00a0 Skejby Nordlandsvej 311, 1. 8200 \u00c5rhus N\u00a0 \u00a0 \u00a0 \u00a0 \u00a0 \u00a0 \u00a0 \u00a0 \u00a0 \u00a0 \u00a0 \u00a0 \u00a0 Adresse \u00d8st:\u00a0 Delta Park 46, 2. 2665 [&hellip;]<\/p>\n","protected":false},"author":5,"featured_media":0,"parent":0,"menu_order":0,"comment_status":"closed","ping_status":"closed","template":"","meta":{"footnotes":""},"class_list":["post-3106","page","type-page","status-publish","hentry"],"acf":[],"yoast_head":"<!-- This site is optimized with the Yoast SEO plugin v23.3 - https:\/\/yoast.com\/wordpress\/plugins\/seo\/ -->\n<title>Kontakt os - Electrolux Professional Danmark<\/title>\n<meta name=\"description\" content=\"Du kan altid kontakte Electrolux Professional. Enten p\u00e5 email eller telefon. Du finder de relevante kontakt informationer her p\u00e5 siden.\" \/>\n<meta name=\"robots\" content=\"index, follow, max-snippet:-1, max-image-preview:large, max-video-preview:-1\" \/>\n<link rel=\"canonical\" href=\"https:\/\/www.electroluxprofessional.com\/dk\/contact-us\/\" \/>\n<meta property=\"og:locale\" content=\"da_DK\" \/>\n<meta property=\"og:type\" content=\"article\" \/>\n<meta property=\"og:title\" content=\"Kontakt os - Electrolux Professional Danmark\" \/>\n<meta property=\"og:description\" content=\"Du kan altid kontakte Electrolux Professional. Enten p\u00e5 email eller telefon. Du finder de relevante kontakt informationer her p\u00e5 siden.\" \/>\n<meta property=\"og:url\" content=\"https:\/\/www.electroluxprofessional.com\/dk\/contact-us\/\" \/>\n<meta property=\"og:site_name\" content=\"Electrolux Professional Danmark\" \/>\n<meta property=\"article:modified_time\" content=\"2026-02-05T07:50:48+00:00\" \/>\n<meta name=\"twitter:card\" content=\"summary_large_image\" \/>\n<meta name=\"twitter:label1\" content=\"Estimeret l\u00e6setid\" \/>\n\t<meta name=\"twitter:data1\" content=\"2 minutter\" \/>\n<script type=\"application\/ld+json\" class=\"yoast-schema-graph\">{\"@context\":\"https:\/\/schema.org\",\"@graph\":[{\"@type\":\"WebPage\",\"@id\":\"https:\/\/www.electroluxprofessional.com\/dk\/contact-us\/\",\"url\":\"https:\/\/www.electroluxprofessional.com\/dk\/contact-us\/\",\"name\":\"Kontakt os - Electrolux Professional Danmark\",\"isPartOf\":{\"@id\":\"https:\/\/www.electroluxprofessional.com\/dk\/#website\"},\"datePublished\":\"2020-03-20T10:07:31+00:00\",\"dateModified\":\"2026-02-05T07:50:48+00:00\",\"description\":\"Du kan altid kontakte Electrolux Professional. Enten p\u00e5 email eller telefon. Du finder de relevante kontakt informationer her p\u00e5 siden.\",\"breadcrumb\":{\"@id\":\"https:\/\/www.electroluxprofessional.com\/dk\/contact-us\/#breadcrumb\"},\"inLanguage\":\"da-DK\",\"potentialAction\":[{\"@type\":\"ReadAction\",\"target\":[\"https:\/\/www.electroluxprofessional.com\/dk\/contact-us\/\"]}]},{\"@type\":\"BreadcrumbList\",\"@id\":\"https:\/\/www.electroluxprofessional.com\/dk\/contact-us\/#breadcrumb\",\"itemListElement\":[{\"@type\":\"ListItem\",\"position\":1,\"name\":\"Home\",\"item\":\"https:\/\/www.electroluxprofessional.com\/dk\/\"},{\"@type\":\"ListItem\",\"position\":2,\"name\":\"Kontakt os\"}]},{\"@type\":\"WebSite\",\"@id\":\"https:\/\/www.electroluxprofessional.com\/dk\/#website\",\"url\":\"https:\/\/www.electroluxprofessional.com\/dk\/\",\"name\":\"Electrolux Professional Danmark\",\"description\":\"\",\"potentialAction\":[{\"@type\":\"SearchAction\",\"target\":{\"@type\":\"EntryPoint\",\"urlTemplate\":\"https:\/\/www.electroluxprofessional.com\/dk\/?src={search_term_string}\"},\"query-input\":\"required name=search_term_string\"}],\"inLanguage\":\"da-DK\"}]}<\/script>\n<!-- \/ Yoast SEO plugin. -->","yoast_head_json":{"title":"Kontakt os - Electrolux Professional Danmark","description":"Du kan altid kontakte Electrolux Professional. Enten p\u00e5 email eller telefon. Du finder de relevante kontakt informationer her p\u00e5 siden.","robots":{"index":"index","follow":"follow","max-snippet":"max-snippet:-1","max-image-preview":"max-image-preview:large","max-video-preview":"max-video-preview:-1"},"canonical":"https:\/\/www.electroluxprofessional.com\/dk\/contact-us\/","og_locale":"da_DK","og_type":"article","og_title":"Kontakt os - Electrolux Professional Danmark","og_description":"Du kan altid kontakte Electrolux Professional. Enten p\u00e5 email eller telefon. Du finder de relevante kontakt informationer her p\u00e5 siden.","og_url":"https:\/\/www.electroluxprofessional.com\/dk\/contact-us\/","og_site_name":"Electrolux Professional Danmark","article_modified_time":"2026-02-05T07:50:48+00:00","twitter_card":"summary_large_image","twitter_misc":{"Estimeret l\u00e6setid":"2 minutter"},"schema":{"@context":"https:\/\/schema.org","@graph":[{"@type":"WebPage","@id":"https:\/\/www.electroluxprofessional.com\/dk\/contact-us\/","url":"https:\/\/www.electroluxprofessional.com\/dk\/contact-us\/","name":"Kontakt os - Electrolux Professional Danmark","isPartOf":{"@id":"https:\/\/www.electroluxprofessional.com\/dk\/#website"},"datePublished":"2020-03-20T10:07:31+00:00","dateModified":"2026-02-05T07:50:48+00:00","description":"Du kan altid kontakte Electrolux Professional. Enten p\u00e5 email eller telefon. Du finder de relevante kontakt informationer her p\u00e5 siden.","breadcrumb":{"@id":"https:\/\/www.electroluxprofessional.com\/dk\/contact-us\/#breadcrumb"},"inLanguage":"da-DK","potentialAction":[{"@type":"ReadAction","target":["https:\/\/www.electroluxprofessional.com\/dk\/contact-us\/"]}]},{"@type":"BreadcrumbList","@id":"https:\/\/www.electroluxprofessional.com\/dk\/contact-us\/#breadcrumb","itemListElement":[{"@type":"ListItem","position":1,"name":"Home","item":"https:\/\/www.electroluxprofessional.com\/dk\/"},{"@type":"ListItem","position":2,"name":"Kontakt os"}]},{"@type":"WebSite","@id":"https:\/\/www.electroluxprofessional.com\/dk\/#website","url":"https:\/\/www.electroluxprofessional.com\/dk\/","name":"Electrolux Professional Danmark","description":"","potentialAction":[{"@type":"SearchAction","target":{"@type":"EntryPoint","urlTemplate":"https:\/\/www.electroluxprofessional.com\/dk\/?src={search_term_string}"},"query-input":"required name=search_term_string"}],"inLanguage":"da-DK"}]}},"_links":{"self":[{"href":"https:\/\/www.electroluxprofessional.com\/dk\/wp-json\/wp\/v2\/pages\/3106"}],"collection":[{"href":"https:\/\/www.electroluxprofessional.com\/dk\/wp-json\/wp\/v2\/pages"}],"about":[{"href":"https:\/\/www.electroluxprofessional.com\/dk\/wp-json\/wp\/v2\/types\/page"}],"author":[{"embeddable":true,"href":"https:\/\/www.electroluxprofessional.com\/dk\/wp-json\/wp\/v2\/users\/5"}],"replies":[{"embeddable":true,"href":"https:\/\/www.electroluxprofessional.com\/dk\/wp-json\/wp\/v2\/comments?post=3106"}],"version-history":[{"count":27,"href":"https:\/\/www.electroluxprofessional.com\/dk\/wp-json\/wp\/v2\/pages\/3106\/revisions"}],"predecessor-version":[{"id":31346,"href":"https:\/\/www.electroluxprofessional.com\/dk\/wp-json\/wp\/v2\/pages\/3106\/revisions\/31346"}],"wp:attachment":[{"href":"https:\/\/www.electroluxprofessional.com\/dk\/wp-json\/wp\/v2\/media?parent=3106"}],"curies":[{"name":"wp","href":"https:\/\/api.w.org\/{rel}","templated":true}]}}

<p>[vc_row full_width=&#8221;electroluxpro-container-no-padding&#8221; css=&#8221;.vc_custom_1633096252967{background-color: #dadfe1 !important;}&#8221;][vc_column][vc_row_inner css=&#8221;.vc_custom_1633095892459{padding-left: 10px !important;}&#8221;][vc_column_inner width=&#8221;1/2&#8243; css=&#8221;.vc_custom_1633096559231{padding-top: 60px !important;}&#8221;][elx_heading font_container=&#8221;h1&#8243; font_size=&#8221;h1&#8243; text_color=&#8221;inherit&#8221;]Kontakt os[/elx_heading][/vc_column_inner][vc_column_inner width=&#8221;1/2&#8243; offset=&#8221;vc_hidden-xs&#8221;][elx_image_block background_image=&#8221;763&#8243; minimum_height=&#8221;250px&#8221;][/vc_column_inner][/vc_row_inner][/vc_column][/vc_row][vc_row css=&#8221;.vc_custom_1633096088070{margin-top: 60px !important;}&#8221;][vc_column width=&#8221;1/2&#8243;][vc_column_text el_class=&#8221;p-16&#8243;]</p>
<h3>Electrolux Professional Storkøkken</h3>
<p><strong>Adresse Vest: </strong><br />
Skejby Nordlandsvej 311, 1.<br />
8200 Århus N<strong>                         </strong><br />
<strong>Adresse Øst: </strong><br />
Delta Park 46, 2.<br />
2665 Vallensbæk Strand</p>
<p>Telefon: (+45) 8740 3500<strong>            </strong><br />
email: <a href="mailto:storkokken@electroluxprofessional.com">storkokken@electroluxprofessional.com</a></p>
<p>&nbsp;</p>
<h3><strong>Electrolux Professional Vaskeriløsninger</strong></h3>
<p>Delta Park 46, 2.<br />
2665 Vallensbæk Strand</p>
<p><strong>Service</strong><br />
Telefon: (+45) 6376 2221<br />
email: <a style="color: #2acbd3;" href="mailto:service.dk@electroluxprofessional.com">service.dk@electroluxprofessional.com</a><br />
<strong>Salg</strong><br />
Telefon: (+45) 6376 2220<br />
email: <a style="color: #2acbd3;" href="mailto:salg.dk@electroluxprofessional.com">salg.dk@electroluxprofessional.com</a>[/vc_column_text][/vc_column][vc_column width=&#8221;1/2&#8243;][vc_column_text el_class=&#8221;p-16&#8243;]</p>
<h3>Du kan altid kontakte Electrolux Professional</h3>
<p>Du kan enten ringe til os, skrive på vores email-adresser eller udfylde formularen herunder, hvor du også kan beskrive dit ærinde eller forespørgsel – så kontakter vi dig snarest.</p>
<p><a href="https://www.electroluxprofessional.com/dk/contact-us/#map">Nederst på siden kan du også finde os på et kort</a>[/vc_column_text][vc_empty_space][elx_o2000_contact_us s=&#8221;Generel kontakt formular&#8221; country=&#8221;Denmark&#8221; button_mode=&#8221;true&#8221; container=&#8221;elxcontactus1493279134&#8243; r=&#8221;Jeg vil gerne høre mere om jeres køkken- og vaskeriudstyr. Kontakt mig venligst.&#8221; l=&#8221;dk&#8221; e=&#8221;steen.rasmussen@electroluxprofessional.com&#8221; text_btn_contact=&#8221;Kontakt os&#8221;][/vc_column][/vc_row][vc_row css=&#8221;.vc_custom_1633097360112{margin-top: 60px !important;}&#8221; el_id=&#8221;map&#8221;][vc_column][elx_heading font_size=&#8221;h1&#8243; text_color=&#8221;inherit&#8221;]Altid I nærheden. Altid klar til at hjælpe.[/elx_heading][vc_empty_space][elx_o2000_locator cf=&#8221;Denmark&#8221; country_cluster=&#8221;Denmark&#8221; l=&#8221;dk&#8221;][/vc_column][/vc_row][vc_column][/vc_column]</p>

<p>[vc_row full_width=&#8221;electroluxpro-container-no-padding&#8221; css=&#8221;.vc_custom_1633096252967{background-color: #dadfe1 !important;}&#8221;][vc_column][vc_row_inner css=&#8221;.vc_custom_1633095892459{padding-left: 10px !important;}&#8221;][vc_column_inner width=&#8221;1/2&#8243; css=&#8221;.vc_custom_1633096559231{padding-top: 60px !important;}&#8221;][elx_heading font_container=&#8221;h1&#8243; font_size=&#8221;h1&#8243; text_color=&#8221;inherit&#8221;]Kontakt os[/elx_heading][/vc_column_inner][vc_column_inner width=&#8221;1/2&#8243; offset=&#8221;vc_hidden-xs&#8221;][elx_image_block background_image=&#8221;763&#8243; minimum_height=&#8221;250px&#8221;][/vc_column_inner][/vc_row_inner][/vc_column][/vc_row][vc_row css=&#8221;.vc_custom_1633096088070{margin-top: 60px !important;}&#8221;][vc_column width=&#8221;1/2&#8243;][vc_column_text el_class=&#8221;p-16&#8243;] Electrolux Professional Storkøkken Adresse Vest:  Skejby Nordlandsvej 311, 1. 8200 Århus N                          Adresse Øst:  Delta Park 46, 2. 2665 [&hellip;]</p>

<!-- This site is optimized with the Yoast SEO plugin v23.3 - https://yoast.com/wordpress/plugins/seo/ -->
<title>Kontakt os - Electrolux Professional Danmark</title>
<meta name="description" content="Du kan altid kontakte Electrolux Professional. Enten på email eller telefon. Du finder de relevante kontakt informationer her på siden." />
<meta name="robots" content="index, follow, max-snippet:-1, max-image-preview:large, max-video-preview:-1" />
<link rel="canonical" href="https://www.electroluxprofessional.com/dk/contact-us/" />
<meta property="og:locale" content="da_DK" />
<meta property="og:type" content="article" />
<meta property="og:title" content="Kontakt os - Electrolux Professional Danmark" />
<meta property="og:description" content="Du kan altid kontakte Electrolux Professional. Enten på email eller telefon. Du finder de relevante kontakt informationer her på siden." />
<meta property="og:url" content="https://www.electroluxprofessional.com/dk/contact-us/" />
<meta property="og:site_name" content="Electrolux Professional Danmark" />
<meta property="article:modified_time" content="2026-02-05T07:50:48+00:00" />
<meta name="twitter:card" content="summary_large_image" />
<meta name="twitter:label1" content="Estimeret læsetid" />
	<meta name="twitter:data1" content="2 minutter" />
<script type="application/ld+json" class="yoast-schema-graph">{"@context":"https://schema.org","@graph":[{"@type":"WebPage","@id":"https://www.electroluxprofessional.com/dk/contact-us/","url":"https://www.electroluxprofessional.com/dk/contact-us/","name":"Kontakt os - Electrolux Professional Danmark","isPartOf":{"@id":"https://www.electroluxprofessional.com/dk/#website"},"datePublished":"2020-03-20T10:07:31+00:00","dateModified":"2026-02-05T07:50:48+00:00","description":"Du kan altid kontakte Electrolux Professional. Enten på email eller telefon. Du finder de relevante kontakt informationer her på siden.","breadcrumb":{"@id":"https://www.electroluxprofessional.com/dk/contact-us/#breadcrumb"},"inLanguage":"da-DK","potentialAction":[{"@type":"ReadAction","target":["https://www.electroluxprofessional.com/dk/contact-us/"]}]},{"@type":"BreadcrumbList","@id":"https://www.electroluxprofessional.com/dk/contact-us/#breadcrumb","itemListElement":[{"@type":"ListItem","position":1,"name":"Home","item":"https://www.electroluxprofessional.com/dk/"},{"@type":"ListItem","position":2,"name":"Kontakt os"}]},{"@type":"WebSite","@id":"https://www.electroluxprofessional.com/dk/#website","url":"https://www.electroluxprofessional.com/dk/","name":"Electrolux Professional Danmark","description":"","potentialAction":[{"@type":"SearchAction","target":{"@type":"EntryPoint","urlTemplate":"https://www.electroluxprofessional.com/dk/?src={search_term_string}"},"query-input":"required name=search_term_string"}],"inLanguage":"da-DK"}]}</script>
<!-- / Yoast SEO plugin. -->

Du kan altid kontakte Electrolux Professional. Enten på email eller telefon. Du finder de relevante kontakt informationer her på siden.
