{"id":15255,"date":"2019-09-27T08:55:37","date_gmt":"2019-09-27T06:55:37","guid":{"rendered":"https:\/\/www.electroluxprofessional.com\/?page_id=25481"},"modified":"2021-03-24T12:41:18","modified_gmt":"2021-03-24T12:41:18","slug":"skyline-menu-images-generator","status":"publish","type":"page","link":"https:\/\/www.electroluxprofessional.com\/dk\/skyline-menu-images-generator\/","title":{"rendered":"SkyLine menu images generator"},"content":{"rendered":"<p>[vc_row full_width=&#8221;electroluxpro-full-width-no-padding&#8221;][vc_column][elx_image_block background_image=&#8221;12432&#8243; minimum_height=&#8221;350px&#8221;][\/vc_column][\/vc_row][vc_row css=&#8221;.vc_custom_1580901861315{margin-top: 32px !important;}&#8221;][vc_column width=&#8221;7\/12&#8243;][vc_empty_space height=&#8221;52px&#8221;][elx_heading font_container=&#8221;h1&#8243; text_color=&#8221;inherit&#8221;]SkyLine display \u2013 lav jeres eget[\/elx_heading][vc_column_text el_class=&#8221;p-16&#8243; css=&#8221;.vc_custom_1581329576621{margin-top: 32px !important;padding-right: 20px !important;}&#8221;]Opret dine egne ikoner og brug dem i dine SkyLine-apparater, og tilpas dine egne SkyLine-menubilleder.[\/vc_column_text][vc_single_image image=&#8221;19540&#8243; img_size=&#8221;600&#215;240&#8243; css=&#8221;.vc_custom_1616589629622{margin-top: 32px !important;padding-right: 35px !important;}&#8221;][\/vc_column][vc_column width=&#8221;5\/12&#8243;][vc_single_image image=&#8221;14766&#8243; img_size=&#8221;full&#8221; alignment=&#8221;center&#8221;][\/vc_column][\/vc_row][vc_row][vc_column][vc_empty_space height=&#8221;50px&#8221;][elx_o2000_skyline_recipe_images][\/vc_column][\/vc_row][vc_row css=&#8221;.vc_custom_1580906602727{margin-bottom: 20px !important;}&#8221;][vc_column][elx_heading text_color=&#8221;inherit&#8221;]Se hele SkyLine produktserien[\/elx_heading][\/vc_column][\/vc_row][vc_row css=&#8221;.vc_custom_1540550163501{padding-top: 0px !important;}&#8221;][vc_column width=&#8221;1\/3&#8243;][vc_single_image image=&#8221;15249&#8243; img_size=&#8221;360&#215;210&#8243; alignment=&#8221;center&#8221; onclick=&#8221;custom_link&#8221; css=&#8221;.vc_custom_1580906567588{margin-bottom: 22px !important;}&#8221; link=&#8221;https:\/\/www.electroluxprofessional.com\/dk\/industriovn-skyline&#8221;][elx_heading font_container=&#8221;h4&#8243; text_color=&#8221;inherit&#8221; css=&#8221;.vc_custom_1580905985266{padding-top: 12px !important;padding-bottom: 0px !important;}&#8221;]SkyLine Cook &amp; Chill[\/elx_heading][vc_column_text el_class=&#8221;p-16&#8243; css=&#8221;.vc_custom_1580979085257{margin-top: 0px !important;}&#8221;]Den mest innovative Cook &amp; Chill l\u00f8sning. Fuld integration mellem alle dele og med et niveau brugervenlighed, der vil forbedre workflowet i dit k\u00f8kken.<br \/>\n<a href=\"https:\/\/www.electroluxprofessional.com\/dk\/industriovn-skyline\">Se mere om SkyLine Cook &amp; Chill<\/a>[\/vc_column_text][vc_empty_space][\/vc_column][vc_column width=&#8221;1\/3&#8243;][vc_single_image image=&#8221;15251&#8243; img_size=&#8221;360&#215;210&#8243; alignment=&#8221;center&#8221; onclick=&#8221;custom_link&#8221; css=&#8221;.vc_custom_1580906553399{margin-bottom: 22px !important;}&#8221; link=&#8221;https:\/\/www.electroluxprofessional.com\/dk\/industriovn-skyline&#8221;][elx_heading font_container=&#8221;h4&#8243; text_color=&#8221;inherit&#8221;]SkyLine kombiovn<br \/>\n[\/elx_heading][vc_column_text el_class=&#8221;p-16&#8243;]Supersmart teknologi og design der tager udgangspunkt i mennesket, der skal bruge den.<br \/>\n<a href=\"https:\/\/www.electroluxprofessional.com\/dk\/industriovn-skyline\">Se mere om SkyLine kombiovn<\/a>[\/vc_column_text][vc_empty_space][\/vc_column][vc_column width=&#8221;1\/3&#8243;][vc_single_image image=&#8221;15253&#8243; img_size=&#8221;360&#215;210&#8243; alignment=&#8221;center&#8221; onclick=&#8221;custom_link&#8221; css=&#8221;.vc_custom_1580906522377{margin-bottom: 22px !important;}&#8221; link=&#8221;https:\/\/www.electroluxprofessional.com\/dk\/industriovn-skyline&#8221;][elx_heading font_container=&#8221;h4&#8243; text_color=&#8221;inherit&#8221;]SkyLine bl\u00e6stk\u00f8ler[\/elx_heading][vc_column_text el_class=&#8221;p-16&#8243;]Du kan virkelig spare penge ved at forberede st\u00f8rre m\u00e6ngder, som kan holde l\u00e6ngere p\u00e5 grund af den hurtige nedk\u00f8ling SkyLine bl\u00e6stk\u00f8ler ken levere.<br \/>\n<a href=\"https:\/\/www.electroluxprofessional.com\/dk\/industriovn-skyline\">Se mere om SkyLine bl\u00e6stk\u00f8lere<\/a>[\/vc_column_text][\/vc_column][\/vc_row]<\/p>\n","protected":false},"excerpt":{"rendered":"<p>[vc_row full_width=&#8221;electroluxpro-full-width-no-padding&#8221;][vc_column][elx_image_block background_image=&#8221;12432&#8243; minimum_height=&#8221;350px&#8221;][\/vc_column][\/vc_row][vc_row css=&#8221;.vc_custom_1580901861315{margin-top: 32px !important;}&#8221;][vc_column width=&#8221;7\/12&#8243;][vc_empty_space height=&#8221;52px&#8221;][elx_heading font_container=&#8221;h1&#8243; text_color=&#8221;inherit&#8221;]SkyLine display \u2013 lav jeres eget[\/elx_heading][vc_column_text el_class=&#8221;p-16&#8243; css=&#8221;.vc_custom_1581329576621{margin-top: 32px !important;padding-right: 20px !important;}&#8221;]Opret dine egne ikoner og brug dem i dine SkyLine-apparater, og tilpas dine egne SkyLine-menubilleder.[\/vc_column_text][vc_single_image image=&#8221;19540&#8243; img_size=&#8221;600&#215;240&#8243; css=&#8221;.vc_custom_1616589629622{margin-top: 32px !important;padding-right: 35px !important;}&#8221;][\/vc_column][vc_column width=&#8221;5\/12&#8243;][vc_single_image image=&#8221;14766&#8243; img_size=&#8221;full&#8221; alignment=&#8221;center&#8221;][\/vc_column][\/vc_row][vc_row][vc_column][vc_empty_space height=&#8221;50px&#8221;][elx_o2000_skyline_recipe_images][\/vc_column][\/vc_row][vc_row css=&#8221;.vc_custom_1580906602727{margin-bottom: 20px !important;}&#8221;][vc_column][elx_heading text_color=&#8221;inherit&#8221;]Se hele SkyLine produktserien[\/elx_heading][\/vc_column][\/vc_row][vc_row [&hellip;]<\/p>\n","protected":false},"author":64,"featured_media":0,"parent":0,"menu_order":0,"comment_status":"closed","ping_status":"closed","template":"","meta":{"footnotes":""},"class_list":["post-15255","page","type-page","status-publish","hentry"],"acf":[],"yoast_head":"<!-- This site is optimized with the Yoast SEO plugin v23.3 - https:\/\/yoast.com\/wordpress\/plugins\/seo\/ -->\n<title>SkyLine menu images generator - Electrolux Professional Danmark<\/title>\n<meta name=\"description\" content=\"Generate your own SkyLine menu images and customize your menus. By using this tool by Electrolux Professional you will be able to create your own icons to be used in your SkyLine appliances.\" \/>\n<meta name=\"robots\" content=\"index, follow, max-snippet:-1, max-image-preview:large, max-video-preview:-1\" \/>\n<link rel=\"canonical\" href=\"https:\/\/www.electroluxprofessional.com\/dk\/skyline-menu-images-generator\/\" \/>\n<meta property=\"og:locale\" content=\"da_DK\" \/>\n<meta property=\"og:type\" content=\"article\" \/>\n<meta property=\"og:title\" content=\"SkyLine menu images generator - Electrolux Professional Danmark\" \/>\n<meta property=\"og:description\" content=\"Generate your own SkyLine menu images and customize your menus. By using this tool by Electrolux Professional you will be able to create your own icons to be used in your SkyLine appliances.\" \/>\n<meta property=\"og:url\" content=\"https:\/\/www.electroluxprofessional.com\/dk\/skyline-menu-images-generator\/\" \/>\n<meta property=\"og:site_name\" content=\"Electrolux Professional Danmark\" \/>\n<meta property=\"article:modified_time\" content=\"2021-03-24T12:41:18+00:00\" \/>\n<meta name=\"twitter:card\" content=\"summary_large_image\" \/>\n<meta name=\"twitter:label1\" content=\"Estimeret l\u00e6setid\" \/>\n\t<meta name=\"twitter:data1\" content=\"2 minutter\" \/>\n<script type=\"application\/ld+json\" class=\"yoast-schema-graph\">{\"@context\":\"https:\/\/schema.org\",\"@graph\":[{\"@type\":\"WebPage\",\"@id\":\"https:\/\/www.electroluxprofessional.com\/dk\/skyline-menu-images-generator\/\",\"url\":\"https:\/\/www.electroluxprofessional.com\/dk\/skyline-menu-images-generator\/\",\"name\":\"SkyLine menu images generator - Electrolux Professional Danmark\",\"isPartOf\":{\"@id\":\"https:\/\/www.electroluxprofessional.com\/dk\/#website\"},\"datePublished\":\"2019-09-27T06:55:37+00:00\",\"dateModified\":\"2021-03-24T12:41:18+00:00\",\"description\":\"Generate your own SkyLine menu images and customize your menus. By using this tool by Electrolux Professional you will be able to create your own icons to be used in your SkyLine appliances.\",\"breadcrumb\":{\"@id\":\"https:\/\/www.electroluxprofessional.com\/dk\/skyline-menu-images-generator\/#breadcrumb\"},\"inLanguage\":\"da-DK\",\"potentialAction\":[{\"@type\":\"ReadAction\",\"target\":[\"https:\/\/www.electroluxprofessional.com\/dk\/skyline-menu-images-generator\/\"]}]},{\"@type\":\"BreadcrumbList\",\"@id\":\"https:\/\/www.electroluxprofessional.com\/dk\/skyline-menu-images-generator\/#breadcrumb\",\"itemListElement\":[{\"@type\":\"ListItem\",\"position\":1,\"name\":\"Home\",\"item\":\"https:\/\/www.electroluxprofessional.com\/dk\/\"},{\"@type\":\"ListItem\",\"position\":2,\"name\":\"SkyLine menu images generator\"}]},{\"@type\":\"WebSite\",\"@id\":\"https:\/\/www.electroluxprofessional.com\/dk\/#website\",\"url\":\"https:\/\/www.electroluxprofessional.com\/dk\/\",\"name\":\"Electrolux Professional Danmark\",\"description\":\"\",\"potentialAction\":[{\"@type\":\"SearchAction\",\"target\":{\"@type\":\"EntryPoint\",\"urlTemplate\":\"https:\/\/www.electroluxprofessional.com\/dk\/?src={search_term_string}\"},\"query-input\":\"required name=search_term_string\"}],\"inLanguage\":\"da-DK\"}]}<\/script>\n<!-- \/ Yoast SEO plugin. -->","yoast_head_json":{"title":"SkyLine menu images generator - Electrolux Professional Danmark","description":"Generate your own SkyLine menu images and customize your menus. By using this tool by Electrolux Professional you will be able to create your own icons to be used in your SkyLine appliances.","robots":{"index":"index","follow":"follow","max-snippet":"max-snippet:-1","max-image-preview":"max-image-preview:large","max-video-preview":"max-video-preview:-1"},"canonical":"https:\/\/www.electroluxprofessional.com\/dk\/skyline-menu-images-generator\/","og_locale":"da_DK","og_type":"article","og_title":"SkyLine menu images generator - Electrolux Professional Danmark","og_description":"Generate your own SkyLine menu images and customize your menus. By using this tool by Electrolux Professional you will be able to create your own icons to be used in your SkyLine appliances.","og_url":"https:\/\/www.electroluxprofessional.com\/dk\/skyline-menu-images-generator\/","og_site_name":"Electrolux Professional Danmark","article_modified_time":"2021-03-24T12:41:18+00:00","twitter_card":"summary_large_image","twitter_misc":{"Estimeret l\u00e6setid":"2 minutter"},"schema":{"@context":"https:\/\/schema.org","@graph":[{"@type":"WebPage","@id":"https:\/\/www.electroluxprofessional.com\/dk\/skyline-menu-images-generator\/","url":"https:\/\/www.electroluxprofessional.com\/dk\/skyline-menu-images-generator\/","name":"SkyLine menu images generator - Electrolux Professional Danmark","isPartOf":{"@id":"https:\/\/www.electroluxprofessional.com\/dk\/#website"},"datePublished":"2019-09-27T06:55:37+00:00","dateModified":"2021-03-24T12:41:18+00:00","description":"Generate your own SkyLine menu images and customize your menus. By using this tool by Electrolux Professional you will be able to create your own icons to be used in your SkyLine appliances.","breadcrumb":{"@id":"https:\/\/www.electroluxprofessional.com\/dk\/skyline-menu-images-generator\/#breadcrumb"},"inLanguage":"da-DK","potentialAction":[{"@type":"ReadAction","target":["https:\/\/www.electroluxprofessional.com\/dk\/skyline-menu-images-generator\/"]}]},{"@type":"BreadcrumbList","@id":"https:\/\/www.electroluxprofessional.com\/dk\/skyline-menu-images-generator\/#breadcrumb","itemListElement":[{"@type":"ListItem","position":1,"name":"Home","item":"https:\/\/www.electroluxprofessional.com\/dk\/"},{"@type":"ListItem","position":2,"name":"SkyLine menu images generator"}]},{"@type":"WebSite","@id":"https:\/\/www.electroluxprofessional.com\/dk\/#website","url":"https:\/\/www.electroluxprofessional.com\/dk\/","name":"Electrolux Professional Danmark","description":"","potentialAction":[{"@type":"SearchAction","target":{"@type":"EntryPoint","urlTemplate":"https:\/\/www.electroluxprofessional.com\/dk\/?src={search_term_string}"},"query-input":"required name=search_term_string"}],"inLanguage":"da-DK"}]}},"_links":{"self":[{"href":"https:\/\/www.electroluxprofessional.com\/dk\/wp-json\/wp\/v2\/pages\/15255"}],"collection":[{"href":"https:\/\/www.electroluxprofessional.com\/dk\/wp-json\/wp\/v2\/pages"}],"about":[{"href":"https:\/\/www.electroluxprofessional.com\/dk\/wp-json\/wp\/v2\/types\/page"}],"author":[{"embeddable":true,"href":"https:\/\/www.electroluxprofessional.com\/dk\/wp-json\/wp\/v2\/users\/64"}],"replies":[{"embeddable":true,"href":"https:\/\/www.electroluxprofessional.com\/dk\/wp-json\/wp\/v2\/comments?post=15255"}],"version-history":[{"count":6,"href":"https:\/\/www.electroluxprofessional.com\/dk\/wp-json\/wp\/v2\/pages\/15255\/revisions"}],"predecessor-version":[{"id":19541,"href":"https:\/\/www.electroluxprofessional.com\/dk\/wp-json\/wp\/v2\/pages\/15255\/revisions\/19541"}],"wp:attachment":[{"href":"https:\/\/www.electroluxprofessional.com\/dk\/wp-json\/wp\/v2\/media?parent=15255"}],"curies":[{"name":"wp","href":"https:\/\/api.w.org\/{rel}","templated":true}]}}

<p>[vc_row full_width=&#8221;electroluxpro-full-width-no-padding&#8221;][vc_column][elx_image_block background_image=&#8221;12432&#8243; minimum_height=&#8221;350px&#8221;][/vc_column][/vc_row][vc_row css=&#8221;.vc_custom_1580901861315{margin-top: 32px !important;}&#8221;][vc_column width=&#8221;7/12&#8243;][vc_empty_space height=&#8221;52px&#8221;][elx_heading font_container=&#8221;h1&#8243; text_color=&#8221;inherit&#8221;]SkyLine display – lav jeres eget[/elx_heading][vc_column_text el_class=&#8221;p-16&#8243; css=&#8221;.vc_custom_1581329576621{margin-top: 32px !important;padding-right: 20px !important;}&#8221;]Opret dine egne ikoner og brug dem i dine SkyLine-apparater, og tilpas dine egne SkyLine-menubilleder.[/vc_column_text][vc_single_image image=&#8221;19540&#8243; img_size=&#8221;600&#215;240&#8243; css=&#8221;.vc_custom_1616589629622{margin-top: 32px !important;padding-right: 35px !important;}&#8221;][/vc_column][vc_column width=&#8221;5/12&#8243;][vc_single_image image=&#8221;14766&#8243; img_size=&#8221;full&#8221; alignment=&#8221;center&#8221;][/vc_column][/vc_row][vc_row][vc_column][vc_empty_space height=&#8221;50px&#8221;][elx_o2000_skyline_recipe_images][/vc_column][/vc_row][vc_row css=&#8221;.vc_custom_1580906602727{margin-bottom: 20px !important;}&#8221;][vc_column][elx_heading text_color=&#8221;inherit&#8221;]Se hele SkyLine produktserien[/elx_heading][/vc_column][/vc_row][vc_row css=&#8221;.vc_custom_1540550163501{padding-top: 0px !important;}&#8221;][vc_column width=&#8221;1/3&#8243;][vc_single_image image=&#8221;15249&#8243; img_size=&#8221;360&#215;210&#8243; alignment=&#8221;center&#8221; onclick=&#8221;custom_link&#8221; css=&#8221;.vc_custom_1580906567588{margin-bottom: 22px !important;}&#8221; link=&#8221;https://www.electroluxprofessional.com/dk/industriovn-skyline&#8221;][elx_heading font_container=&#8221;h4&#8243; text_color=&#8221;inherit&#8221; css=&#8221;.vc_custom_1580905985266{padding-top: 12px !important;padding-bottom: 0px !important;}&#8221;]SkyLine Cook &amp; Chill[/elx_heading][vc_column_text el_class=&#8221;p-16&#8243; css=&#8221;.vc_custom_1580979085257{margin-top: 0px !important;}&#8221;]Den mest innovative Cook &amp; Chill løsning. Fuld integration mellem alle dele og med et niveau brugervenlighed, der vil forbedre workflowet i dit køkken.<br />
<a href="https://www.electroluxprofessional.com/dk/industriovn-skyline">Se mere om SkyLine Cook &amp; Chill</a>[/vc_column_text][vc_empty_space][/vc_column][vc_column width=&#8221;1/3&#8243;][vc_single_image image=&#8221;15251&#8243; img_size=&#8221;360&#215;210&#8243; alignment=&#8221;center&#8221; onclick=&#8221;custom_link&#8221; css=&#8221;.vc_custom_1580906553399{margin-bottom: 22px !important;}&#8221; link=&#8221;https://www.electroluxprofessional.com/dk/industriovn-skyline&#8221;][elx_heading font_container=&#8221;h4&#8243; text_color=&#8221;inherit&#8221;]SkyLine kombiovn<br />
[/elx_heading][vc_column_text el_class=&#8221;p-16&#8243;]Supersmart teknologi og design der tager udgangspunkt i mennesket, der skal bruge den.<br />
<a href="https://www.electroluxprofessional.com/dk/industriovn-skyline">Se mere om SkyLine kombiovn</a>[/vc_column_text][vc_empty_space][/vc_column][vc_column width=&#8221;1/3&#8243;][vc_single_image image=&#8221;15253&#8243; img_size=&#8221;360&#215;210&#8243; alignment=&#8221;center&#8221; onclick=&#8221;custom_link&#8221; css=&#8221;.vc_custom_1580906522377{margin-bottom: 22px !important;}&#8221; link=&#8221;https://www.electroluxprofessional.com/dk/industriovn-skyline&#8221;][elx_heading font_container=&#8221;h4&#8243; text_color=&#8221;inherit&#8221;]SkyLine blæstkøler[/elx_heading][vc_column_text el_class=&#8221;p-16&#8243;]Du kan virkelig spare penge ved at forberede større mængder, som kan holde længere på grund af den hurtige nedkøling SkyLine blæstkøler ken levere.<br />
<a href="https://www.electroluxprofessional.com/dk/industriovn-skyline">Se mere om SkyLine blæstkølere</a>[/vc_column_text][/vc_column][/vc_row]</p>

<!-- This site is optimized with the Yoast SEO plugin v23.3 - https://yoast.com/wordpress/plugins/seo/ -->
<title>SkyLine menu images generator - Electrolux Professional Danmark</title>
<meta name="description" content="Generate your own SkyLine menu images and customize your menus. By using this tool by Electrolux Professional you will be able to create your own icons to be used in your SkyLine appliances." />
<meta name="robots" content="index, follow, max-snippet:-1, max-image-preview:large, max-video-preview:-1" />
<link rel="canonical" href="https://www.electroluxprofessional.com/dk/skyline-menu-images-generator/" />
<meta property="og:locale" content="da_DK" />
<meta property="og:type" content="article" />
<meta property="og:title" content="SkyLine menu images generator - Electrolux Professional Danmark" />
<meta property="og:description" content="Generate your own SkyLine menu images and customize your menus. By using this tool by Electrolux Professional you will be able to create your own icons to be used in your SkyLine appliances." />
<meta property="og:url" content="https://www.electroluxprofessional.com/dk/skyline-menu-images-generator/" />
<meta property="og:site_name" content="Electrolux Professional Danmark" />
<meta property="article:modified_time" content="2021-03-24T12:41:18+00:00" />
<meta name="twitter:card" content="summary_large_image" />
<meta name="twitter:label1" content="Estimeret læsetid" />
	<meta name="twitter:data1" content="2 minutter" />
<script type="application/ld+json" class="yoast-schema-graph">{"@context":"https://schema.org","@graph":[{"@type":"WebPage","@id":"https://www.electroluxprofessional.com/dk/skyline-menu-images-generator/","url":"https://www.electroluxprofessional.com/dk/skyline-menu-images-generator/","name":"SkyLine menu images generator - Electrolux Professional Danmark","isPartOf":{"@id":"https://www.electroluxprofessional.com/dk/#website"},"datePublished":"2019-09-27T06:55:37+00:00","dateModified":"2021-03-24T12:41:18+00:00","description":"Generate your own SkyLine menu images and customize your menus. By using this tool by Electrolux Professional you will be able to create your own icons to be used in your SkyLine appliances.","breadcrumb":{"@id":"https://www.electroluxprofessional.com/dk/skyline-menu-images-generator/#breadcrumb"},"inLanguage":"da-DK","potentialAction":[{"@type":"ReadAction","target":["https://www.electroluxprofessional.com/dk/skyline-menu-images-generator/"]}]},{"@type":"BreadcrumbList","@id":"https://www.electroluxprofessional.com/dk/skyline-menu-images-generator/#breadcrumb","itemListElement":[{"@type":"ListItem","position":1,"name":"Home","item":"https://www.electroluxprofessional.com/dk/"},{"@type":"ListItem","position":2,"name":"SkyLine menu images generator"}]},{"@type":"WebSite","@id":"https://www.electroluxprofessional.com/dk/#website","url":"https://www.electroluxprofessional.com/dk/","name":"Electrolux Professional Danmark","description":"","potentialAction":[{"@type":"SearchAction","target":{"@type":"EntryPoint","urlTemplate":"https://www.electroluxprofessional.com/dk/?src={search_term_string}"},"query-input":"required name=search_term_string"}],"inLanguage":"da-DK"}]}</script>
<!-- / Yoast SEO plugin. -->
