{"id":2162,"date":"2017-03-03T18:54:49","date_gmt":"2017-03-03T17:54:49","guid":{"rendered":"https:\/\/www.electroluxprofessional.com\/cz\/?page_id=2162"},"modified":"2018-11-28T13:43:26","modified_gmt":"2018-11-28T12:43:26","slug":"cutting-disc-selection-guide","status":"publish","type":"page","link":"https:\/\/www.electroluxprofessional.com\/cz\/cutting-disc-selection-guide\/","title":{"rendered":"Pr\u016fvodce v\u00fdb\u011brem disk\u016f"},"content":{"rendered":"<p>[vc_row][vc_column][elx_hero_slider label_text_color=&#8221;inherit&#8221; images=&#8221;1949&#8243;][elx_heading font_container=&#8221;h1&#8243; text_color=&#8221;inherit&#8221; text_align=&#8221;text-center&#8221;]Pr\u016fvodce v\u00fdb\u011brem disk\u016f[\/elx_heading][\/elx_hero_slider][\/vc_column][\/vc_row][vc_row][vc_column][vc_empty_space][elx_heading font_size=&#8221;h3&#8243; text_color=&#8221;inherit&#8221; text_align=&#8221;text-center&#8221;]Tento interaktivn\u00ed pr\u016fvodce byl vyvinut, aby V\u00e1m pomohl s v\u00fdb\u011brem nejvhodn\u011bj\u0161\u00edch disk\u016f pro Va\u0161e kr\u00e1je\u010de zeleniny \u0159ady TRK, TRS, TR200 a TR210.[\/elx_heading][vc_empty_space][\/vc_column][\/vc_row][vc_row][vc_column][vc_column_text]M\u016f\u017eete se vydat cestou v\u00fdb\u011bru podle zpracov\u00e1van\u00e9ho druhu zeleniny nebo zjistit, kter\u00fd disk je vhodn\u00fd podle tvaru a proveden\u00ed pro ten kter\u00fd druh zeleniny a ovoce.[\/vc_column_text][\/vc_column][\/vc_row][vc_row][vc_column][vc_empty_space][elx_o2000_cutting_guide][vc_empty_space height=&#8221;50px&#8221;][\/vc_column][\/vc_row][vc_row][vc_column width=&#8221;1\/3&#8243;][elx_download_block text=&#8221;TRS\/TRK katalog disk\u016f (ENG)&#8221; link=&#8221;http:\/\/files.professional.electrolux.com\/docs\/?n=BR-9JE00066&amp;b=5&amp;l=1&#8243; background_color=&#8221;eco-green&#8221; reveal_effect=&#8221;&#8221; reveal_duration=&#8221;&#8221; reveal_delay=&#8221;&#8221;][\/vc_column][vc_column width=&#8221;1\/3&#8243;][elx_download_block text=&#8221;V\u00edce o &#8230;<br \/>\nkutry, kr\u00e1je\u010de, mixery<\/p>\n<p>&#8221; link=&#8221;https:\/\/www.electroluxprofessional.com\/cz\/commercial-kitchen-equipment\/cut-mix-slice\/&#8221; link_target=&#8221;self&#8221; background_color=&#8221;eco-green&#8221; reveal_effect=&#8221;&#8221; reveal_duration=&#8221;&#8221; reveal_delay=&#8221;&#8221;][\/vc_column][vc_column width=&#8221;1\/3&#8243;][elx_download_block text=&#8221;Zp\u011bt na p\u0159ehled<br \/>\nDynamick\u00e1 p\u0159\u00edpravna<\/p>\n<p>&#8221; link=&#8221;https:\/\/www.electroluxprofessional.com\/cz\/\/commercial-kitchen-equipment\/food-preparation-2\/&#8221; link_target=&#8221;self&#8221; background_color=&#8221;eco-green&#8221; reveal_effect=&#8221;&#8221; reveal_duration=&#8221;&#8221; reveal_delay=&#8221;&#8221;][\/vc_column][\/vc_row][vc_row][vc_column][vc_empty_space height=&#8221;50px&#8221;][\/vc_column][\/vc_row][vc_row][vc_column][vc_empty_space height=&#8221;50px&#8221;][elx_heading text_color=&#8221;inherit&#8221; text_align=&#8221;text-center&#8221;]M\u00e1te jak\u00fdkoliv dotaz? Nev\u00e1hejte se n\u00e1s zeptat.[\/elx_heading][elx_o2000_contact_us r=&#8221;Chci se dozv\u011bd\u011bt v\u00edce o za\u0159\u00edzen\u00edch pro Dynamickou p\u0159\u00edpravnu&#8221; s=&#8221;Po\u017eadavek z webov\u00fdch str\u00e1nek &#8211; dynamick\u00e1 p\u0159\u00edpravna&#8221; country=&#8221;Czech Republic&#8221; l=&#8221;cz&#8221; container=&#8221;elxcontactus1480324839&#8243;][\/vc_column][\/vc_row][vc_row][vc_column][vc_empty_space height=&#8221;50px&#8221;][\/vc_column][\/vc_row]<\/p>\n","protected":false},"excerpt":{"rendered":"<p>[vc_row][vc_column][elx_hero_slider label_text_color=&#8221;inherit&#8221; images=&#8221;1949&#8243;][elx_heading font_container=&#8221;h1&#8243; text_color=&#8221;inherit&#8221; text_align=&#8221;text-center&#8221;]Pr\u016fvodce v\u00fdb\u011brem disk\u016f[\/elx_heading][\/elx_hero_slider][\/vc_column][\/vc_row][vc_row][vc_column][vc_empty_space][elx_heading font_size=&#8221;h3&#8243; text_color=&#8221;inherit&#8221; text_align=&#8221;text-center&#8221;]Tento interaktivn\u00ed pr\u016fvodce byl vyvinut, aby V\u00e1m pomohl s v\u00fdb\u011brem nejvhodn\u011bj\u0161\u00edch disk\u016f pro Va\u0161e kr\u00e1je\u010de zeleniny \u0159ady TRK, TRS, TR200 a TR210.[\/elx_heading][vc_empty_space][\/vc_column][\/vc_row][vc_row][vc_column][vc_column_text]M\u016f\u017eete se vydat cestou v\u00fdb\u011bru podle zpracov\u00e1van\u00e9ho druhu zeleniny nebo zjistit, kter\u00fd disk je vhodn\u00fd podle tvaru a proveden\u00ed pro ten kter\u00fd druh zeleniny [&hellip;]<\/p>\n","protected":false},"author":3,"featured_media":0,"parent":0,"menu_order":0,"comment_status":"closed","ping_status":"closed","template":"","meta":{"footnotes":""},"class_list":["post-2162","page","type-page","status-publish","hentry"],"acf":[],"yoast_head":"<!-- This site is optimized with the Yoast SEO plugin v23.3 - https:\/\/yoast.com\/wordpress\/plugins\/seo\/ -->\n<title>Pr\u016fvodce v\u00fdb\u011brem disk\u016f - Electrolux Professional \u010cesk\u00e1 republika<\/title>\n<meta name=\"robots\" content=\"index, follow, max-snippet:-1, max-image-preview:large, max-video-preview:-1\" \/>\n<link rel=\"canonical\" href=\"https:\/\/www.electroluxprofessional.com\/cz\/cutting-disc-selection-guide\/\" \/>\n<meta property=\"og:locale\" content=\"cs_CZ\" \/>\n<meta property=\"og:type\" content=\"article\" \/>\n<meta property=\"og:title\" content=\"Pr\u016fvodce v\u00fdb\u011brem disk\u016f - Electrolux Professional \u010cesk\u00e1 republika\" \/>\n<meta property=\"og:description\" content=\"[vc_row][vc_column][elx_hero_slider label_text_color=&#8221;inherit&#8221; images=&#8221;1949&#8243;][elx_heading font_container=&#8221;h1&#8243; text_color=&#8221;inherit&#8221; text_align=&#8221;text-center&#8221;]Pr\u016fvodce v\u00fdb\u011brem disk\u016f[\/elx_heading][\/elx_hero_slider][\/vc_column][\/vc_row][vc_row][vc_column][vc_empty_space][elx_heading font_size=&#8221;h3&#8243; text_color=&#8221;inherit&#8221; text_align=&#8221;text-center&#8221;]Tento interaktivn\u00ed pr\u016fvodce byl vyvinut, aby V\u00e1m pomohl s v\u00fdb\u011brem nejvhodn\u011bj\u0161\u00edch disk\u016f pro Va\u0161e kr\u00e1je\u010de zeleniny \u0159ady TRK, TRS, TR200 a TR210.[\/elx_heading][vc_empty_space][\/vc_column][\/vc_row][vc_row][vc_column][vc_column_text]M\u016f\u017eete se vydat cestou v\u00fdb\u011bru podle zpracov\u00e1van\u00e9ho druhu zeleniny nebo zjistit, kter\u00fd disk je vhodn\u00fd podle tvaru a proveden\u00ed pro ten kter\u00fd druh zeleniny [&hellip;]\" \/>\n<meta property=\"og:url\" content=\"https:\/\/www.electroluxprofessional.com\/cz\/cutting-disc-selection-guide\/\" \/>\n<meta property=\"og:site_name\" content=\"Electrolux Professional \u010cesk\u00e1 republika\" \/>\n<meta property=\"article:publisher\" content=\"https:\/\/www.facebook.com\/electroluxprofessional\" \/>\n<meta property=\"article:modified_time\" content=\"2018-11-28T12:43:26+00:00\" \/>\n<meta name=\"twitter:card\" content=\"summary_large_image\" \/>\n<meta name=\"twitter:site\" content=\"@ElectroluxPro\" \/>\n<meta name=\"twitter:label1\" content=\"Odhadovan\u00e1 doba \u010dten\u00ed\" \/>\n\t<meta name=\"twitter:data1\" content=\"2 minuty\" \/>\n<script type=\"application\/ld+json\" class=\"yoast-schema-graph\">{\"@context\":\"https:\/\/schema.org\",\"@graph\":[{\"@type\":\"WebPage\",\"@id\":\"https:\/\/www.electroluxprofessional.com\/cz\/cutting-disc-selection-guide\/\",\"url\":\"https:\/\/www.electroluxprofessional.com\/cz\/cutting-disc-selection-guide\/\",\"name\":\"Pr\u016fvodce v\u00fdb\u011brem disk\u016f - Electrolux Professional \u010cesk\u00e1 republika\",\"isPartOf\":{\"@id\":\"https:\/\/www.electroluxprofessional.com\/cz\/#website\"},\"datePublished\":\"2017-03-03T17:54:49+00:00\",\"dateModified\":\"2018-11-28T12:43:26+00:00\",\"breadcrumb\":{\"@id\":\"https:\/\/www.electroluxprofessional.com\/cz\/cutting-disc-selection-guide\/#breadcrumb\"},\"inLanguage\":\"cs\",\"potentialAction\":[{\"@type\":\"ReadAction\",\"target\":[\"https:\/\/www.electroluxprofessional.com\/cz\/cutting-disc-selection-guide\/\"]}]},{\"@type\":\"BreadcrumbList\",\"@id\":\"https:\/\/www.electroluxprofessional.com\/cz\/cutting-disc-selection-guide\/#breadcrumb\",\"itemListElement\":[{\"@type\":\"ListItem\",\"position\":1,\"name\":\"Home\",\"item\":\"https:\/\/www.electroluxprofessional.com\/cz\/\"},{\"@type\":\"ListItem\",\"position\":2,\"name\":\"Pr\u016fvodce v\u00fdb\u011brem disk\u016f\"}]},{\"@type\":\"WebSite\",\"@id\":\"https:\/\/www.electroluxprofessional.com\/cz\/#website\",\"url\":\"https:\/\/www.electroluxprofessional.com\/cz\/\",\"name\":\"Electrolux Professional \u010cesk\u00e1 republika\",\"description\":\"\",\"potentialAction\":[{\"@type\":\"SearchAction\",\"target\":{\"@type\":\"EntryPoint\",\"urlTemplate\":\"https:\/\/www.electroluxprofessional.com\/cz\/?src={search_term_string}\"},\"query-input\":\"required name=search_term_string\"}],\"inLanguage\":\"cs\"}]}<\/script>\n<!-- \/ Yoast SEO plugin. -->","yoast_head_json":{"title":"Pr\u016fvodce v\u00fdb\u011brem disk\u016f - Electrolux Professional \u010cesk\u00e1 republika","robots":{"index":"index","follow":"follow","max-snippet":"max-snippet:-1","max-image-preview":"max-image-preview:large","max-video-preview":"max-video-preview:-1"},"canonical":"https:\/\/www.electroluxprofessional.com\/cz\/cutting-disc-selection-guide\/","og_locale":"cs_CZ","og_type":"article","og_title":"Pr\u016fvodce v\u00fdb\u011brem disk\u016f - Electrolux Professional \u010cesk\u00e1 republika","og_description":"[vc_row][vc_column][elx_hero_slider label_text_color=&#8221;inherit&#8221; images=&#8221;1949&#8243;][elx_heading font_container=&#8221;h1&#8243; text_color=&#8221;inherit&#8221; text_align=&#8221;text-center&#8221;]Pr\u016fvodce v\u00fdb\u011brem disk\u016f[\/elx_heading][\/elx_hero_slider][\/vc_column][\/vc_row][vc_row][vc_column][vc_empty_space][elx_heading font_size=&#8221;h3&#8243; text_color=&#8221;inherit&#8221; text_align=&#8221;text-center&#8221;]Tento interaktivn\u00ed pr\u016fvodce byl vyvinut, aby V\u00e1m pomohl s v\u00fdb\u011brem nejvhodn\u011bj\u0161\u00edch disk\u016f pro Va\u0161e kr\u00e1je\u010de zeleniny \u0159ady TRK, TRS, TR200 a TR210.[\/elx_heading][vc_empty_space][\/vc_column][\/vc_row][vc_row][vc_column][vc_column_text]M\u016f\u017eete se vydat cestou v\u00fdb\u011bru podle zpracov\u00e1van\u00e9ho druhu zeleniny nebo zjistit, kter\u00fd disk je vhodn\u00fd podle tvaru a proveden\u00ed pro ten kter\u00fd druh zeleniny [&hellip;]","og_url":"https:\/\/www.electroluxprofessional.com\/cz\/cutting-disc-selection-guide\/","og_site_name":"Electrolux Professional \u010cesk\u00e1 republika","article_publisher":"https:\/\/www.facebook.com\/electroluxprofessional","article_modified_time":"2018-11-28T12:43:26+00:00","twitter_card":"summary_large_image","twitter_site":"@ElectroluxPro","twitter_misc":{"Odhadovan\u00e1 doba \u010dten\u00ed":"2 minuty"},"schema":{"@context":"https:\/\/schema.org","@graph":[{"@type":"WebPage","@id":"https:\/\/www.electroluxprofessional.com\/cz\/cutting-disc-selection-guide\/","url":"https:\/\/www.electroluxprofessional.com\/cz\/cutting-disc-selection-guide\/","name":"Pr\u016fvodce v\u00fdb\u011brem disk\u016f - Electrolux Professional \u010cesk\u00e1 republika","isPartOf":{"@id":"https:\/\/www.electroluxprofessional.com\/cz\/#website"},"datePublished":"2017-03-03T17:54:49+00:00","dateModified":"2018-11-28T12:43:26+00:00","breadcrumb":{"@id":"https:\/\/www.electroluxprofessional.com\/cz\/cutting-disc-selection-guide\/#breadcrumb"},"inLanguage":"cs","potentialAction":[{"@type":"ReadAction","target":["https:\/\/www.electroluxprofessional.com\/cz\/cutting-disc-selection-guide\/"]}]},{"@type":"BreadcrumbList","@id":"https:\/\/www.electroluxprofessional.com\/cz\/cutting-disc-selection-guide\/#breadcrumb","itemListElement":[{"@type":"ListItem","position":1,"name":"Home","item":"https:\/\/www.electroluxprofessional.com\/cz\/"},{"@type":"ListItem","position":2,"name":"Pr\u016fvodce v\u00fdb\u011brem disk\u016f"}]},{"@type":"WebSite","@id":"https:\/\/www.electroluxprofessional.com\/cz\/#website","url":"https:\/\/www.electroluxprofessional.com\/cz\/","name":"Electrolux Professional \u010cesk\u00e1 republika","description":"","potentialAction":[{"@type":"SearchAction","target":{"@type":"EntryPoint","urlTemplate":"https:\/\/www.electroluxprofessional.com\/cz\/?src={search_term_string}"},"query-input":"required name=search_term_string"}],"inLanguage":"cs"}]}},"_links":{"self":[{"href":"https:\/\/www.electroluxprofessional.com\/cz\/wp-json\/wp\/v2\/pages\/2162"}],"collection":[{"href":"https:\/\/www.electroluxprofessional.com\/cz\/wp-json\/wp\/v2\/pages"}],"about":[{"href":"https:\/\/www.electroluxprofessional.com\/cz\/wp-json\/wp\/v2\/types\/page"}],"author":[{"embeddable":true,"href":"https:\/\/www.electroluxprofessional.com\/cz\/wp-json\/wp\/v2\/users\/3"}],"replies":[{"embeddable":true,"href":"https:\/\/www.electroluxprofessional.com\/cz\/wp-json\/wp\/v2\/comments?post=2162"}],"version-history":[{"count":15,"href":"https:\/\/www.electroluxprofessional.com\/cz\/wp-json\/wp\/v2\/pages\/2162\/revisions"}],"predecessor-version":[{"id":4308,"href":"https:\/\/www.electroluxprofessional.com\/cz\/wp-json\/wp\/v2\/pages\/2162\/revisions\/4308"}],"wp:attachment":[{"href":"https:\/\/www.electroluxprofessional.com\/cz\/wp-json\/wp\/v2\/media?parent=2162"}],"curies":[{"name":"wp","href":"https:\/\/api.w.org\/{rel}","templated":true}]}}

Průvodce výběrem disků

<p>[vc_row][vc_column][elx_hero_slider label_text_color=&#8221;inherit&#8221; images=&#8221;1949&#8243;][elx_heading font_container=&#8221;h1&#8243; text_color=&#8221;inherit&#8221; text_align=&#8221;text-center&#8221;]Průvodce výběrem disků[/elx_heading][/elx_hero_slider][/vc_column][/vc_row][vc_row][vc_column][vc_empty_space][elx_heading font_size=&#8221;h3&#8243; text_color=&#8221;inherit&#8221; text_align=&#8221;text-center&#8221;]Tento interaktivní průvodce byl vyvinut, aby Vám pomohl s výběrem nejvhodnějších disků pro Vaše kráječe zeleniny řady TRK, TRS, TR200 a TR210.[/elx_heading][vc_empty_space][/vc_column][/vc_row][vc_row][vc_column][vc_column_text]Můžete se vydat cestou výběru podle zpracovávaného druhu zeleniny nebo zjistit, který disk je vhodný podle tvaru a provedení pro ten který druh zeleniny a ovoce.[/vc_column_text][/vc_column][/vc_row][vc_row][vc_column][vc_empty_space][elx_o2000_cutting_guide][vc_empty_space height=&#8221;50px&#8221;][/vc_column][/vc_row][vc_row][vc_column width=&#8221;1/3&#8243;][elx_download_block text=&#8221;TRS/TRK katalog disků (ENG)&#8221; link=&#8221;http://files.professional.electrolux.com/docs/?n=BR-9JE00066&amp;b=5&amp;l=1&#8243; background_color=&#8221;eco-green&#8221; reveal_effect=&#8221;&#8221; reveal_duration=&#8221;&#8221; reveal_delay=&#8221;&#8221;][/vc_column][vc_column width=&#8221;1/3&#8243;][elx_download_block text=&#8221;Více o &#8230;<br />
kutry, kráječe, mixery</p>
<p>&#8221; link=&#8221;https://www.electroluxprofessional.com/cz/commercial-kitchen-equipment/cut-mix-slice/&#8221; link_target=&#8221;self&#8221; background_color=&#8221;eco-green&#8221; reveal_effect=&#8221;&#8221; reveal_duration=&#8221;&#8221; reveal_delay=&#8221;&#8221;][/vc_column][vc_column width=&#8221;1/3&#8243;][elx_download_block text=&#8221;Zpět na přehled<br />
Dynamická přípravna</p>
<p>&#8221; link=&#8221;https://www.electroluxprofessional.com/cz//commercial-kitchen-equipment/food-preparation-2/&#8221; link_target=&#8221;self&#8221; background_color=&#8221;eco-green&#8221; reveal_effect=&#8221;&#8221; reveal_duration=&#8221;&#8221; reveal_delay=&#8221;&#8221;][/vc_column][/vc_row][vc_row][vc_column][vc_empty_space height=&#8221;50px&#8221;][/vc_column][/vc_row][vc_row][vc_column][vc_empty_space height=&#8221;50px&#8221;][elx_heading text_color=&#8221;inherit&#8221; text_align=&#8221;text-center&#8221;]Máte jakýkoliv dotaz? Neváhejte se nás zeptat.[/elx_heading][elx_o2000_contact_us r=&#8221;Chci se dozvědět více o zařízeních pro Dynamickou přípravnu&#8221; s=&#8221;Požadavek z webových stránek &#8211; dynamická přípravna&#8221; country=&#8221;Czech Republic&#8221; l=&#8221;cz&#8221; container=&#8221;elxcontactus1480324839&#8243;][/vc_column][/vc_row][vc_row][vc_column][vc_empty_space height=&#8221;50px&#8221;][/vc_column][/vc_row]</p>

<p>[vc_row][vc_column][elx_hero_slider label_text_color=&#8221;inherit&#8221; images=&#8221;1949&#8243;][elx_heading font_container=&#8221;h1&#8243; text_color=&#8221;inherit&#8221; text_align=&#8221;text-center&#8221;]Průvodce výběrem disků[/elx_heading][/elx_hero_slider][/vc_column][/vc_row][vc_row][vc_column][vc_empty_space][elx_heading font_size=&#8221;h3&#8243; text_color=&#8221;inherit&#8221; text_align=&#8221;text-center&#8221;]Tento interaktivní průvodce byl vyvinut, aby Vám pomohl s výběrem nejvhodnějších disků pro Vaše kráječe zeleniny řady TRK, TRS, TR200 a TR210.[/elx_heading][vc_empty_space][/vc_column][/vc_row][vc_row][vc_column][vc_column_text]Můžete se vydat cestou výběru podle zpracovávaného druhu zeleniny nebo zjistit, který disk je vhodný podle tvaru a provedení pro ten který druh zeleniny [&hellip;]</p>

<!-- This site is optimized with the Yoast SEO plugin v23.3 - https://yoast.com/wordpress/plugins/seo/ -->
<title>Průvodce výběrem disků - Electrolux Professional Česká republika</title>
<meta name="robots" content="index, follow, max-snippet:-1, max-image-preview:large, max-video-preview:-1" />
<link rel="canonical" href="https://www.electroluxprofessional.com/cz/cutting-disc-selection-guide/" />
<meta property="og:locale" content="cs_CZ" />
<meta property="og:type" content="article" />
<meta property="og:title" content="Průvodce výběrem disků - Electrolux Professional Česká republika" />
<meta property="og:description" content="[vc_row][vc_column][elx_hero_slider label_text_color=&#8221;inherit&#8221; images=&#8221;1949&#8243;][elx_heading font_container=&#8221;h1&#8243; text_color=&#8221;inherit&#8221; text_align=&#8221;text-center&#8221;]Průvodce výběrem disků[/elx_heading][/elx_hero_slider][/vc_column][/vc_row][vc_row][vc_column][vc_empty_space][elx_heading font_size=&#8221;h3&#8243; text_color=&#8221;inherit&#8221; text_align=&#8221;text-center&#8221;]Tento interaktivní průvodce byl vyvinut, aby Vám pomohl s výběrem nejvhodnějších disků pro Vaše kráječe zeleniny řady TRK, TRS, TR200 a TR210.[/elx_heading][vc_empty_space][/vc_column][/vc_row][vc_row][vc_column][vc_column_text]Můžete se vydat cestou výběru podle zpracovávaného druhu zeleniny nebo zjistit, který disk je vhodný podle tvaru a provedení pro ten který druh zeleniny [&hellip;]" />
<meta property="og:url" content="https://www.electroluxprofessional.com/cz/cutting-disc-selection-guide/" />
<meta property="og:site_name" content="Electrolux Professional Česká republika" />
<meta property="article:publisher" content="https://www.facebook.com/electroluxprofessional" />
<meta property="article:modified_time" content="2018-11-28T12:43:26+00:00" />
<meta name="twitter:card" content="summary_large_image" />
<meta name="twitter:site" content="@ElectroluxPro" />
<meta name="twitter:label1" content="Odhadovaná doba čtení" />
	<meta name="twitter:data1" content="2 minuty" />
<script type="application/ld+json" class="yoast-schema-graph">{"@context":"https://schema.org","@graph":[{"@type":"WebPage","@id":"https://www.electroluxprofessional.com/cz/cutting-disc-selection-guide/","url":"https://www.electroluxprofessional.com/cz/cutting-disc-selection-guide/","name":"Průvodce výběrem disků - Electrolux Professional Česká republika","isPartOf":{"@id":"https://www.electroluxprofessional.com/cz/#website"},"datePublished":"2017-03-03T17:54:49+00:00","dateModified":"2018-11-28T12:43:26+00:00","breadcrumb":{"@id":"https://www.electroluxprofessional.com/cz/cutting-disc-selection-guide/#breadcrumb"},"inLanguage":"cs","potentialAction":[{"@type":"ReadAction","target":["https://www.electroluxprofessional.com/cz/cutting-disc-selection-guide/"]}]},{"@type":"BreadcrumbList","@id":"https://www.electroluxprofessional.com/cz/cutting-disc-selection-guide/#breadcrumb","itemListElement":[{"@type":"ListItem","position":1,"name":"Home","item":"https://www.electroluxprofessional.com/cz/"},{"@type":"ListItem","position":2,"name":"Průvodce výběrem disků"}]},{"@type":"WebSite","@id":"https://www.electroluxprofessional.com/cz/#website","url":"https://www.electroluxprofessional.com/cz/","name":"Electrolux Professional Česká republika","description":"","potentialAction":[{"@type":"SearchAction","target":{"@type":"EntryPoint","urlTemplate":"https://www.electroluxprofessional.com/cz/?src={search_term_string}"},"query-input":"required name=search_term_string"}],"inLanguage":"cs"}]}</script>
<!-- / Yoast SEO plugin. -->

Průvodce výběrem disků - Electrolux Professional Česká republika

[vc_row][vc_column][elx_hero_slider label_text_color=&#8221;inherit&#8221; images=&#8221;1949&#8243;][elx_heading font_container=&#8221;h1&#8243; text_color=&#8221;inherit&#8221; text_align=&#8221;text-center&#8221;]Průvodce výběrem disků[/elx_heading][/elx_hero_slider][/vc_column][/vc_row][vc_row][vc_column][vc_empty_space][elx_heading font_size=&#8221;h3&#8243; text_color=&#8221;inherit&#8221; text_align=&#8221;text-center&#8221;]Tento interaktivní průvodce byl vyvinut, aby Vám pomohl s výběrem nejvhodnějších disků pro Vaše kráječe zeleniny řady TRK, TRS, TR200 a TR210.[/elx_heading][vc_empty_space][/vc_column][/vc_row][vc_row][vc_column][vc_column_text]Můžete se vydat cestou výběru podle zpracovávaného druhu zeleniny nebo zjistit, který disk je vhodný podle tvaru a provedení pro ten který druh zeleniny [&hellip;]

Electrolux Professional Česká republika
