{"id":1604,"date":"2017-02-20T19:58:18","date_gmt":"2017-02-20T18:58:18","guid":{"rendered":"https:\/\/www.electroluxprofessional.com\/cz\/?page_id=1604"},"modified":"2024-07-01T12:55:58","modified_gmt":"2024-07-01T12:55:58","slug":"food-preparation-2","status":"publish","type":"page","link":"https:\/\/www.electroluxprofessional.com\/cz\/food-preparation-2\/","title":{"rendered":"Dynamick\u00e1 p\u0159\u00edpravna"},"content":{"rendered":"<p>[vc_row full_width=&#8221;electroluxpro-full-width-no-padding&#8221;][vc_column][elx_hero_slider label_text_color=&#8221;inherit&#8221; images=&#8221;271&#8243;][elx_heading font_container=&#8221;h1&#8243; font_size=&#8221;h2&#8243; text_color=&#8221;inherit&#8221;]Za\u0159\u00edzen\u00ed pro dynamickou p\u0159\u00edpravnu[\/elx_heading][vc_column_text]Kvalita, rychlost,<br \/>\nspolehlivost a v\u00fdkon[\/vc_column_text][\/elx_hero_slider][\/vc_column][\/vc_row][vc_row][vc_column][vc_empty_space][\/vc_column][\/vc_row][vc_row][vc_column][vc_column_text]Chcete prov\u00e1d\u011bt tyto \u010dinnosti <strong>efektivn\u011b a rychle<\/strong> p\u0159i zachov\u00e1n\u00ed vynikaj\u00edc\u00ed kvality a v\u00fdjime\u010dn\u00e9ho v\u00fdkonu?<\/p>\n<p>Pak je <strong>nab\u00eddka za\u0159\u00edzen\u00ed dynamick\u00e9 p\u0159\u00edpravy<\/strong> p\u0159esn\u011b t\u00edm, co V\u00e1m zaru\u010d\u00ed kvalitu, rychlost a v\u00fdkon.<\/p>\n<p>Pus\u0165te se to toho a u\u017eijte si s Electroluxem dynamick\u00fd zp\u016fsob va\u0159en\u00ed, kde nic nebr\u00e1n\u00ed Va\u0161\u00ed kulin\u00e1\u0159sk\u00e9 kreativit\u011b.[\/vc_column_text][vc_empty_space][vc_column_text]Konstrukce za\u0159\u00edzen\u00ed mysl\u00ed na <strong>rychl\u00e9 a snadn\u00e9 \u010di\u0161t\u011bn\u00ed<\/strong>.<\/p>\n<p>V\u011bt\u0161inu\u00a0\u010d\u00e1st\u00ed p\u0159ich\u00e1zej\u00edc\u00edch do styku s potravinami lze snadno\u00a0 demontovat a <strong>um\u00fdvat v my\u010dce n\u00e1dob\u00ed<\/strong> .[\/vc_column_text][\/vc_column][\/vc_row][vc_row][vc_column width=&#8221;1\/3&#8243;][elx_button button_text=&#8221;&#8230;v\u00edce o &#8220;Kutry, kr\u00e1je\u010de, mixery&#8220;&#8221; button_style=&#8221;icon&#8221; button_link=&#8221;url:https%3A%2F%2Fprofessional.electrolux.cz%2Fcommercial-kitchen-equipment%2Fcut-mix-slice%2F|title:Dynamick%C3%A1%20p%C5%99%C3%ADprava%20-%20kutry%2C%20kr%C3%A1je%C4%8De%2C%20mixery||&#8221;][\/vc_column][vc_column width=&#8221;1\/3&#8243;][elx_button button_text=&#8221;Pr\u016fvodce v\u00fdb\u011brem disk\u016f&#8221; button_style=&#8221;icon&#8221; button_link=&#8221;url:https%3A%2F%2Fprofessional.electrolux.cz%2Fcommercial-kitchen-equipment%2Fcut-mix-slice%2Fcutting-disc-selection-guide%2F|title:Pr%C5%AFvodce%20v%C3%BDb%C4%9Brem%20disk%C5%AF||&#8221;][\/vc_column][vc_column width=&#8221;1\/3&#8243;][\/vc_column][\/vc_row][vc_row][vc_column][vc_empty_space height=&#8221;50px&#8221;][vc_column_text]<\/p>\n<p>[\/vc_column_text][elx_heading text_color=&#8221;inherit&#8221;]Chcete se dozv\u011bd\u011bt v\u00edce? Napi\u0161te n\u00e1m.[\/elx_heading][elx_o2000_contact_us s=&#8221;Po\u017eadavek z webov\u00fdch str\u00e1nek&#8221; country=&#8221;Czech Republic&#8221; container=&#8221;elxcontactus1497376426&#8243; r=&#8221;M\u00edsto pro va\u0161i zpr\u00e1vu&#8230;&#8221; l=&#8221;cz&#8221;][\/vc_column][\/vc_row]<\/p>\n","protected":false},"excerpt":{"rendered":"<p>[vc_row full_width=&#8221;electroluxpro-full-width-no-padding&#8221;][vc_column][elx_hero_slider label_text_color=&#8221;inherit&#8221; images=&#8221;271&#8243;][elx_heading font_container=&#8221;h1&#8243; font_size=&#8221;h2&#8243; text_color=&#8221;inherit&#8221;]Za\u0159\u00edzen\u00ed pro dynamickou p\u0159\u00edpravnu[\/elx_heading][vc_column_text]Kvalita, rychlost, spolehlivost a v\u00fdkon[\/vc_column_text][\/elx_hero_slider][\/vc_column][\/vc_row][vc_row][vc_column][vc_empty_space][\/vc_column][\/vc_row][vc_row][vc_column][vc_column_text]Chcete prov\u00e1d\u011bt tyto \u010dinnosti efektivn\u011b a rychle p\u0159i zachov\u00e1n\u00ed vynikaj\u00edc\u00ed kvality a v\u00fdjime\u010dn\u00e9ho v\u00fdkonu? Pak je nab\u00eddka za\u0159\u00edzen\u00ed dynamick\u00e9 p\u0159\u00edpravy p\u0159esn\u011b t\u00edm, co V\u00e1m zaru\u010d\u00ed kvalitu, rychlost a v\u00fdkon. Pus\u0165te se to toho a u\u017eijte si s Electroluxem dynamick\u00fd zp\u016fsob va\u0159en\u00ed, kde [&hellip;]<\/p>\n","protected":false},"author":3,"featured_media":0,"parent":0,"menu_order":0,"comment_status":"closed","ping_status":"closed","template":"","meta":{"footnotes":""},"class_list":["post-1604","page","type-page","status-publish","hentry"],"acf":[],"yoast_head":"<!-- This site is optimized with the Yoast SEO plugin v23.3 - https:\/\/yoast.com\/wordpress\/plugins\/seo\/ -->\n<title>Dynamick\u00e1 p\u0159\u00edpravna - Electrolux Professional \u010cesk\u00e1 republika<\/title>\n<meta name=\"robots\" content=\"index, follow, max-snippet:-1, max-image-preview:large, max-video-preview:-1\" \/>\n<link rel=\"canonical\" href=\"https:\/\/www.electroluxprofessional.com\/cz\/food-preparation-2\/\" \/>\n<meta property=\"og:locale\" content=\"cs_CZ\" \/>\n<meta property=\"og:type\" content=\"article\" \/>\n<meta property=\"og:title\" content=\"Dynamick\u00e1 p\u0159\u00edpravna - Electrolux Professional \u010cesk\u00e1 republika\" \/>\n<meta property=\"og:description\" content=\"[vc_row full_width=&#8221;electroluxpro-full-width-no-padding&#8221;][vc_column][elx_hero_slider label_text_color=&#8221;inherit&#8221; images=&#8221;271&#8243;][elx_heading font_container=&#8221;h1&#8243; font_size=&#8221;h2&#8243; text_color=&#8221;inherit&#8221;]Za\u0159\u00edzen\u00ed pro dynamickou p\u0159\u00edpravnu[\/elx_heading][vc_column_text]Kvalita, rychlost, spolehlivost a v\u00fdkon[\/vc_column_text][\/elx_hero_slider][\/vc_column][\/vc_row][vc_row][vc_column][vc_empty_space][\/vc_column][\/vc_row][vc_row][vc_column][vc_column_text]Chcete prov\u00e1d\u011bt tyto \u010dinnosti efektivn\u011b a rychle p\u0159i zachov\u00e1n\u00ed vynikaj\u00edc\u00ed kvality a v\u00fdjime\u010dn\u00e9ho v\u00fdkonu? Pak je nab\u00eddka za\u0159\u00edzen\u00ed dynamick\u00e9 p\u0159\u00edpravy p\u0159esn\u011b t\u00edm, co V\u00e1m zaru\u010d\u00ed kvalitu, rychlost a v\u00fdkon. Pus\u0165te se to toho a u\u017eijte si s Electroluxem dynamick\u00fd zp\u016fsob va\u0159en\u00ed, kde [&hellip;]\" \/>\n<meta property=\"og:url\" content=\"https:\/\/www.electroluxprofessional.com\/cz\/food-preparation-2\/\" \/>\n<meta property=\"og:site_name\" content=\"Electrolux Professional \u010cesk\u00e1 republika\" \/>\n<meta property=\"article:publisher\" content=\"https:\/\/www.facebook.com\/electroluxprofessional\" \/>\n<meta property=\"article:modified_time\" content=\"2024-07-01T12:55:58+00:00\" \/>\n<meta name=\"twitter:card\" content=\"summary_large_image\" \/>\n<meta name=\"twitter:site\" content=\"@ElectroluxPro\" \/>\n<meta name=\"twitter:label1\" content=\"Odhadovan\u00e1 doba \u010dten\u00ed\" \/>\n\t<meta name=\"twitter:data1\" content=\"2 minuty\" \/>\n<script type=\"application\/ld+json\" class=\"yoast-schema-graph\">{\"@context\":\"https:\/\/schema.org\",\"@graph\":[{\"@type\":\"WebPage\",\"@id\":\"https:\/\/www.electroluxprofessional.com\/cz\/food-preparation-2\/\",\"url\":\"https:\/\/www.electroluxprofessional.com\/cz\/food-preparation-2\/\",\"name\":\"Dynamick\u00e1 p\u0159\u00edpravna - Electrolux Professional \u010cesk\u00e1 republika\",\"isPartOf\":{\"@id\":\"https:\/\/www.electroluxprofessional.com\/cz\/#website\"},\"datePublished\":\"2017-02-20T18:58:18+00:00\",\"dateModified\":\"2024-07-01T12:55:58+00:00\",\"breadcrumb\":{\"@id\":\"https:\/\/www.electroluxprofessional.com\/cz\/food-preparation-2\/#breadcrumb\"},\"inLanguage\":\"cs\",\"potentialAction\":[{\"@type\":\"ReadAction\",\"target\":[\"https:\/\/www.electroluxprofessional.com\/cz\/food-preparation-2\/\"]}]},{\"@type\":\"BreadcrumbList\",\"@id\":\"https:\/\/www.electroluxprofessional.com\/cz\/food-preparation-2\/#breadcrumb\",\"itemListElement\":[{\"@type\":\"ListItem\",\"position\":1,\"name\":\"Home\",\"item\":\"https:\/\/www.electroluxprofessional.com\/cz\/\"},{\"@type\":\"ListItem\",\"position\":2,\"name\":\"Dynamick\u00e1 p\u0159\u00edpravna\"}]},{\"@type\":\"WebSite\",\"@id\":\"https:\/\/www.electroluxprofessional.com\/cz\/#website\",\"url\":\"https:\/\/www.electroluxprofessional.com\/cz\/\",\"name\":\"Electrolux Professional \u010cesk\u00e1 republika\",\"description\":\"\",\"potentialAction\":[{\"@type\":\"SearchAction\",\"target\":{\"@type\":\"EntryPoint\",\"urlTemplate\":\"https:\/\/www.electroluxprofessional.com\/cz\/?src={search_term_string}\"},\"query-input\":\"required name=search_term_string\"}],\"inLanguage\":\"cs\"}]}<\/script>\n<!-- \/ Yoast SEO plugin. -->","yoast_head_json":{"title":"Dynamick\u00e1 p\u0159\u00edpravna - Electrolux Professional \u010cesk\u00e1 republika","robots":{"index":"index","follow":"follow","max-snippet":"max-snippet:-1","max-image-preview":"max-image-preview:large","max-video-preview":"max-video-preview:-1"},"canonical":"https:\/\/www.electroluxprofessional.com\/cz\/food-preparation-2\/","og_locale":"cs_CZ","og_type":"article","og_title":"Dynamick\u00e1 p\u0159\u00edpravna - Electrolux Professional \u010cesk\u00e1 republika","og_description":"[vc_row full_width=&#8221;electroluxpro-full-width-no-padding&#8221;][vc_column][elx_hero_slider label_text_color=&#8221;inherit&#8221; images=&#8221;271&#8243;][elx_heading font_container=&#8221;h1&#8243; font_size=&#8221;h2&#8243; text_color=&#8221;inherit&#8221;]Za\u0159\u00edzen\u00ed pro dynamickou p\u0159\u00edpravnu[\/elx_heading][vc_column_text]Kvalita, rychlost, spolehlivost a v\u00fdkon[\/vc_column_text][\/elx_hero_slider][\/vc_column][\/vc_row][vc_row][vc_column][vc_empty_space][\/vc_column][\/vc_row][vc_row][vc_column][vc_column_text]Chcete prov\u00e1d\u011bt tyto \u010dinnosti efektivn\u011b a rychle p\u0159i zachov\u00e1n\u00ed vynikaj\u00edc\u00ed kvality a v\u00fdjime\u010dn\u00e9ho v\u00fdkonu? Pak je nab\u00eddka za\u0159\u00edzen\u00ed dynamick\u00e9 p\u0159\u00edpravy p\u0159esn\u011b t\u00edm, co V\u00e1m zaru\u010d\u00ed kvalitu, rychlost a v\u00fdkon. Pus\u0165te se to toho a u\u017eijte si s Electroluxem dynamick\u00fd zp\u016fsob va\u0159en\u00ed, kde [&hellip;]","og_url":"https:\/\/www.electroluxprofessional.com\/cz\/food-preparation-2\/","og_site_name":"Electrolux Professional \u010cesk\u00e1 republika","article_publisher":"https:\/\/www.facebook.com\/electroluxprofessional","article_modified_time":"2024-07-01T12:55:58+00:00","twitter_card":"summary_large_image","twitter_site":"@ElectroluxPro","twitter_misc":{"Odhadovan\u00e1 doba \u010dten\u00ed":"2 minuty"},"schema":{"@context":"https:\/\/schema.org","@graph":[{"@type":"WebPage","@id":"https:\/\/www.electroluxprofessional.com\/cz\/food-preparation-2\/","url":"https:\/\/www.electroluxprofessional.com\/cz\/food-preparation-2\/","name":"Dynamick\u00e1 p\u0159\u00edpravna - Electrolux Professional \u010cesk\u00e1 republika","isPartOf":{"@id":"https:\/\/www.electroluxprofessional.com\/cz\/#website"},"datePublished":"2017-02-20T18:58:18+00:00","dateModified":"2024-07-01T12:55:58+00:00","breadcrumb":{"@id":"https:\/\/www.electroluxprofessional.com\/cz\/food-preparation-2\/#breadcrumb"},"inLanguage":"cs","potentialAction":[{"@type":"ReadAction","target":["https:\/\/www.electroluxprofessional.com\/cz\/food-preparation-2\/"]}]},{"@type":"BreadcrumbList","@id":"https:\/\/www.electroluxprofessional.com\/cz\/food-preparation-2\/#breadcrumb","itemListElement":[{"@type":"ListItem","position":1,"name":"Home","item":"https:\/\/www.electroluxprofessional.com\/cz\/"},{"@type":"ListItem","position":2,"name":"Dynamick\u00e1 p\u0159\u00edpravna"}]},{"@type":"WebSite","@id":"https:\/\/www.electroluxprofessional.com\/cz\/#website","url":"https:\/\/www.electroluxprofessional.com\/cz\/","name":"Electrolux Professional \u010cesk\u00e1 republika","description":"","potentialAction":[{"@type":"SearchAction","target":{"@type":"EntryPoint","urlTemplate":"https:\/\/www.electroluxprofessional.com\/cz\/?src={search_term_string}"},"query-input":"required name=search_term_string"}],"inLanguage":"cs"}]}},"_links":{"self":[{"href":"https:\/\/www.electroluxprofessional.com\/cz\/wp-json\/wp\/v2\/pages\/1604"}],"collection":[{"href":"https:\/\/www.electroluxprofessional.com\/cz\/wp-json\/wp\/v2\/pages"}],"about":[{"href":"https:\/\/www.electroluxprofessional.com\/cz\/wp-json\/wp\/v2\/types\/page"}],"author":[{"embeddable":true,"href":"https:\/\/www.electroluxprofessional.com\/cz\/wp-json\/wp\/v2\/users\/3"}],"replies":[{"embeddable":true,"href":"https:\/\/www.electroluxprofessional.com\/cz\/wp-json\/wp\/v2\/comments?post=1604"}],"version-history":[{"count":10,"href":"https:\/\/www.electroluxprofessional.com\/cz\/wp-json\/wp\/v2\/pages\/1604\/revisions"}],"predecessor-version":[{"id":12324,"href":"https:\/\/www.electroluxprofessional.com\/cz\/wp-json\/wp\/v2\/pages\/1604\/revisions\/12324"}],"wp:attachment":[{"href":"https:\/\/www.electroluxprofessional.com\/cz\/wp-json\/wp\/v2\/media?parent=1604"}],"curies":[{"name":"wp","href":"https:\/\/api.w.org\/{rel}","templated":true}]}}

Dynamická přípravna

<p>[vc_row full_width=&#8221;electroluxpro-full-width-no-padding&#8221;][vc_column][elx_hero_slider label_text_color=&#8221;inherit&#8221; images=&#8221;271&#8243;][elx_heading font_container=&#8221;h1&#8243; font_size=&#8221;h2&#8243; text_color=&#8221;inherit&#8221;]Zařízení pro dynamickou přípravnu[/elx_heading][vc_column_text]Kvalita, rychlost,<br />
spolehlivost a výkon[/vc_column_text][/elx_hero_slider][/vc_column][/vc_row][vc_row][vc_column][vc_empty_space][/vc_column][/vc_row][vc_row][vc_column][vc_column_text]Chcete provádět tyto činnosti <strong>efektivně a rychle</strong> při zachování vynikající kvality a výjimečného výkonu?</p>
<p>Pak je <strong>nabídka zařízení dynamické přípravy</strong> přesně tím, co Vám zaručí kvalitu, rychlost a výkon.</p>
<p>Pusťte se to toho a užijte si s Electroluxem dynamický způsob vaření, kde nic nebrání Vaší kulinářské kreativitě.[/vc_column_text][vc_empty_space][vc_column_text]Konstrukce zařízení myslí na <strong>rychlé a snadné čištění</strong>.</p>
<p>Většinu částí přicházejících do styku s potravinami lze snadno  demontovat a <strong>umývat v myčce nádobí</strong> .[/vc_column_text][/vc_column][/vc_row][vc_row][vc_column width=&#8221;1/3&#8243;][elx_button button_text=&#8221;&#8230;více o &#8220;Kutry, kráječe, mixery&#8220;&#8221; button_style=&#8221;icon&#8221; button_link=&#8221;url:https%3A%2F%2Fprofessional.electrolux.cz%2Fcommercial-kitchen-equipment%2Fcut-mix-slice%2F|title:Dynamick%C3%A1%20p%C5%99%C3%ADprava%20-%20kutry%2C%20kr%C3%A1je%C4%8De%2C%20mixery||&#8221;][/vc_column][vc_column width=&#8221;1/3&#8243;][elx_button button_text=&#8221;Průvodce výběrem disků&#8221; button_style=&#8221;icon&#8221; button_link=&#8221;url:https%3A%2F%2Fprofessional.electrolux.cz%2Fcommercial-kitchen-equipment%2Fcut-mix-slice%2Fcutting-disc-selection-guide%2F|title:Pr%C5%AFvodce%20v%C3%BDb%C4%9Brem%20disk%C5%AF||&#8221;][/vc_column][vc_column width=&#8221;1/3&#8243;][/vc_column][/vc_row][vc_row][vc_column][vc_empty_space height=&#8221;50px&#8221;][vc_column_text]</p>
<p>[/vc_column_text][elx_heading text_color=&#8221;inherit&#8221;]Chcete se dozvědět více? Napište nám.[/elx_heading][elx_o2000_contact_us s=&#8221;Požadavek z webových stránek&#8221; country=&#8221;Czech Republic&#8221; container=&#8221;elxcontactus1497376426&#8243; r=&#8221;Místo pro vaši zprávu&#8230;&#8221; l=&#8221;cz&#8221;][/vc_column][/vc_row]</p>

<p>[vc_row full_width=&#8221;electroluxpro-full-width-no-padding&#8221;][vc_column][elx_hero_slider label_text_color=&#8221;inherit&#8221; images=&#8221;271&#8243;][elx_heading font_container=&#8221;h1&#8243; font_size=&#8221;h2&#8243; text_color=&#8221;inherit&#8221;]Zařízení pro dynamickou přípravnu[/elx_heading][vc_column_text]Kvalita, rychlost, spolehlivost a výkon[/vc_column_text][/elx_hero_slider][/vc_column][/vc_row][vc_row][vc_column][vc_empty_space][/vc_column][/vc_row][vc_row][vc_column][vc_column_text]Chcete provádět tyto činnosti efektivně a rychle při zachování vynikající kvality a výjimečného výkonu? Pak je nabídka zařízení dynamické přípravy přesně tím, co Vám zaručí kvalitu, rychlost a výkon. Pusťte se to toho a užijte si s Electroluxem dynamický způsob vaření, kde [&hellip;]</p>

<!-- This site is optimized with the Yoast SEO plugin v23.3 - https://yoast.com/wordpress/plugins/seo/ -->
<title>Dynamická přípravna - Electrolux Professional Česká republika</title>
<meta name="robots" content="index, follow, max-snippet:-1, max-image-preview:large, max-video-preview:-1" />
<link rel="canonical" href="https://www.electroluxprofessional.com/cz/food-preparation-2/" />
<meta property="og:locale" content="cs_CZ" />
<meta property="og:type" content="article" />
<meta property="og:title" content="Dynamická přípravna - Electrolux Professional Česká republika" />
<meta property="og:description" content="[vc_row full_width=&#8221;electroluxpro-full-width-no-padding&#8221;][vc_column][elx_hero_slider label_text_color=&#8221;inherit&#8221; images=&#8221;271&#8243;][elx_heading font_container=&#8221;h1&#8243; font_size=&#8221;h2&#8243; text_color=&#8221;inherit&#8221;]Zařízení pro dynamickou přípravnu[/elx_heading][vc_column_text]Kvalita, rychlost, spolehlivost a výkon[/vc_column_text][/elx_hero_slider][/vc_column][/vc_row][vc_row][vc_column][vc_empty_space][/vc_column][/vc_row][vc_row][vc_column][vc_column_text]Chcete provádět tyto činnosti efektivně a rychle při zachování vynikající kvality a výjimečného výkonu? Pak je nabídka zařízení dynamické přípravy přesně tím, co Vám zaručí kvalitu, rychlost a výkon. Pusťte se to toho a užijte si s Electroluxem dynamický způsob vaření, kde [&hellip;]" />
<meta property="og:url" content="https://www.electroluxprofessional.com/cz/food-preparation-2/" />
<meta property="og:site_name" content="Electrolux Professional Česká republika" />
<meta property="article:publisher" content="https://www.facebook.com/electroluxprofessional" />
<meta property="article:modified_time" content="2024-07-01T12:55:58+00:00" />
<meta name="twitter:card" content="summary_large_image" />
<meta name="twitter:site" content="@ElectroluxPro" />
<meta name="twitter:label1" content="Odhadovaná doba čtení" />
	<meta name="twitter:data1" content="2 minuty" />
<script type="application/ld+json" class="yoast-schema-graph">{"@context":"https://schema.org","@graph":[{"@type":"WebPage","@id":"https://www.electroluxprofessional.com/cz/food-preparation-2/","url":"https://www.electroluxprofessional.com/cz/food-preparation-2/","name":"Dynamická přípravna - Electrolux Professional Česká republika","isPartOf":{"@id":"https://www.electroluxprofessional.com/cz/#website"},"datePublished":"2017-02-20T18:58:18+00:00","dateModified":"2024-07-01T12:55:58+00:00","breadcrumb":{"@id":"https://www.electroluxprofessional.com/cz/food-preparation-2/#breadcrumb"},"inLanguage":"cs","potentialAction":[{"@type":"ReadAction","target":["https://www.electroluxprofessional.com/cz/food-preparation-2/"]}]},{"@type":"BreadcrumbList","@id":"https://www.electroluxprofessional.com/cz/food-preparation-2/#breadcrumb","itemListElement":[{"@type":"ListItem","position":1,"name":"Home","item":"https://www.electroluxprofessional.com/cz/"},{"@type":"ListItem","position":2,"name":"Dynamická přípravna"}]},{"@type":"WebSite","@id":"https://www.electroluxprofessional.com/cz/#website","url":"https://www.electroluxprofessional.com/cz/","name":"Electrolux Professional Česká republika","description":"","potentialAction":[{"@type":"SearchAction","target":{"@type":"EntryPoint","urlTemplate":"https://www.electroluxprofessional.com/cz/?src={search_term_string}"},"query-input":"required name=search_term_string"}],"inLanguage":"cs"}]}</script>
<!-- / Yoast SEO plugin. -->

Dynamická přípravna - Electrolux Professional Česká republika

[vc_row full_width=&#8221;electroluxpro-full-width-no-padding&#8221;][vc_column][elx_hero_slider label_text_color=&#8221;inherit&#8221; images=&#8221;271&#8243;][elx_heading font_container=&#8221;h1&#8243; font_size=&#8221;h2&#8243; text_color=&#8221;inherit&#8221;]Zařízení pro dynamickou přípravnu[/elx_heading][vc_column_text]Kvalita, rychlost, spolehlivost a výkon[/vc_column_text][/elx_hero_slider][/vc_column][/vc_row][vc_row][vc_column][vc_empty_space][/vc_column][/vc_row][vc_row][vc_column][vc_column_text]Chcete provádět tyto činnosti efektivně a rychle při zachování vynikající kvality a výjimečného výkonu? Pak je nabídka zařízení dynamické přípravy přesně tím, co Vám zaručí kvalitu, rychlost a výkon. Pusťte se to toho a užijte si s Electroluxem dynamický způsob vaření, kde [&hellip;]

Electrolux Professional Česká republika
