{"version":"1.0","provider_name":"Electrolux Professional \u010cesk\u00e1 republika","provider_url":"https:\/\/www.electroluxprofessional.com\/cz","title":"Vegetari\u00e1nsk\u00e1 a vegansk\u00e1 kuchyn\u011b - Electrolux Professional \u010cesk\u00e1 republika","type":"rich","width":600,"height":338,"html":"<blockquote class=\"wp-embedded-content\" data-secret=\"aNDI8VJNff\"><a href=\"https:\/\/www.electroluxprofessional.com\/cz\/seminars\/vegeterian-and-vegan-cuisine\/\">Vegetari\u00e1nsk\u00e1 a vegansk\u00e1 kuchyn\u011b<\/a><\/blockquote><iframe sandbox=\"allow-scripts\" security=\"restricted\" src=\"https:\/\/www.electroluxprofessional.com\/cz\/seminars\/vegeterian-and-vegan-cuisine\/embed\/#?secret=aNDI8VJNff\" width=\"600\" height=\"338\" title=\"&#8222;Vegetari\u00e1nsk\u00e1 a vegansk\u00e1 kuchyn\u011b&#8220; &#8212; Electrolux Professional \u010cesk\u00e1 republika\" data-secret=\"aNDI8VJNff\" frameborder=\"0\" marginwidth=\"0\" marginheight=\"0\" scrolling=\"no\" class=\"wp-embedded-content\"><\/iframe><script type=\"text\/javascript\">\n\/* <![CDATA[ *\/\n\/*! This file is auto-generated *\/\n!function(d,l){\"use strict\";l.querySelector&&d.addEventListener&&\"undefined\"!=typeof URL&&(d.wp=d.wp||{},d.wp.receiveEmbedMessage||(d.wp.receiveEmbedMessage=function(e){var t=e.data;if((t||t.secret||t.message||t.value)&&!\/[^a-zA-Z0-9]\/.test(t.secret)){for(var s,r,n,a=l.querySelectorAll('iframe[data-secret=\"'+t.secret+'\"]'),o=l.querySelectorAll('blockquote[data-secret=\"'+t.secret+'\"]'),c=new RegExp(\"^https?:$\",\"i\"),i=0;i<o.length;i++)o[i].style.display=\"none\";for(i=0;i<a.length;i++)s=a[i],e.source===s.contentWindow&&(s.removeAttribute(\"style\"),\"height\"===t.message?(1e3<(r=parseInt(t.value,10))?r=1e3:~~r<200&&(r=200),s.height=r):\"link\"===t.message&&(r=new URL(s.getAttribute(\"src\")),n=new URL(t.value),c.test(n.protocol))&&n.host===r.host&&l.activeElement===s&&(d.top.location.href=t.value))}},d.addEventListener(\"message\",d.wp.receiveEmbedMessage,!1),l.addEventListener(\"DOMContentLoaded\",function(){for(var e,t,s=l.querySelectorAll(\"iframe.wp-embedded-content\"),r=0;r<s.length;r++)(t=(e=s[r]).getAttribute(\"data-secret\"))||(t=Math.random().toString(36).substring(2,12),e.src+=\"#?secret=\"+t,e.setAttribute(\"data-secret\",t)),e.contentWindow.postMessage({message:\"ready\",secret:t},\"*\")},!1)))}(window,document);\n\/* ]]> *\/\n<\/script>\n","thumbnail_url":"https:\/\/www.electroluxprofessional.com\/cz\/wp-content\/uploads\/2018\/12\/chef-hub-seminar-vegan-banner-2000x350.jpg","thumbnail_width":2000,"thumbnail_height":350,"description":"[vc_row full_width=&#8221;electroluxpro-full-width-no-padding&#8221;][vc_column][elx_image_block background_image=&#8221;5324&#8243; minimum_height=&#8221;350px&#8221;][\/vc_column][\/vc_row][vc_row][vc_column][elx_heading font_container=&#8221;h1&#8243; font_size=&#8221;h3&#8243; text_color=&#8221;inherit&#8221;]Vegetarian and vegan cuisine[\/elx_heading][vc_empty_space][vc_column_text]Z\u00e1klad vegetari\u00e1nsk\u00e9 a vegansk\u00e9 kuchyn\u011b, nastupuj\u00edc\u00ed fenom\u00e9n, ilustruje \u0161\u00e9fkucha\u0159 Pietro Leeman (1 hv\u011bzdi\u010dka Michelin). Objevov\u00e1n\u00ed v\u011bdom\u00e9 kuchyn\u011b, kde se j\u00eddlo \u017eije jak ve fyzick\u00e9m, tak v etick\u00e9m rozm\u011bru.[\/vc_column_text][vc_column_text]Designed for: restaurants and hotels Equipment in use: air-o-steam Touchline combi ovens, air-o-chill blast chiller, cutter mixer TRK, Vacuum [&hellip;]"}

Electrolux Professional Česká republika

Vegetariánská a veganská kuchyně - Electrolux Professional Česká republika

<blockquote class="wp-embedded-content" data-secret="aNDI8VJNff"><a href="https://www.electroluxprofessional.com/cz/seminars/vegeterian-and-vegan-cuisine/">Vegetariánská a veganská kuchyně</a></blockquote><iframe sandbox="allow-scripts" security="restricted" src="https://www.electroluxprofessional.com/cz/seminars/vegeterian-and-vegan-cuisine/embed/#?secret=aNDI8VJNff" width="600" height="338" title="&#8222;Vegetariánská a veganská kuchyně&#8220; &#8212; Electrolux Professional Česká republika" data-secret="aNDI8VJNff" frameborder="0" marginwidth="0" marginheight="0" scrolling="no" class="wp-embedded-content"></iframe><script type="text/javascript">
/* <![CDATA[ */
/*! This file is auto-generated */
!function(d,l){"use strict";l.querySelector&&d.addEventListener&&"undefined"!=typeof URL&&(d.wp=d.wp||{},d.wp.receiveEmbedMessage||(d.wp.receiveEmbedMessage=function(e){var t=e.data;if((t||t.secret||t.message||t.value)&&!/[^a-zA-Z0-9]/.test(t.secret)){for(var s,r,n,a=l.querySelectorAll('iframe[data-secret="'+t.secret+'"]'),o=l.querySelectorAll('blockquote[data-secret="'+t.secret+'"]'),c=new RegExp("^https?:$","i"),i=0;i<o.length;i++)o[i].style.display="none";for(i=0;i<a.length;i++)s=a[i],e.source===s.contentWindow&&(s.removeAttribute("style"),"height"===t.message?(1e3<(r=parseInt(t.value,10))?r=1e3:~~r<200&&(r=200),s.height=r):"link"===t.message&&(r=new URL(s.getAttribute("src")),n=new URL(t.value),c.test(n.protocol))&&n.host===r.host&&l.activeElement===s&&(d.top.location.href=t.value))}},d.addEventListener("message",d.wp.receiveEmbedMessage,!1),l.addEventListener("DOMContentLoaded",function(){for(var e,t,s=l.querySelectorAll("iframe.wp-embedded-content"),r=0;r<s.length;r++)(t=(e=s[r]).getAttribute("data-secret"))||(t=Math.random().toString(36).substring(2,12),e.src+="#?secret="+t,e.setAttribute("data-secret",t)),e.contentWindow.postMessage({message:"ready",secret:t},"*")},!1)))}(window,document);
/* ]]> */
</script>

[vc_row full_width=&#8221;electroluxpro-full-width-no-padding&#8221;][vc_column][elx_image_block background_image=&#8221;5324&#8243; minimum_height=&#8221;350px&#8221;][/vc_column][/vc_row][vc_row][vc_column][elx_heading font_container=&#8221;h1&#8243; font_size=&#8221;h3&#8243; text_color=&#8221;inherit&#8221;]Vegetarian and vegan cuisine[/elx_heading][vc_empty_space][vc_column_text]Základ vegetariánské a veganské kuchyně, nastupující fenomén, ilustruje šéfkuchař Pietro Leeman (1 hvězdička Michelin). Objevování vědomé kuchyně, kde se jídlo žije jak ve fyzickém, tak v etickém rozměru.[/vc_column_text][vc_column_text]Designed for: restaurants and hotels Equipment in use: air-o-steam Touchline combi ovens, air-o-chill blast chiller, cutter mixer TRK, Vacuum [&hellip;]
