{"version":"1.0","provider_name":"Electrolux Professional \u010cesk\u00e1 republika","provider_url":"https:\/\/www.electroluxprofessional.com\/cz","title":"Semin\u00e1\u0159e Electrolux Professional & CzechChefs - Electrolux Professional \u010cesk\u00e1 republika","type":"rich","width":600,"height":338,"html":"<blockquote class=\"wp-embedded-content\" data-secret=\"MDJm9Z8BNv\"><a href=\"https:\/\/www.electroluxprofessional.com\/cz\/pro-kuchare\/seminare_electrolux_czechchefs_cz\/\">Semin\u00e1\u0159e Electrolux Professional &#038; CzechChefs<\/a><\/blockquote><iframe sandbox=\"allow-scripts\" security=\"restricted\" src=\"https:\/\/www.electroluxprofessional.com\/cz\/pro-kuchare\/seminare_electrolux_czechchefs_cz\/embed\/#?secret=MDJm9Z8BNv\" width=\"600\" height=\"338\" title=\"&#8222;Semin\u00e1\u0159e Electrolux Professional &#038; CzechChefs&#8220; &#8212; Electrolux Professional \u010cesk\u00e1 republika\" data-secret=\"MDJm9Z8BNv\" frameborder=\"0\" marginwidth=\"0\" marginheight=\"0\" scrolling=\"no\" class=\"wp-embedded-content\"><\/iframe><script type=\"text\/javascript\">\n\/* <![CDATA[ *\/\n\/*! This file is auto-generated *\/\n!function(d,l){\"use strict\";l.querySelector&&d.addEventListener&&\"undefined\"!=typeof URL&&(d.wp=d.wp||{},d.wp.receiveEmbedMessage||(d.wp.receiveEmbedMessage=function(e){var t=e.data;if((t||t.secret||t.message||t.value)&&!\/[^a-zA-Z0-9]\/.test(t.secret)){for(var s,r,n,a=l.querySelectorAll('iframe[data-secret=\"'+t.secret+'\"]'),o=l.querySelectorAll('blockquote[data-secret=\"'+t.secret+'\"]'),c=new RegExp(\"^https?:$\",\"i\"),i=0;i<o.length;i++)o[i].style.display=\"none\";for(i=0;i<a.length;i++)s=a[i],e.source===s.contentWindow&&(s.removeAttribute(\"style\"),\"height\"===t.message?(1e3<(r=parseInt(t.value,10))?r=1e3:~~r<200&&(r=200),s.height=r):\"link\"===t.message&&(r=new URL(s.getAttribute(\"src\")),n=new URL(t.value),c.test(n.protocol))&&n.host===r.host&&l.activeElement===s&&(d.top.location.href=t.value))}},d.addEventListener(\"message\",d.wp.receiveEmbedMessage,!1),l.addEventListener(\"DOMContentLoaded\",function(){for(var e,t,s=l.querySelectorAll(\"iframe.wp-embedded-content\"),r=0;r<s.length;r++)(t=(e=s[r]).getAttribute(\"data-secret\"))||(t=Math.random().toString(36).substring(2,12),e.src+=\"#?secret=\"+t,e.setAttribute(\"data-secret\",t)),e.contentWindow.postMessage({message:\"ready\",secret:t},\"*\")},!1)))}(window,document);\n\/* ]]> *\/\n<\/script>\n","description":"[vc_row full_width=&#8221;electroluxpro-full-width&#8221;][vc_column][elx_hero_slider label_text_color=&#8221;inherit&#8221; images=&#8221;2281&#8243;][elx_heading font_container=&#8221;h1&#8243; font_size=&#8221;h2&#8243; text_color=&#8221;inherit&#8221;]Odborn\u00e9 praktick\u00e9 semin\u00e1\u0159e[\/elx_heading][\/elx_hero_slider][vc_empty_space][\/vc_column][\/vc_row][vc_row][vc_column][elx_heading text_color=&#8221;inherit&#8221;]Novinky, inspirace, modern\u00ed technologie a postupy[\/elx_heading][vc_empty_space height=&#8221;50&#8243;][\/vc_column][\/vc_row][vc_row][vc_column width=&#8221;2\/3&#8243;][vc_empty_space][vc_column_text]Hled\u00e1te inspiraci, \u010di zp\u016fsob, jak se p\u0159iu\u010dit od t\u011bch nejlep\u0161\u00edch z oboru? Nav\u0161tivte n\u00e1s v Electrolux Professional Center of Excelence v Praze 4 &#8211; Mod\u0159anech. Pod veden\u00edm \u0161pi\u010dkov\u00fdch lektor\u016f z nejlep\u0161\u00edch \u010desk\u00fdch\u00a0restaurac\u00ed a ve spolupr\u00e1ci s t\u00fdmem CzechChefs\u00a0 a [&hellip;]"}

Electrolux Professional Česká republika

Semináře Electrolux Professional & CzechChefs - Electrolux Professional Česká republika

<blockquote class="wp-embedded-content" data-secret="MDJm9Z8BNv"><a href="https://www.electroluxprofessional.com/cz/pro-kuchare/seminare_electrolux_czechchefs_cz/">Semináře Electrolux Professional &#038; CzechChefs</a></blockquote><iframe sandbox="allow-scripts" security="restricted" src="https://www.electroluxprofessional.com/cz/pro-kuchare/seminare_electrolux_czechchefs_cz/embed/#?secret=MDJm9Z8BNv" width="600" height="338" title="&#8222;Semináře Electrolux Professional &#038; CzechChefs&#8220; &#8212; Electrolux Professional Česká republika" data-secret="MDJm9Z8BNv" frameborder="0" marginwidth="0" marginheight="0" scrolling="no" class="wp-embedded-content"></iframe><script type="text/javascript">
/* <![CDATA[ */
/*! This file is auto-generated */
!function(d,l){"use strict";l.querySelector&&d.addEventListener&&"undefined"!=typeof URL&&(d.wp=d.wp||{},d.wp.receiveEmbedMessage||(d.wp.receiveEmbedMessage=function(e){var t=e.data;if((t||t.secret||t.message||t.value)&&!/[^a-zA-Z0-9]/.test(t.secret)){for(var s,r,n,a=l.querySelectorAll('iframe[data-secret="'+t.secret+'"]'),o=l.querySelectorAll('blockquote[data-secret="'+t.secret+'"]'),c=new RegExp("^https?:$","i"),i=0;i<o.length;i++)o[i].style.display="none";for(i=0;i<a.length;i++)s=a[i],e.source===s.contentWindow&&(s.removeAttribute("style"),"height"===t.message?(1e3<(r=parseInt(t.value,10))?r=1e3:~~r<200&&(r=200),s.height=r):"link"===t.message&&(r=new URL(s.getAttribute("src")),n=new URL(t.value),c.test(n.protocol))&&n.host===r.host&&l.activeElement===s&&(d.top.location.href=t.value))}},d.addEventListener("message",d.wp.receiveEmbedMessage,!1),l.addEventListener("DOMContentLoaded",function(){for(var e,t,s=l.querySelectorAll("iframe.wp-embedded-content"),r=0;r<s.length;r++)(t=(e=s[r]).getAttribute("data-secret"))||(t=Math.random().toString(36).substring(2,12),e.src+="#?secret="+t,e.setAttribute("data-secret",t)),e.contentWindow.postMessage({message:"ready",secret:t},"*")},!1)))}(window,document);
/* ]]> */
</script>

[vc_row full_width=&#8221;electroluxpro-full-width&#8221;][vc_column][elx_hero_slider label_text_color=&#8221;inherit&#8221; images=&#8221;2281&#8243;][elx_heading font_container=&#8221;h1&#8243; font_size=&#8221;h2&#8243; text_color=&#8221;inherit&#8221;]Odborné praktické semináře[/elx_heading][/elx_hero_slider][vc_empty_space][/vc_column][/vc_row][vc_row][vc_column][elx_heading text_color=&#8221;inherit&#8221;]Novinky, inspirace, moderní technologie a postupy[/elx_heading][vc_empty_space height=&#8221;50&#8243;][/vc_column][/vc_row][vc_row][vc_column width=&#8221;2/3&#8243;][vc_empty_space][vc_column_text]Hledáte inspiraci, či způsob, jak se přiučit od těch nejlepších z oboru? Navštivte nás v Electrolux Professional Center of Excelence v Praze 4 &#8211; Modřanech. Pod vedením špičkových lektorů z nejlepších českých restaurací a ve spolupráci s týmem CzechChefs  a [&hellip;]
