{"version":"1.0","provider_name":"Electrolux Professional \u010cesk\u00e1 republika","provider_url":"https:\/\/www.electroluxprofessional.com\/cz","title":"P\u0159ehled v\u00fdrobk\u016f Electrolux Professional - technick\u00e9 listy - Electrolux Professional \u010cesk\u00e1 republika","type":"rich","width":600,"height":338,"html":"<blockquote class=\"wp-embedded-content\" data-secret=\"7GOE9KOxVP\"><a href=\"https:\/\/www.electroluxprofessional.com\/cz\/commercial-kitchen-equipment\/technicke-listy-prehled\/\">P\u0159ehled v\u00fdrobk\u016f Electrolux Professional &#8211; technick\u00e9 listy<\/a><\/blockquote><iframe sandbox=\"allow-scripts\" security=\"restricted\" src=\"https:\/\/www.electroluxprofessional.com\/cz\/commercial-kitchen-equipment\/technicke-listy-prehled\/embed\/#?secret=7GOE9KOxVP\" width=\"600\" height=\"338\" title=\"&#8222;P\u0159ehled v\u00fdrobk\u016f Electrolux Professional &#8211; technick\u00e9 listy&#8220; &#8212; Electrolux Professional \u010cesk\u00e1 republika\" data-secret=\"7GOE9KOxVP\" frameborder=\"0\" marginwidth=\"0\" marginheight=\"0\" scrolling=\"no\" class=\"wp-embedded-content\"><\/iframe><script type=\"text\/javascript\">\n\/* <![CDATA[ *\/\n\/*! This file is auto-generated *\/\n!function(d,l){\"use strict\";l.querySelector&&d.addEventListener&&\"undefined\"!=typeof URL&&(d.wp=d.wp||{},d.wp.receiveEmbedMessage||(d.wp.receiveEmbedMessage=function(e){var t=e.data;if((t||t.secret||t.message||t.value)&&!\/[^a-zA-Z0-9]\/.test(t.secret)){for(var s,r,n,a=l.querySelectorAll('iframe[data-secret=\"'+t.secret+'\"]'),o=l.querySelectorAll('blockquote[data-secret=\"'+t.secret+'\"]'),c=new RegExp(\"^https?:$\",\"i\"),i=0;i<o.length;i++)o[i].style.display=\"none\";for(i=0;i<a.length;i++)s=a[i],e.source===s.contentWindow&&(s.removeAttribute(\"style\"),\"height\"===t.message?(1e3<(r=parseInt(t.value,10))?r=1e3:~~r<200&&(r=200),s.height=r):\"link\"===t.message&&(r=new URL(s.getAttribute(\"src\")),n=new URL(t.value),c.test(n.protocol))&&n.host===r.host&&l.activeElement===s&&(d.top.location.href=t.value))}},d.addEventListener(\"message\",d.wp.receiveEmbedMessage,!1),l.addEventListener(\"DOMContentLoaded\",function(){for(var e,t,s=l.querySelectorAll(\"iframe.wp-embedded-content\"),r=0;r<s.length;r++)(t=(e=s[r]).getAttribute(\"data-secret\"))||(t=Math.random().toString(36).substring(2,12),e.src+=\"#?secret=\"+t,e.setAttribute(\"data-secret\",t)),e.contentWindow.postMessage({message:\"ready\",secret:t},\"*\")},!1)))}(window,document);\n\/* ]]> *\/\n<\/script>\n","description":"[vc_row full_width=&#8221;electroluxpro-full-width-no-padding&#8221; disable_element=&#8221;yes&#8221;][vc_column][elx_hero_title label=&#8221;&#8221; label_background_color=&#8221;inherit&#8221; background_image=&#8221;717&#8243;][\/elx_hero_title][\/vc_column][\/vc_row][vc_row][vc_column][elx_heading font_container=&#8221;h1&#8243; font_size=&#8221;h2&#8243; text_color=&#8221;inherit&#8221;] P\u0159ehled v\u00fdrobk\u016f Electrolux Professional &#8211; technick\u00e9 listy [\/elx_heading][vc_column_text] Zvolte si kategorii v\u00fdrobk\u016f a n\u00e1sledn\u011b pomoc\u00ed filtru naleznete podkategorii v\u00fdrobk\u016f nebo konkr\u00e9tn\u00ed v\u00fdrobek. [\/vc_column_text][\/vc_column][\/vc_row][vc_row][vc_column][elx_menu menu_name=&#8221;PAGE &#8211; Technick\u00e9 listy&#8221;][vc_empty_space height=&#8221;50px&#8221;][\/vc_column][\/vc_row][vc_row disable_element=&#8221;yes&#8221;][vc_column width=&#8221;1\/3&#8243;][vc_single_image image=&#8221;972&#8243; img_size=&#8221;300&#215;300&#8243; alignment=&#8221;center&#8221; onclick=&#8221;custom_link&#8221;][elx_button button_text=&#8221;Varn\u00e1 za\u0159\u00edzen\u00ed&#8221; button_style=&#8221;icon&#8221; button_display_block=&#8221;display_block_on&#8221; button_alignment=&#8221;align_center&#8221; button_link=&#8221;url:https%3A%2F%2Fprofessional.electrolux.cz%2Fcommercial-kitchen-equipment%2Ftechnicke-listy-prehled%2Ftechnicke-listy-varna-zarizeni%2F|title:Technick%C3%A9%20listy%20-%20varn%C3%A1%20za%C5%99%C3%ADzen%C3%AD||&#8221;][vc_empty_space][\/vc_column][vc_column width=&#8221;1\/3&#8243;][vc_single_image image=&#8221;1845&#8243; img_size=&#8221;medium&#8221; alignment=&#8221;center&#8221;][elx_button button_text=&#8221;Kotle a [&hellip;]"}

Electrolux Professional Česká republika

Přehled výrobků Electrolux Professional - technické listy - Electrolux Professional Česká republika

<blockquote class="wp-embedded-content" data-secret="7GOE9KOxVP"><a href="https://www.electroluxprofessional.com/cz/commercial-kitchen-equipment/technicke-listy-prehled/">Přehled výrobků Electrolux Professional &#8211; technické listy</a></blockquote><iframe sandbox="allow-scripts" security="restricted" src="https://www.electroluxprofessional.com/cz/commercial-kitchen-equipment/technicke-listy-prehled/embed/#?secret=7GOE9KOxVP" width="600" height="338" title="&#8222;Přehled výrobků Electrolux Professional &#8211; technické listy&#8220; &#8212; Electrolux Professional Česká republika" data-secret="7GOE9KOxVP" frameborder="0" marginwidth="0" marginheight="0" scrolling="no" class="wp-embedded-content"></iframe><script type="text/javascript">
/* <![CDATA[ */
/*! This file is auto-generated */
!function(d,l){"use strict";l.querySelector&&d.addEventListener&&"undefined"!=typeof URL&&(d.wp=d.wp||{},d.wp.receiveEmbedMessage||(d.wp.receiveEmbedMessage=function(e){var t=e.data;if((t||t.secret||t.message||t.value)&&!/[^a-zA-Z0-9]/.test(t.secret)){for(var s,r,n,a=l.querySelectorAll('iframe[data-secret="'+t.secret+'"]'),o=l.querySelectorAll('blockquote[data-secret="'+t.secret+'"]'),c=new RegExp("^https?:$","i"),i=0;i<o.length;i++)o[i].style.display="none";for(i=0;i<a.length;i++)s=a[i],e.source===s.contentWindow&&(s.removeAttribute("style"),"height"===t.message?(1e3<(r=parseInt(t.value,10))?r=1e3:~~r<200&&(r=200),s.height=r):"link"===t.message&&(r=new URL(s.getAttribute("src")),n=new URL(t.value),c.test(n.protocol))&&n.host===r.host&&l.activeElement===s&&(d.top.location.href=t.value))}},d.addEventListener("message",d.wp.receiveEmbedMessage,!1),l.addEventListener("DOMContentLoaded",function(){for(var e,t,s=l.querySelectorAll("iframe.wp-embedded-content"),r=0;r<s.length;r++)(t=(e=s[r]).getAttribute("data-secret"))||(t=Math.random().toString(36).substring(2,12),e.src+="#?secret="+t,e.setAttribute("data-secret",t)),e.contentWindow.postMessage({message:"ready",secret:t},"*")},!1)))}(window,document);
/* ]]> */
</script>

[vc_row full_width=&#8221;electroluxpro-full-width-no-padding&#8221; disable_element=&#8221;yes&#8221;][vc_column][elx_hero_title label=&#8221;&#8221; label_background_color=&#8221;inherit&#8221; background_image=&#8221;717&#8243;][/elx_hero_title][/vc_column][/vc_row][vc_row][vc_column][elx_heading font_container=&#8221;h1&#8243; font_size=&#8221;h2&#8243; text_color=&#8221;inherit&#8221;] Přehled výrobků Electrolux Professional &#8211; technické listy [/elx_heading][vc_column_text] Zvolte si kategorii výrobků a následně pomocí filtru naleznete podkategorii výrobků nebo konkrétní výrobek. [/vc_column_text][/vc_column][/vc_row][vc_row][vc_column][elx_menu menu_name=&#8221;PAGE &#8211; Technické listy&#8221;][vc_empty_space height=&#8221;50px&#8221;][/vc_column][/vc_row][vc_row disable_element=&#8221;yes&#8221;][vc_column width=&#8221;1/3&#8243;][vc_single_image image=&#8221;972&#8243; img_size=&#8221;300&#215;300&#8243; alignment=&#8221;center&#8221; onclick=&#8221;custom_link&#8221;][elx_button button_text=&#8221;Varná zařízení&#8221; button_style=&#8221;icon&#8221; button_display_block=&#8221;display_block_on&#8221; button_alignment=&#8221;align_center&#8221; button_link=&#8221;url:https%3A%2F%2Fprofessional.electrolux.cz%2Fcommercial-kitchen-equipment%2Ftechnicke-listy-prehled%2Ftechnicke-listy-varna-zarizeni%2F|title:Technick%C3%A9%20listy%20-%20varn%C3%A1%20za%C5%99%C3%ADzen%C3%AD||&#8221;][vc_empty_space][/vc_column][vc_column width=&#8221;1/3&#8243;][vc_single_image image=&#8221;1845&#8243; img_size=&#8221;medium&#8221; alignment=&#8221;center&#8221;][elx_button button_text=&#8221;Kotle a [&hellip;]
