{"id":1209,"date":"2016-12-15T15:44:20","date_gmt":"2016-12-15T15:44:20","guid":{"rendered":"https:\/\/www.electroluxprofessional.com\/br\/?page_id=1209"},"modified":"2017-11-16T11:06:45","modified_gmt":"2017-11-16T11:06:45","slug":"suporte-tecnico","status":"publish","type":"page","link":"https:\/\/www.electroluxprofessional.com\/br\/suporte-tecnico\/","title":{"rendered":"Suporte t\u00e9cnico"},"content":{"rendered":"<p>[vc_row full_width=&#8221;electroluxpro-full-width-no-padding&#8221;][vc_column][elx_hero_slider label_text_color=&#8221;inherit&#8221; images=&#8221;717&#8243;][elx_heading font_container=&#8221;h1&#8243; font_size=&#8221;h2&#8243; text_color=&#8221;inherit&#8221;]<strong>Suporte t\u00e9cnico<\/strong>[\/elx_heading][vc_column_text]<\/p>\n<h3>Um servi\u00e7o<br \/>\nglobal \u00fanico<\/h3>\n<p>Mais de 10.000 t\u00e9cnicos especializados em mais de\u00a0149 pa\u00edses.<\/p>\n<p>55.000 pe\u00e7as em estoque.<\/p>\n<p>Disponibilidade de pe\u00e7as sobressalentes durante pelo menos 10 anos a partir do final da produ\u00e7\u00e3o<\/p>\n<p>Envio de pe\u00e7as para todo o mundo em 24 a 48 horas[\/vc_column_text][\/elx_hero_slider][\/vc_column][\/vc_row][vc_row][vc_column][vc_empty_space height=&#8221;50px&#8221;][\/vc_column][\/vc_row][vc_row full_width=&#8221;electroluxpro-full-width-no-padding&#8221; css=&#8221;.vc_custom_1465478787353{background-color: #041e41 !important;}&#8221;][vc_column width=&#8221;1\/2&#8243;][elx_video_block background_image=&#8221;715&#8243; video_link=&#8221;https:\/\/www.youtube.com\/watch?v=KW7kC6-KG44&#8243; minimum_height=&#8221;500px&#8221;][\/vc_column][vc_column width=&#8221;1\/2&#8243;][vc_empty_space height=&#8221;50px&#8221;][elx_simple_block background_color=&#8221;inherit&#8221;][elx_heading font_container=&#8221;h3&#8243; text_color=&#8221;white&#8221;]Sempre perto.<br \/>\nSempre ao seu lado.[\/elx_heading][elx_button button_text=&#8221;Encontre seu ponto de servi\u00e7o e venda&#8221; css=&#8221;.vc_custom_1510830084136{margin-top: 20px !important;}&#8221; button_link=&#8221;url:https%3A%2F%2Fwww.electroluxprofessional.com%2Fbr%2Fpontos-de-venda-e-servico%2F|title:Find%20a%20dealer||&#8221;][\/elx_simple_block][\/vc_column][\/vc_row][vc_row full_width=&#8221;electroluxpro-full-width-no-padding&#8221; equal_height=&#8221;yes&#8221; css=&#8221;.vc_custom_1469780461824{background-color: #f8f6f9 !important;}&#8221;][vc_column width=&#8221;1\/2&#8243;][elx_simple_block background_color=&#8221;inherit&#8221;][elx_heading text_color=&#8221;inherit&#8221;]Mantenha seu equipamento funcionando[\/elx_heading][vc_column_text]Uma manuten\u00e7\u00e3o constante e profissional \u00e9 a chave para evitar problemas inesperados.<\/p>\n<p>N\u00e3o se trata apenas de estar dispon\u00edvel quando voc\u00ea precisa, \u00e9 sobre <strong>estar l\u00e1 mesmo antes que algo aconte\u00e7a<\/strong> e, o mais importante, no momento mais conveniente para o cliente![\/vc_column_text][elx_heading font_container=&#8221;h3&#8243; text_color=&#8221;inherit&#8221;]Manuten\u00e7\u00e3o corretiva[\/elx_heading][vc_column_text]Nossa Rede de Servi\u00e7os Autorizados ajusta qualquer falha no equipamento e retorna \u00e0s suas condi\u00e7\u00f5es normais de opera\u00e7\u00e3o.[\/vc_column_text][elx_heading font_container=&#8221;h3&#8243; text_color=&#8221;inherit&#8221;]Manuten\u00e7\u00e3o preventiva[\/elx_heading][vc_column_text]Inspe\u00e7\u00e3o agendada e ajustes necess\u00e1rios para evitar falhas.[\/vc_column_text][elx_heading font_container=&#8221;h3&#8243; text_color=&#8221;inherit&#8221;]Programa de manuten\u00e7\u00e3o completo[\/elx_heading][vc_column_text]Acordo de servi\u00e7o sob medida para garantir a paz de esp\u00edrito.[\/vc_column_text][\/elx_simple_block][\/vc_column][vc_column width=&#8221;1\/2&#8243;][elx_image_block background_image=&#8221;716&#8243; minimum_height=&#8221;700px&#8221;][\/vc_column][\/vc_row][vc_row][vc_column][vc_empty_space][\/vc_column][\/vc_row][vc_row][vc_column][elx_heading font_container=&#8221;h3&#8243; text_color=&#8221;inherit&#8221;]Junte-se aos nossos programas de manuten\u00e7\u00e3o personalizados[\/elx_heading][elx_o2000_contact_us r=&#8221;Gostaria de saber mais sobre os programas de manuten\u00e7\u00e3o. Por favor, entre em contato comigo.&#8221; s=&#8221;Solicita\u00e7\u00e3o de informa\u00e7\u00f5es sobre programas de manuten\u00e7\u00e3o&#8221; e=&#8221;simao.barroso@electrolux.com&#8221; country=&#8221;Brazil&#8221; l=&#8221;pt&#8221; container=&#8221;elxcontactus1484827930&#8243;][\/vc_column][\/vc_row][vc_row][vc_column][vc_empty_space][\/vc_column][\/vc_row]<\/p>\n","protected":false},"excerpt":{"rendered":"<p>[vc_row full_width=&#8221;electroluxpro-full-width-no-padding&#8221;][vc_column][elx_hero_slider label_text_color=&#8221;inherit&#8221; images=&#8221;717&#8243;][elx_heading font_container=&#8221;h1&#8243; font_size=&#8221;h2&#8243; text_color=&#8221;inherit&#8221;]Suporte t\u00e9cnico[\/elx_heading][vc_column_text] Um servi\u00e7o global \u00fanico Mais de 10.000 t\u00e9cnicos especializados em mais de\u00a0149 pa\u00edses. 55.000 pe\u00e7as em estoque. Disponibilidade de pe\u00e7as sobressalentes durante pelo menos 10 anos a partir do final da produ\u00e7\u00e3o Envio de pe\u00e7as para todo o mundo em 24 a 48 horas[\/vc_column_text][\/elx_hero_slider][\/vc_column][\/vc_row][vc_row][vc_column][vc_empty_space height=&#8221;50px&#8221;][\/vc_column][\/vc_row][vc_row full_width=&#8221;electroluxpro-full-width-no-padding&#8221; css=&#8221;.vc_custom_1465478787353{background-color: [&hellip;]<\/p>\n","protected":false},"author":23,"featured_media":0,"parent":0,"menu_order":0,"comment_status":"closed","ping_status":"closed","template":"","meta":{"footnotes":""},"class_list":["post-1209","page","type-page","status-publish","hentry"],"acf":[],"yoast_head":"<!-- This site is optimized with the Yoast SEO plugin v23.3 - https:\/\/yoast.com\/wordpress\/plugins\/seo\/ -->\n<title>Suporte t\u00e9cnico - Electrolux Professional Brasil<\/title>\n<meta name=\"robots\" content=\"index, follow, max-snippet:-1, max-image-preview:large, max-video-preview:-1\" \/>\n<link rel=\"canonical\" href=\"https:\/\/www.electroluxprofessional.com\/br\/suporte-tecnico\/\" \/>\n<meta property=\"og:locale\" content=\"pt_BR\" \/>\n<meta property=\"og:type\" content=\"article\" \/>\n<meta property=\"og:title\" content=\"Suporte t\u00e9cnico - Electrolux Professional Brasil\" \/>\n<meta property=\"og:description\" content=\"[vc_row full_width=&#8221;electroluxpro-full-width-no-padding&#8221;][vc_column][elx_hero_slider label_text_color=&#8221;inherit&#8221; images=&#8221;717&#8243;][elx_heading font_container=&#8221;h1&#8243; font_size=&#8221;h2&#8243; text_color=&#8221;inherit&#8221;]Suporte t\u00e9cnico[\/elx_heading][vc_column_text] Um servi\u00e7o global \u00fanico Mais de 10.000 t\u00e9cnicos especializados em mais de\u00a0149 pa\u00edses. 55.000 pe\u00e7as em estoque. Disponibilidade de pe\u00e7as sobressalentes durante pelo menos 10 anos a partir do final da produ\u00e7\u00e3o Envio de pe\u00e7as para todo o mundo em 24 a 48 horas[\/vc_column_text][\/elx_hero_slider][\/vc_column][\/vc_row][vc_row][vc_column][vc_empty_space height=&#8221;50px&#8221;][\/vc_column][\/vc_row][vc_row full_width=&#8221;electroluxpro-full-width-no-padding&#8221; css=&#8221;.vc_custom_1465478787353{background-color: [&hellip;]\" \/>\n<meta property=\"og:url\" content=\"https:\/\/www.electroluxprofessional.com\/br\/suporte-tecnico\/\" \/>\n<meta property=\"og:site_name\" content=\"Electrolux Professional Brasil\" \/>\n<meta property=\"article:modified_time\" content=\"2017-11-16T11:06:45+00:00\" \/>\n<meta name=\"twitter:card\" content=\"summary_large_image\" \/>\n<meta name=\"twitter:label1\" content=\"Est. tempo de leitura\" \/>\n\t<meta name=\"twitter:data1\" content=\"3 minutos\" \/>\n<script type=\"application\/ld+json\" class=\"yoast-schema-graph\">{\"@context\":\"https:\/\/schema.org\",\"@graph\":[{\"@type\":\"WebPage\",\"@id\":\"https:\/\/www.electroluxprofessional.com\/br\/suporte-tecnico\/\",\"url\":\"https:\/\/www.electroluxprofessional.com\/br\/suporte-tecnico\/\",\"name\":\"Suporte t\u00e9cnico - Electrolux Professional Brasil\",\"isPartOf\":{\"@id\":\"https:\/\/www.electroluxprofessional.com\/br\/#website\"},\"datePublished\":\"2016-12-15T15:44:20+00:00\",\"dateModified\":\"2017-11-16T11:06:45+00:00\",\"breadcrumb\":{\"@id\":\"https:\/\/www.electroluxprofessional.com\/br\/suporte-tecnico\/#breadcrumb\"},\"inLanguage\":\"pt-BR\",\"potentialAction\":[{\"@type\":\"ReadAction\",\"target\":[\"https:\/\/www.electroluxprofessional.com\/br\/suporte-tecnico\/\"]}]},{\"@type\":\"BreadcrumbList\",\"@id\":\"https:\/\/www.electroluxprofessional.com\/br\/suporte-tecnico\/#breadcrumb\",\"itemListElement\":[{\"@type\":\"ListItem\",\"position\":1,\"name\":\"Home\",\"item\":\"https:\/\/www.electroluxprofessional.com\/br\/\"},{\"@type\":\"ListItem\",\"position\":2,\"name\":\"Suporte t\u00e9cnico\"}]},{\"@type\":\"WebSite\",\"@id\":\"https:\/\/www.electroluxprofessional.com\/br\/#website\",\"url\":\"https:\/\/www.electroluxprofessional.com\/br\/\",\"name\":\"Electrolux Professional Brasil\",\"description\":\"Equipamiento cocinas profesionales y lavander\u00edas comerciales. Excelencia en el suministro de soluciones profesionales.\",\"potentialAction\":[{\"@type\":\"SearchAction\",\"target\":{\"@type\":\"EntryPoint\",\"urlTemplate\":\"https:\/\/www.electroluxprofessional.com\/br\/?src={search_term_string}\"},\"query-input\":\"required name=search_term_string\"}],\"inLanguage\":\"pt-BR\"}]}<\/script>\n<!-- \/ Yoast SEO plugin. -->","yoast_head_json":{"title":"Suporte t\u00e9cnico - Electrolux Professional Brasil","robots":{"index":"index","follow":"follow","max-snippet":"max-snippet:-1","max-image-preview":"max-image-preview:large","max-video-preview":"max-video-preview:-1"},"canonical":"https:\/\/www.electroluxprofessional.com\/br\/suporte-tecnico\/","og_locale":"pt_BR","og_type":"article","og_title":"Suporte t\u00e9cnico - Electrolux Professional Brasil","og_description":"[vc_row full_width=&#8221;electroluxpro-full-width-no-padding&#8221;][vc_column][elx_hero_slider label_text_color=&#8221;inherit&#8221; images=&#8221;717&#8243;][elx_heading font_container=&#8221;h1&#8243; font_size=&#8221;h2&#8243; text_color=&#8221;inherit&#8221;]Suporte t\u00e9cnico[\/elx_heading][vc_column_text] Um servi\u00e7o global \u00fanico Mais de 10.000 t\u00e9cnicos especializados em mais de\u00a0149 pa\u00edses. 55.000 pe\u00e7as em estoque. Disponibilidade de pe\u00e7as sobressalentes durante pelo menos 10 anos a partir do final da produ\u00e7\u00e3o Envio de pe\u00e7as para todo o mundo em 24 a 48 horas[\/vc_column_text][\/elx_hero_slider][\/vc_column][\/vc_row][vc_row][vc_column][vc_empty_space height=&#8221;50px&#8221;][\/vc_column][\/vc_row][vc_row full_width=&#8221;electroluxpro-full-width-no-padding&#8221; css=&#8221;.vc_custom_1465478787353{background-color: [&hellip;]","og_url":"https:\/\/www.electroluxprofessional.com\/br\/suporte-tecnico\/","og_site_name":"Electrolux Professional Brasil","article_modified_time":"2017-11-16T11:06:45+00:00","twitter_card":"summary_large_image","twitter_misc":{"Est. tempo de leitura":"3 minutos"},"schema":{"@context":"https:\/\/schema.org","@graph":[{"@type":"WebPage","@id":"https:\/\/www.electroluxprofessional.com\/br\/suporte-tecnico\/","url":"https:\/\/www.electroluxprofessional.com\/br\/suporte-tecnico\/","name":"Suporte t\u00e9cnico - Electrolux Professional Brasil","isPartOf":{"@id":"https:\/\/www.electroluxprofessional.com\/br\/#website"},"datePublished":"2016-12-15T15:44:20+00:00","dateModified":"2017-11-16T11:06:45+00:00","breadcrumb":{"@id":"https:\/\/www.electroluxprofessional.com\/br\/suporte-tecnico\/#breadcrumb"},"inLanguage":"pt-BR","potentialAction":[{"@type":"ReadAction","target":["https:\/\/www.electroluxprofessional.com\/br\/suporte-tecnico\/"]}]},{"@type":"BreadcrumbList","@id":"https:\/\/www.electroluxprofessional.com\/br\/suporte-tecnico\/#breadcrumb","itemListElement":[{"@type":"ListItem","position":1,"name":"Home","item":"https:\/\/www.electroluxprofessional.com\/br\/"},{"@type":"ListItem","position":2,"name":"Suporte t\u00e9cnico"}]},{"@type":"WebSite","@id":"https:\/\/www.electroluxprofessional.com\/br\/#website","url":"https:\/\/www.electroluxprofessional.com\/br\/","name":"Electrolux Professional Brasil","description":"Equipamiento cocinas profesionales y lavander\u00edas comerciales. Excelencia en el suministro de soluciones profesionales.","potentialAction":[{"@type":"SearchAction","target":{"@type":"EntryPoint","urlTemplate":"https:\/\/www.electroluxprofessional.com\/br\/?src={search_term_string}"},"query-input":"required name=search_term_string"}],"inLanguage":"pt-BR"}]}},"_links":{"self":[{"href":"https:\/\/www.electroluxprofessional.com\/br\/wp-json\/wp\/v2\/pages\/1209"}],"collection":[{"href":"https:\/\/www.electroluxprofessional.com\/br\/wp-json\/wp\/v2\/pages"}],"about":[{"href":"https:\/\/www.electroluxprofessional.com\/br\/wp-json\/wp\/v2\/types\/page"}],"author":[{"embeddable":true,"href":"https:\/\/www.electroluxprofessional.com\/br\/wp-json\/wp\/v2\/users\/23"}],"replies":[{"embeddable":true,"href":"https:\/\/www.electroluxprofessional.com\/br\/wp-json\/wp\/v2\/comments?post=1209"}],"version-history":[{"count":37,"href":"https:\/\/www.electroluxprofessional.com\/br\/wp-json\/wp\/v2\/pages\/1209\/revisions"}],"predecessor-version":[{"id":4802,"href":"https:\/\/www.electroluxprofessional.com\/br\/wp-json\/wp\/v2\/pages\/1209\/revisions\/4802"}],"wp:attachment":[{"href":"https:\/\/www.electroluxprofessional.com\/br\/wp-json\/wp\/v2\/media?parent=1209"}],"curies":[{"name":"wp","href":"https:\/\/api.w.org\/{rel}","templated":true}]}}

Suporte técnico

<p>[vc_row full_width=&#8221;electroluxpro-full-width-no-padding&#8221;][vc_column][elx_hero_slider label_text_color=&#8221;inherit&#8221; images=&#8221;717&#8243;][elx_heading font_container=&#8221;h1&#8243; font_size=&#8221;h2&#8243; text_color=&#8221;inherit&#8221;]<strong>Suporte técnico</strong>[/elx_heading][vc_column_text]</p>
<h3>Um serviço<br />
global único</h3>
<p>Mais de 10.000 técnicos especializados em mais de 149 países.</p>
<p>55.000 peças em estoque.</p>
<p>Disponibilidade de peças sobressalentes durante pelo menos 10 anos a partir do final da produção</p>
<p>Envio de peças para todo o mundo em 24 a 48 horas[/vc_column_text][/elx_hero_slider][/vc_column][/vc_row][vc_row][vc_column][vc_empty_space height=&#8221;50px&#8221;][/vc_column][/vc_row][vc_row full_width=&#8221;electroluxpro-full-width-no-padding&#8221; css=&#8221;.vc_custom_1465478787353{background-color: #041e41 !important;}&#8221;][vc_column width=&#8221;1/2&#8243;][elx_video_block background_image=&#8221;715&#8243; video_link=&#8221;https://www.youtube.com/watch?v=KW7kC6-KG44&#8243; minimum_height=&#8221;500px&#8221;][/vc_column][vc_column width=&#8221;1/2&#8243;][vc_empty_space height=&#8221;50px&#8221;][elx_simple_block background_color=&#8221;inherit&#8221;][elx_heading font_container=&#8221;h3&#8243; text_color=&#8221;white&#8221;]Sempre perto.<br />
Sempre ao seu lado.[/elx_heading][elx_button button_text=&#8221;Encontre seu ponto de serviço e venda&#8221; css=&#8221;.vc_custom_1510830084136{margin-top: 20px !important;}&#8221; button_link=&#8221;url:https%3A%2F%2Fwww.electroluxprofessional.com%2Fbr%2Fpontos-de-venda-e-servico%2F|title:Find%20a%20dealer||&#8221;][/elx_simple_block][/vc_column][/vc_row][vc_row full_width=&#8221;electroluxpro-full-width-no-padding&#8221; equal_height=&#8221;yes&#8221; css=&#8221;.vc_custom_1469780461824{background-color: #f8f6f9 !important;}&#8221;][vc_column width=&#8221;1/2&#8243;][elx_simple_block background_color=&#8221;inherit&#8221;][elx_heading text_color=&#8221;inherit&#8221;]Mantenha seu equipamento funcionando[/elx_heading][vc_column_text]Uma manutenção constante e profissional é a chave para evitar problemas inesperados.</p>
<p>Não se trata apenas de estar disponível quando você precisa, é sobre <strong>estar lá mesmo antes que algo aconteça</strong> e, o mais importante, no momento mais conveniente para o cliente![/vc_column_text][elx_heading font_container=&#8221;h3&#8243; text_color=&#8221;inherit&#8221;]Manutenção corretiva[/elx_heading][vc_column_text]Nossa Rede de Serviços Autorizados ajusta qualquer falha no equipamento e retorna às suas condições normais de operação.[/vc_column_text][elx_heading font_container=&#8221;h3&#8243; text_color=&#8221;inherit&#8221;]Manutenção preventiva[/elx_heading][vc_column_text]Inspeção agendada e ajustes necessários para evitar falhas.[/vc_column_text][elx_heading font_container=&#8221;h3&#8243; text_color=&#8221;inherit&#8221;]Programa de manutenção completo[/elx_heading][vc_column_text]Acordo de serviço sob medida para garantir a paz de espírito.[/vc_column_text][/elx_simple_block][/vc_column][vc_column width=&#8221;1/2&#8243;][elx_image_block background_image=&#8221;716&#8243; minimum_height=&#8221;700px&#8221;][/vc_column][/vc_row][vc_row][vc_column][vc_empty_space][/vc_column][/vc_row][vc_row][vc_column][elx_heading font_container=&#8221;h3&#8243; text_color=&#8221;inherit&#8221;]Junte-se aos nossos programas de manutenção personalizados[/elx_heading][elx_o2000_contact_us r=&#8221;Gostaria de saber mais sobre os programas de manutenção. Por favor, entre em contato comigo.&#8221; s=&#8221;Solicitação de informações sobre programas de manutenção&#8221; e=&#8221;simao.barroso@electrolux.com&#8221; country=&#8221;Brazil&#8221; l=&#8221;pt&#8221; container=&#8221;elxcontactus1484827930&#8243;][/vc_column][/vc_row][vc_row][vc_column][vc_empty_space][/vc_column][/vc_row]</p>

<p>[vc_row full_width=&#8221;electroluxpro-full-width-no-padding&#8221;][vc_column][elx_hero_slider label_text_color=&#8221;inherit&#8221; images=&#8221;717&#8243;][elx_heading font_container=&#8221;h1&#8243; font_size=&#8221;h2&#8243; text_color=&#8221;inherit&#8221;]Suporte técnico[/elx_heading][vc_column_text] Um serviço global único Mais de 10.000 técnicos especializados em mais de 149 países. 55.000 peças em estoque. Disponibilidade de peças sobressalentes durante pelo menos 10 anos a partir do final da produção Envio de peças para todo o mundo em 24 a 48 horas[/vc_column_text][/elx_hero_slider][/vc_column][/vc_row][vc_row][vc_column][vc_empty_space height=&#8221;50px&#8221;][/vc_column][/vc_row][vc_row full_width=&#8221;electroluxpro-full-width-no-padding&#8221; css=&#8221;.vc_custom_1465478787353{background-color: [&hellip;]</p>

<!-- This site is optimized with the Yoast SEO plugin v23.3 - https://yoast.com/wordpress/plugins/seo/ -->
<title>Suporte técnico - Electrolux Professional Brasil</title>
<meta name="robots" content="index, follow, max-snippet:-1, max-image-preview:large, max-video-preview:-1" />
<link rel="canonical" href="https://www.electroluxprofessional.com/br/suporte-tecnico/" />
<meta property="og:locale" content="pt_BR" />
<meta property="og:type" content="article" />
<meta property="og:title" content="Suporte técnico - Electrolux Professional Brasil" />
<meta property="og:description" content="[vc_row full_width=&#8221;electroluxpro-full-width-no-padding&#8221;][vc_column][elx_hero_slider label_text_color=&#8221;inherit&#8221; images=&#8221;717&#8243;][elx_heading font_container=&#8221;h1&#8243; font_size=&#8221;h2&#8243; text_color=&#8221;inherit&#8221;]Suporte técnico[/elx_heading][vc_column_text] Um serviço global único Mais de 10.000 técnicos especializados em mais de 149 países. 55.000 peças em estoque. Disponibilidade de peças sobressalentes durante pelo menos 10 anos a partir do final da produção Envio de peças para todo o mundo em 24 a 48 horas[/vc_column_text][/elx_hero_slider][/vc_column][/vc_row][vc_row][vc_column][vc_empty_space height=&#8221;50px&#8221;][/vc_column][/vc_row][vc_row full_width=&#8221;electroluxpro-full-width-no-padding&#8221; css=&#8221;.vc_custom_1465478787353{background-color: [&hellip;]" />
<meta property="og:url" content="https://www.electroluxprofessional.com/br/suporte-tecnico/" />
<meta property="og:site_name" content="Electrolux Professional Brasil" />
<meta property="article:modified_time" content="2017-11-16T11:06:45+00:00" />
<meta name="twitter:card" content="summary_large_image" />
<meta name="twitter:label1" content="Est. tempo de leitura" />
	<meta name="twitter:data1" content="3 minutos" />
<script type="application/ld+json" class="yoast-schema-graph">{"@context":"https://schema.org","@graph":[{"@type":"WebPage","@id":"https://www.electroluxprofessional.com/br/suporte-tecnico/","url":"https://www.electroluxprofessional.com/br/suporte-tecnico/","name":"Suporte técnico - Electrolux Professional Brasil","isPartOf":{"@id":"https://www.electroluxprofessional.com/br/#website"},"datePublished":"2016-12-15T15:44:20+00:00","dateModified":"2017-11-16T11:06:45+00:00","breadcrumb":{"@id":"https://www.electroluxprofessional.com/br/suporte-tecnico/#breadcrumb"},"inLanguage":"pt-BR","potentialAction":[{"@type":"ReadAction","target":["https://www.electroluxprofessional.com/br/suporte-tecnico/"]}]},{"@type":"BreadcrumbList","@id":"https://www.electroluxprofessional.com/br/suporte-tecnico/#breadcrumb","itemListElement":[{"@type":"ListItem","position":1,"name":"Home","item":"https://www.electroluxprofessional.com/br/"},{"@type":"ListItem","position":2,"name":"Suporte técnico"}]},{"@type":"WebSite","@id":"https://www.electroluxprofessional.com/br/#website","url":"https://www.electroluxprofessional.com/br/","name":"Electrolux Professional Brasil","description":"Equipamiento cocinas profesionales y lavanderías comerciales. Excelencia en el suministro de soluciones profesionales.","potentialAction":[{"@type":"SearchAction","target":{"@type":"EntryPoint","urlTemplate":"https://www.electroluxprofessional.com/br/?src={search_term_string}"},"query-input":"required name=search_term_string"}],"inLanguage":"pt-BR"}]}</script>
<!-- / Yoast SEO plugin. -->

Suporte técnico - Electrolux Professional Brasil

[vc_row full_width=&#8221;electroluxpro-full-width-no-padding&#8221;][vc_column][elx_hero_slider label_text_color=&#8221;inherit&#8221; images=&#8221;717&#8243;][elx_heading font_container=&#8221;h1&#8243; font_size=&#8221;h2&#8243; text_color=&#8221;inherit&#8221;]Suporte técnico[/elx_heading][vc_column_text] Um serviço global único Mais de 10.000 técnicos especializados em mais de 149 países. 55.000 peças em estoque. Disponibilidade de peças sobressalentes durante pelo menos 10 anos a partir do final da produção Envio de peças para todo o mundo em 24 a 48 horas[/vc_column_text][/elx_hero_slider][/vc_column][/vc_row][vc_row][vc_column][vc_empty_space height=&#8221;50px&#8221;][/vc_column][/vc_row][vc_row full_width=&#8221;electroluxpro-full-width-no-padding&#8221; css=&#8221;.vc_custom_1465478787353{background-color: [&hellip;]

Equipamiento cocinas profesionales y lavanderías comerciales. Excelencia en el suministro de soluciones profesionales.
