{"version":"1.0","provider_name":"Electrolux Professional Brasil","provider_url":"https:\/\/www.electroluxprofessional.com\/br","author_name":"Pedro Baltazar","author_url":"https:\/\/www.electroluxprofessional.com\/br\/author\/pedro-baltazar\/","title":"Entre em contato - Electrolux Professional Brasil","type":"rich","width":600,"height":338,"html":"<blockquote class=\"wp-embedded-content\" data-secret=\"L52zmeuZHA\"><a href=\"https:\/\/www.electroluxprofessional.com\/br\/contato\/\">Entre em contato<\/a><\/blockquote><iframe sandbox=\"allow-scripts\" security=\"restricted\" src=\"https:\/\/www.electroluxprofessional.com\/br\/contato\/embed\/#?secret=L52zmeuZHA\" width=\"600\" height=\"338\" title=\"&#8220;Entre em contato&#8221; &#8212; Electrolux Professional Brasil\" data-secret=\"L52zmeuZHA\" frameborder=\"0\" marginwidth=\"0\" marginheight=\"0\" scrolling=\"no\" class=\"wp-embedded-content\"><\/iframe><script type=\"text\/javascript\">\n\/* <![CDATA[ *\/\n\/*! This file is auto-generated *\/\n!function(d,l){\"use strict\";l.querySelector&&d.addEventListener&&\"undefined\"!=typeof URL&&(d.wp=d.wp||{},d.wp.receiveEmbedMessage||(d.wp.receiveEmbedMessage=function(e){var t=e.data;if((t||t.secret||t.message||t.value)&&!\/[^a-zA-Z0-9]\/.test(t.secret)){for(var s,r,n,a=l.querySelectorAll('iframe[data-secret=\"'+t.secret+'\"]'),o=l.querySelectorAll('blockquote[data-secret=\"'+t.secret+'\"]'),c=new RegExp(\"^https?:$\",\"i\"),i=0;i<o.length;i++)o[i].style.display=\"none\";for(i=0;i<a.length;i++)s=a[i],e.source===s.contentWindow&&(s.removeAttribute(\"style\"),\"height\"===t.message?(1e3<(r=parseInt(t.value,10))?r=1e3:~~r<200&&(r=200),s.height=r):\"link\"===t.message&&(r=new URL(s.getAttribute(\"src\")),n=new URL(t.value),c.test(n.protocol))&&n.host===r.host&&l.activeElement===s&&(d.top.location.href=t.value))}},d.addEventListener(\"message\",d.wp.receiveEmbedMessage,!1),l.addEventListener(\"DOMContentLoaded\",function(){for(var e,t,s=l.querySelectorAll(\"iframe.wp-embedded-content\"),r=0;r<s.length;r++)(t=(e=s[r]).getAttribute(\"data-secret\"))||(t=Math.random().toString(36).substring(2,12),e.src+=\"#?secret=\"+t,e.setAttribute(\"data-secret\",t)),e.contentWindow.postMessage({message:\"ready\",secret:t},\"*\")},!1)))}(window,document);\n\/* ]]> *\/\n<\/script>\n","description":"[vc_row full_width=&#8221;electroluxpro-full-width-no-padding&#8221;][vc_column][elx_hero_slider label_text_color=&#8221;inherit&#8221; images=&#8221;473&#8243;][vc_column_text] Entre em contato [\/vc_column_text][\/elx_hero_slider][\/vc_column][\/vc_row][vc_row][vc_column width=&#8221;1\/2&#8243;][vc_empty_space height=&#8221;36px&#8221;][vc_column_text] Electrolux\u00a0do Brasil S.A. Rua Verbo Divino, 1488\u00a0&#8211;\u00a0 04719-904\u00a0S\u00e3o Paulo (SP) &#8211; Brasil[\/vc_column_text][vc_empty_space height=&#8221;36px&#8221;][vc_empty_space][\/vc_column][vc_column width=&#8221;1\/2&#8243;][vc_empty_space height=&#8221;36px&#8221;][vc_column_text] Envie-nos sua pergunta ou coment\u00e1rio Teremos o maior prazer em ajud\u00e1-lo. Deixe-nos suas informa\u00e7\u00f5es de contato com sua consulta e entraremos em contato com voc\u00ea em breve.[\/vc_column_text][elx_o2000_contact_us r=&#8221;Me gustar\u00eda tener [&hellip;]"}

[vc_row full_width=&#8221;electroluxpro-full-width-no-padding&#8221;][vc_column][elx_hero_slider label_text_color=&#8221;inherit&#8221; images=&#8221;473&#8243;][vc_column_text] Entre em contato [/vc_column_text][/elx_hero_slider][/vc_column][/vc_row][vc_row][vc_column width=&#8221;1/2&#8243;][vc_empty_space height=&#8221;36px&#8221;][vc_column_text] Electrolux do Brasil S.A. Rua Verbo Divino, 1488 &#8211;  04719-904 São Paulo (SP) &#8211; Brasil[/vc_column_text][vc_empty_space height=&#8221;36px&#8221;][vc_empty_space][/vc_column][vc_column width=&#8221;1/2&#8243;][vc_empty_space height=&#8221;36px&#8221;][vc_column_text] Envie-nos sua pergunta ou comentário Teremos o maior prazer em ajudá-lo. Deixe-nos suas informações de contato com sua consulta e entraremos em contato com você em breve.[/vc_column_text][elx_o2000_contact_us r=&#8221;Me gustaría tener [&hellip;]
